-- Table structure for table `ReminderUsers`
--

CREATE TABLE `ReminderUsers` (
  `ReminderId` char(36) CHARACTER SET ascii COLLATE ascii_general_ci NOT NULL,
  `UserId` char(36) CHARACTER SET ascii COLLATE ascii_general_ci NOT NULL,
  PRIMARY KEY (`ReminderId`,`UserId`),
  KEY `IX_ReminderUsers_UserId` (`UserId`),
  CONSTRAINT `FK_ReminderUsers_Reminders_ReminderId` FOREIGN KEY (`ReminderId`) REFERENCES `Reminders` (`Id`) ON DELETE CASCADE,
  CONSTRAINT `FK_ReminderUsers_Users_UserId` FOREIGN KEY (`UserId`) REFERENCES `Users` (`Id`)
) ENGINE=InnoDB DEFAULT CHARSET=utf8mb4 COLLATE=utf8mb4_0900_ai_ci;

--
-- Dumping data for table `ReminderUsers`
--

INSERT INTO `ReminderUsers` VALUES ('08dc11c6-0883-4d65-8f75-4fa956766566','1ab3bfb8-ee56-4922-b546-c8b3eef992b5'),('08dc1362-154a-4bd9-8356-5e0a6610a3b1','43d99b46-f6ab-4483-91d8-fc327e7c7d26'),('08ddcf62-73aa-41d4-8934-5902c230e8b4','4b352b37-332a-40c6-ab05-e38fcf109719'),('08dc1dc0-4bdb-4f92-8acd-2345a8b11fe9','a18ce3c8-1f3a-4428-9882-7c3a0c070b60'),('08dc1e5d-7e6d-404e-8d95-3ec449bb6045','a18ce3c8-1f3a-4428-9882-7c3a0c070b60'),('08dc1e5d-e48f-43a3-8f77-a386608efcdb','a18ce3c8-1f3a-4428-9882-7c3a0c070b60'),('08dc1e60-e13c-4777-83a7-0fefdbb86efd','a18ce3c8-1f3a-4428-9882-7c3a0c070b60'),('08dc1e61-b81e-4929-8a02-7d409cb4a491','a18ce3c8-1f3a-4428-9882-7c3a0c070b60'),('08dc1e64-246f-403d-8d38-13a5bbc40900','a18ce3c8-1f3a-4428-9882-7c3a0c070b60'),('08dc1062-f33b-4bc8-8ab3-0f27f563c1f0','f5a4a3a7-ada1-4a53-b98b-8a3715a85e8f'),('08dce24d-cff8-4c93-8f56-186028a0f770','f5a4a3a7-ada1-4a53-b98b-8a3715a85e8f'),('08dce24d-f260-4bfd-859c-1cc866f2930f','f5a4a3a7-ada1-4a53-b98b-8a3715a85e8f');

--
-- Table structure for table `Reminders`
--

CREATE TABLE `Reminders` (
  `Id` char(36) CHARACTER SET ascii COLLATE ascii_general_ci NOT NULL,
  `Subject` longtext CHARACTER SET utf8mb4 COLLATE utf8mb4_0900_ai_ci,
  `Message` longtext CHARACTER SET utf8mb4 COLLATE utf8mb4_0900_ai_ci,
  `Frequency` int DEFAULT NULL,
  `StartDate` datetime(6) NOT NULL,
  `EndDate` datetime(6) DEFAULT NULL,
  `DayOfWeek` int DEFAULT NULL,
  `IsRepeated` tinyint(1) NOT NULL,
  `IsEmailNotification` tinyint(1) NOT NULL,
  `DocumentId` char(36) CHARACTER SET ascii COLLATE ascii_general_ci DEFAULT NULL,
  `CreatedDate` datetime NOT NULL,
  `CreatedBy` char(36) CHARACTER SET ascii COLLATE ascii_general_ci NOT NULL,
  `ModifiedDate` datetime NOT NULL,
  `ModifiedBy` char(36) CHARACTER SET ascii COLLATE ascii_general_ci NOT NULL,
  `DeletedDate` datetime DEFAULT NULL,
  `DeletedBy` char(36) CHARACTER SET ascii COLLATE ascii_general_ci DEFAULT NULL,
  `IsDeleted` tinyint(1) NOT NULL,
  PRIMARY KEY (`Id`),
  KEY `IX_Reminders_DocumentId` (`DocumentId`),
  CONSTRAINT `FK_Reminders_Documents_DocumentId` FOREIGN KEY (`DocumentId`) REFERENCES `Documents` (`Id`) ON DELETE RESTRICT
) ENGINE=InnoDB DEFAULT CHARSET=utf8mb4 COLLATE=utf8mb4_0900_ai_ci;

--
-- Dumping data for table `Reminders`
--

INSERT INTO `Reminders` VALUES ('08dc1062-f33b-4bc8-8ab3-0f27f563c1f0','Avizare cabinete','de stabilit responsabil proces',0,'2024-01-11 15:59:17.000000',NULL,NULL,1,0,'08dc1042-e583-488b-8db0-64f50efc6baf','2024-01-08 16:00:35','f5a4a3a7-ada1-4a53-b98b-8a3715a85e8f','0001-01-01 00:00:00','00000000-0000-0000-0000-000000000000',NULL,NULL,0),('08dc10de-7f21-4a16-8931-6640b3fa501f','URGENTA','TERMEN 5 ZILE 15.01.2024',6,'2024-01-11 06:00:39.000000',NULL,2,0,0,'08dc1067-6944-42f5-8645-64a29d0da8d2','2024-01-09 06:44:58','5ac06dde-0112-44d1-b32c-09532cdfe9dc','0001-01-01 00:00:00','00000000-0000-0000-0000-000000000000',NULL,NULL,0),('08dc10df-afd9-48bf-844c-aabfe723e891','URGENTA','URGENTA 5 ZILE TERMEN 15.01.2024',6,'2024-01-11 06:00:01.000000',NULL,2,0,0,'08dc1069-214d-494c-8879-401b20890c63','2024-01-09 06:53:29','5ac06dde-0112-44d1-b32c-09532cdfe9dc','0001-01-01 00:00:00','00000000-0000-0000-0000-000000000000',NULL,NULL,0),('08dc11c2-dbae-424d-8db7-a2e9ff7a0f24','urgenta si catastrofa Filiala Cluj local 2024 furnizor reacreditare _196','de trimis la semnat',6,'2024-01-10 09:57:52.431000',NULL,2,0,0,'08dc10e7-878e-4bab-8c31-e1cddf23f2f1','2024-01-10 09:59:39','1ab3bfb8-ee56-4922-b546-c8b3eef992b5','0001-01-01 00:00:00','00000000-0000-0000-0000-000000000000',NULL,NULL,0),('08dc11c6-0883-4d65-8f75-4fa956766566','urgenta si catastrofa filiala cluj smucr 2024','trimis la semnat din 10.01.2024',6,'2024-01-10 10:19:32.204000',NULL,2,0,0,'08dc10e7-878e-4bab-8c31-e1cddf23f2f1','2024-01-10 10:22:22','1ab3bfb8-ee56-4922-b546-c8b3eef992b5','0001-01-01 00:00:00','00000000-0000-0000-0000-000000000000',NULL,NULL,0),('08dc1362-154a-4bd9-8356-5e0a6610a3b1','Eliberare adeverință dr.Silian Mihaela','Eliberare adeverință dr.Silian Mihaela',6,'2024-01-22 07:30:07.000000',NULL,2,0,0,NULL,'2024-01-12 11:31:56','43d99b46-f6ab-4483-91d8-fc327e7c7d26','0001-01-01 00:00:00','00000000-0000-0000-0000-000000000000',NULL,NULL,0),('08dc1dc0-4bdb-4f92-8acd-2345a8b11fe9','Draft DPO -GDPR/PF','RC to review',6,'2024-01-26 10:00:19.000000',NULL,2,0,0,'08dc10df-92d6-4b9b-867e-5ab8e9dad4a7','2024-01-25 16:11:32','a18ce3c8-1f3a-4428-9882-7c3a0c070b60','0001-01-01 00:00:00','00000000-0000-0000-0000-000000000000',NULL,NULL,0),('08dc1e5d-7e6d-404e-8d95-3ec449bb6045','@Ivona/relații pubice - spam','Consultare ref. răspuns standard/lipsă de răspuns. ',6,'2024-01-29 08:00:37.000000',NULL,2,0,0,'08dc1289-d082-4321-803f-c1dbbfca6bae','2024-01-26 10:56:48','a18ce3c8-1f3a-4428-9882-7c3a0c070b60','0001-01-01 00:00:00','00000000-0000-0000-0000-000000000000',NULL,NULL,0),('08dc1e5d-e48f-43a3-8f77-a386608efcdb','GDPR/DPO','Răspuns politicos ref. disponibilitate limitată/ian., deschidere pentru evenimente viitoare.',6,'2024-01-28 08:00:26.000000',NULL,2,0,0,'08dc1293-809f-4b0b-8e14-716f6685efe5','2024-01-26 10:59:40','a18ce3c8-1f3a-4428-9882-7c3a0c070b60','0001-01-01 00:00:00','00000000-0000-0000-0000-000000000000',NULL,NULL,0),('08dc1e60-e13c-4777-83a7-0fefdbb86efd','@Ivona - ','consultare - raspuns standard',6,'2024-01-26 11:20:44.171000',NULL,2,0,0,'08dc134d-8776-420f-882f-283c9bca2ce5','2024-01-26 11:21:02','a18ce3c8-1f3a-4428-9882-7c3a0c070b60','0001-01-01 00:00:00','00000000-0000-0000-0000-000000000000',NULL,NULL,0),('08dc1e61-b81e-4929-8a02-7d409cb4a491','@Președinte','BEX?',6,'2024-01-26 13:26:37.000000',NULL,2,0,0,'08dc1594-b6fb-4f59-8bc4-b5461cc35c4d','2024-01-26 11:27:03','a18ce3c8-1f3a-4428-9882-7c3a0c070b60','0001-01-01 00:00:00','00000000-0000-0000-0000-000000000000',NULL,NULL,0),('08dc1e64-246f-403d-8d38-13a5bbc40900','@președinte','Update - participare/raspuns?',6,'2024-01-29 10:43:40.000000',NULL,2,0,0,'08dc167f-fdbc-4cb3-8b55-94ea4d7183b8','2024-01-26 11:44:24','a18ce3c8-1f3a-4428-9882-7c3a0c070b60','0001-01-01 00:00:00','00000000-0000-0000-0000-000000000000',NULL,NULL,0),('08dce24d-cff8-4c93-8f56-186028a0f770','Circulatie documente arhivate depozit - sediu SJ/CEC','De returnat in depozitul arhivistic',1,'2024-10-31 07:16:21.000000',NULL,2,1,0,'08dcdd53-c008-4f74-823e-9e358eef15ff','2024-10-01 19:18:21','f5a4a3a7-ada1-4a53-b98b-8a3715a85e8f','0001-01-01 00:00:00','00000000-0000-0000-0000-000000000000',NULL,NULL,0),('08dce24d-f260-4bfd-859c-1cc866f2930f','Circulatie documente arhivate depozit - sediu SJ/CEC','De returnat in depozitul arhivistic',1,'2024-10-31 07:18:42.000000',NULL,2,1,1,'08dcdd53-c008-4f74-823e-9e358eef15ff','2024-10-01 19:19:19','f5a4a3a7-ada1-4a53-b98b-8a3715a85e8f','0001-01-01 00:00:00','00000000-0000-0000-0000-000000000000',NULL,NULL,0),('08ddcf62-73aa-41d4-8934-5902c230e8b4','New Reminder','New Reminder',6,'2025-08-29 12:12:54.000000',NULL,2,0,0,NULL,'2025-07-30 12:13:11','4b352b37-332a-40c6-ab05-e38fcf109719','0001-01-01 00:00:00','00000000-0000-0000-0000-000000000000',NULL,NULL,0);

--
-- Table structure for table `RoleClaims`
--

CREATE TABLE `RoleClaims` (
  `Id` int NOT NULL AUTO_INCREMENT,
  `OperationId` char(36) CHARACTER SET ascii COLLATE ascii_general_ci NOT NULL,
  `ScreenId` char(36) CHARACTER SET ascii COLLATE ascii_general_ci NOT NULL,
  `RoleId` char(36) CHARACTER SET ascii COLLATE ascii_general_ci NOT NULL,
  `ClaimType` longtext CHARACTER SET utf8mb4 COLLATE utf8mb4_0900_ai_ci,
  `ClaimValue` longtext CHARACTER SET utf8mb4 COLLATE utf8mb4_0900_ai_ci,
  PRIMARY KEY (`Id`),
  KEY `IX_RoleClaims_OperationId` (`OperationId`),
  KEY `IX_RoleClaims_RoleId` (`RoleId`),
  KEY `IX_RoleClaims_ScreenId` (`ScreenId`),
  CONSTRAINT `FK_RoleClaims_Operations_OperationId` FOREIGN KEY (`OperationId`) REFERENCES `Operations` (`Id`) ON DELETE CASCADE,
  CONSTRAINT `FK_RoleClaims_Roles_RoleId` FOREIGN KEY (`RoleId`) REFERENCES `Roles` (`Id`) ON DELETE CASCADE,
  CONSTRAINT `FK_RoleClaims_Screens_ScreenId` FOREIGN KEY (`ScreenId`) REFERENCES `Screens` (`Id`) ON DELETE CASCADE
) ENGINE=InnoDB AUTO_INCREMENT=1386 DEFAULT CHARSET=utf8mb4 COLLATE=utf8mb4_0900_ai_ci;

--
-- Dumping data for table `RoleClaims`
--

INSERT INTO `RoleClaims` VALUES (1,'752ae5b8-e34f-4b32-81f2-2cf709881663','2e3c07a4-fcac-4303-ae47-0d0f796403c9','fedeac7a-a665-40a4-af02-f47ec4b7aff5','Email_Edit_SMTP_Setting',''),(2,'cd46a3a4-ede5-4941-a49b-3df7eaa46428','5a5f7cf8-21a6-434a-9330-db91b17d867c','fedeac7a-a665-40a4-af02-f47ec4b7aff5','Document_Category_Edit_Category',''),(3,'18a5a8f6-7cb6-4178-857d-b6a981ea3d4f','090ea443-01c7-4638-a194-ad3416a5ea7a','fedeac7a-a665-40a4-af02-f47ec4b7aff5','Role_Delete_Role',''),(4,'db8825b1-ee4e-49f6-9a08-b0210ed53fd4','090ea443-01c7-4638-a194-ad3416a5ea7a','fedeac7a-a665-40a4-af02-f47ec4b7aff5','Role_Create_Role',''),(5,'c288b5d3-419d-4dc0-9e5a-083194016d2c','090ea443-01c7-4638-a194-ad3416a5ea7a','fedeac7a-a665-40a4-af02-f47ec4b7aff5','Role_Edit_Role',''),(6,'374d74aa-a580-4928-848d-f7553db39914','324bdc51-d71f-4f80-9f28-a30e8aae4009','fedeac7a-a665-40a4-af02-f47ec4b7aff5','User_Delete_User',''),(7,'0a2e19fc-d9f2-446c-8ca3-e6b8b73b5f9b','324bdc51-d71f-4f80-9f28-a30e8aae4009','fedeac7a-a665-40a4-af02-f47ec4b7aff5','User_Edit_User',''),(8,'86ce1382-a2b1-48ed-ae81-c9908d00cf3b','324bdc51-d71f-4f80-9f28-a30e8aae4009','fedeac7a-a665-40a4-af02-f47ec4b7aff5','User_Create_User',''),(9,'fbe77c07-3058-4dbe-9d56-8c75dc879460','324bdc51-d71f-4f80-9f28-a30e8aae4009','fedeac7a-a665-40a4-af02-f47ec4b7aff5','User_Assign_User_Role',''),(10,'d4d724fc-fd38-49c4-85bc-73937b219e20','324bdc51-d71f-4f80-9f28-a30e8aae4009','fedeac7a-a665-40a4-af02-f47ec4b7aff5','User_Reset_Password',''),(11,'e506ec48-b99a-45b4-9ec9-6451bc67477b','324bdc51-d71f-4f80-9f28-a30e8aae4009','fedeac7a-a665-40a4-af02-f47ec4b7aff5','User_Assign_Permission',''),(12,'1c7d3e31-08ad-43cf-9cf7-4ffafdda9029','2396f81c-f8b5-49ac-88d1-94ed57333f49','fedeac7a-a665-40a4-af02-f47ec4b7aff5','Document_Audit_Trail_View_Document_Audit_Trail',''),(13,'ff4b3b73-c29f-462a-afa4-94a40e6b2c4a','f042bbee-d15f-40fb-b79a-8368f2c2e287','fedeac7a-a665-40a4-af02-f47ec4b7aff5','Login_Audit_View_Login_Audit_Logs',''),(14,'67ae2b97-b24e-41d5-bf39-56b2834548d0','5a5f7cf8-21a6-434a-9330-db91b17d867c','fedeac7a-a665-40a4-af02-f47ec4b7aff5','Document_Category_Create_Category',''),(15,'5ea48d56-2ed3-4239-bb90-dd4d70a1b0b2','97ff6eb0-39b3-4ddd-acf1-43205d5a9bb3','fedeac7a-a665-40a4-af02-f47ec4b7aff5','Reminder_Delete_Reminder',''),(16,'6bc0458e-22f5-4975-b387-4d6a4fb35201','97ff6eb0-39b3-4ddd-acf1-43205d5a9bb3','fedeac7a-a665-40a4-af02-f47ec4b7aff5','Reminder_Create_Reminder',''),(17,'7ba630ca-a9d3-42ee-99c8-766e2231fec1','42e44f15-8e33-423a-ad7f-17edc23d6dd3','fedeac7a-a665-40a4-af02-f47ec4b7aff5','Dashboard_View_Dashboard',''),(18,'2ea6ba08-eb36-4e34-92d9-f1984c908b31','eddf9e8e-0c70-4cde-b5f9-117a879747d6','fedeac7a-a665-40a4-af02-f47ec4b7aff5','All_Documents_Share_Document',''),(19,'a8dd972d-e758-4571-8d39-c6fec74b361b','eddf9e8e-0c70-4cde-b5f9-117a879747d6','fedeac7a-a665-40a4-af02-f47ec4b7aff5','All_Documents_Edit_Document',''),(20,'6719a065-8a4a-4350-8582-bfc41ce283fb','eddf9e8e-0c70-4cde-b5f9-117a879747d6','fedeac7a-a665-40a4-af02-f47ec4b7aff5','All_Documents_Download_Document',''),(21,'239035d5-cd44-475f-bbc5-9ef51768d389','eddf9e8e-0c70-4cde-b5f9-117a879747d6','fedeac7a-a665-40a4-af02-f47ec4b7aff5','All_Documents_Create_Document',''),(22,'3da78b4d-d263-4b13-8e81-7aa164a3688c','eddf9e8e-0c70-4cde-b5f9-117a879747d6','fedeac7a-a665-40a4-af02-f47ec4b7aff5','All_Documents_Add_Reminder',''),(23,'595a769d-f7ef-45f3-9f9e-60c58c5e1542','eddf9e8e-0c70-4cde-b5f9-117a879747d6','fedeac7a-a665-40a4-af02-f47ec4b7aff5','All_Documents_Send_Email',''),(24,'229ad778-c7d3-4f5f-ab52-24b537c39514','eddf9e8e-0c70-4cde-b5f9-117a879747d6','fedeac7a-a665-40a4-af02-f47ec4b7aff5','All_Documents_Archive_Document',''),(25,'4f19045b-e9a8-403b-b730-8453ee72830e','2e3c07a4-fcac-4303-ae47-0d0f796403c9','fedeac7a-a665-40a4-af02-f47ec4b7aff5','Email_Delete_SMTP_Setting',''),(26,'ab0544d7-2276-4f3b-b450-7f0fa11c3dd9','2e3c07a4-fcac-4303-ae47-0d0f796403c9','fedeac7a-a665-40a4-af02-f47ec4b7aff5','Email_Create_SMTP_Setting',''),(27,'3ccaf408-8864-4815-a3e0-50632d90bcb6','97ff6eb0-39b3-4ddd-acf1-43205d5a9bb3','fedeac7a-a665-40a4-af02-f47ec4b7aff5','Reminder_Edit_Reminder',''),(28,'9c0e2186-06a4-4207-acbc-f6d8efa430b3','5a5f7cf8-21a6-434a-9330-db91b17d867c','fedeac7a-a665-40a4-af02-f47ec4b7aff5','Document_Category_Delete_Category',''),(29,'ab45ef6a-a8e6-47ef-a182-6b88e2a6f9aa','5a5f7cf8-21a6-434a-9330-db91b17d867c','fedeac7a-a665-40a4-af02-f47ec4b7aff5','Document_Category_View_Categories',''),(30,'57216dcd-1a1c-4f94-a33d-83a5af2d7a46','090ea443-01c7-4638-a194-ad3416a5ea7a','fedeac7a-a665-40a4-af02-f47ec4b7aff5','Role_View_Roles',''),(31,'31cb6438-7d4a-4385-8a34-b4e8f6096a48','324bdc51-d71f-4f80-9f28-a30e8aae4009','fedeac7a-a665-40a4-af02-f47ec4b7aff5','User_View_Users',''),(32,'6f2717fc-edef-4537-916d-2d527251a5c1','97ff6eb0-39b3-4ddd-acf1-43205d5a9bb3','fedeac7a-a665-40a4-af02-f47ec4b7aff5','Reminder_View_Reminders',''),(33,'63ed1277-1db5-4cf7-8404-3e3426cb4bc5','eddf9e8e-0c70-4cde-b5f9-117a879747d6','fedeac7a-a665-40a4-af02-f47ec4b7aff5','All_Documents_View_Documents',''),(34,'41f65d07-9023-4cfb-9c7c-0e3247a012e0','2e3c07a4-fcac-4303-ae47-0d0f796403c9','fedeac7a-a665-40a4-af02-f47ec4b7aff5','Email_View_SMTP_Settings',''),(35,'647368b9-e959-42e3-88b4-e82c4af46728','b68f2544-1cf8-4d8b-a9c7-eee64ecc3408','fedeac7a-a665-40a4-af02-f47ec4b7aff5','Page_Helper_Manage_Page_Helper',''),(36,'01484c7b-122b-4b0d-a3b8-300ac4186021','d8ebdcab-522c-4a97-91f1-540e21b93533','fedeac7a-a665-40a4-af02-f47ec4b7aff5','Sender_Manage_Sender',''),(37,'239035d5-cd44-475f-bbc5-9ef51768d389','fc97dc8f-b4da-46b1-a179-ab206d8b7efd','fedeac7a-a665-40a4-af02-f47ec4b7aff5','Assigned_Documents_Create_Document',''),(38,'239035d5-cd44-475f-bbc5-9ef51768d389','fc97dc8f-b4da-46b1-a179-ab206d8b7efd','fedeac7a-a665-40a4-af02-f47ec4b7aff5','Assigned_Documents_Create_Document',''),(39,'229ad778-c7d3-4f5f-ab52-24b537c39514','fc97dc8f-b4da-46b1-a179-ab206d8b7efd','fedeac7a-a665-40a4-af02-f47ec4b7aff5','Assigned_Documents_Archive_Document',''),(40,'2ea6ba08-eb36-4e34-92d9-f1984c908b31','fc97dc8f-b4da-46b1-a179-ab206d8b7efd','fedeac7a-a665-40a4-af02-f47ec4b7aff5','Assigned_Documents_Share_Document',''),(41,'a8dd972d-e758-4571-8d39-c6fec74b361b','fc97dc8f-b4da-46b1-a179-ab206d8b7efd','fedeac7a-a665-40a4-af02-f47ec4b7aff5','Assigned_Documents_Edit_Document',''),(42,'7ba630ca-a9d3-42ee-99c8-766e2231fec1','42e44f15-8e33-423a-ad7f-17edc23d6dd3','c5d235ea-81b4-4c36-9205-2077da227c0a','Dashboard_View_Dashboard',''),(43,'ab45ef6a-a8e6-47ef-a182-6b88e2a6f9aa','5a5f7cf8-21a6-434a-9330-db91b17d867c','c5d235ea-81b4-4c36-9205-2077da227c0a','Document_Category_View_Categories',''),(44,'239035d5-cd44-475f-bbc5-9ef51768d389','fc97dc8f-b4da-46b1-a179-ab206d8b7efd','c5d235ea-81b4-4c36-9205-2077da227c0a','Assigned_Documents_Create_Document',''),(45,'05572ea5-1ce6-11ee-b7f8-d85ed3312c1f','ed7e14c5-1ce5-11ee-b7f8-d85ed3312c1f','fedeac7a-a665-40a4-af02-f47ec4b7aff5','Logs_View_Error_Logs',''),(46,'a864a065-1323-413c-ae67-bebd54219cda','a6df043b-8c8f-41d5-9696-d20c9ca14616','fedeac7a-a665-40a4-af02-f47ec4b7aff5','DOCUMENT_REGISTER_VIEW_DOCUMENT_REGISTER',''),(47,'6d222929-abfb-42a8-82f6-d9e3bc8dca55','fa4e3fa9-16e9-4028-a06a-3178c424dbb3','fedeac7a-a665-40a4-af02-f47ec4b7aff5','RECIPIENT_MANAGE_RECIPIENT',''),(48,'ca0e0309-5c84-4290-b60a-175f64b5edfd','fb8e14e4-d824-4fa1-932d-88f9cef81598','fedeac7a-a665-40a4-af02-f47ec4b7aff5','ARCHIVE_DOCUMENT_View_Archive_Documents',''),(49,'30e9f0dd-2cd3-43bb-b7e2-c5018eabab0d','fb8e14e4-d824-4fa1-932d-88f9cef81598','fedeac7a-a665-40a4-af02-f47ec4b7aff5','ARCHIVE_DOCUMENT_RESTORE_DOCUMENT',''),(54,'1c7d3e31-08ad-43cf-9cf7-4ffafdda9029','2396f81c-f8b5-49ac-88d1-94ed57333f49','990660de-f95f-4912-b3f9-d028f2678a27','Document_Audit_Trail_View_Document_Audit_Trail',''),(66,'7ba630ca-a9d3-42ee-99c8-766e2231fec1','42e44f15-8e33-423a-ad7f-17edc23d6dd3','990660de-f95f-4912-b3f9-d028f2678a27','Dashboard_View_Dashboard',''),(67,'67ae2b97-b24e-41d5-bf39-56b2834548d0','5a5f7cf8-21a6-434a-9330-db91b17d867c','990660de-f95f-4912-b3f9-d028f2678a27','Document_Category_Create_Category',''),(68,'9c0e2186-06a4-4207-acbc-f6d8efa430b3','5a5f7cf8-21a6-434a-9330-db91b17d867c','990660de-f95f-4912-b3f9-d028f2678a27','Document_Category_Delete_Category',''),(69,'ab45ef6a-a8e6-47ef-a182-6b88e2a6f9aa','5a5f7cf8-21a6-434a-9330-db91b17d867c','990660de-f95f-4912-b3f9-d028f2678a27','Document_Category_View_Categories',''),(70,'cd46a3a4-ede5-4941-a49b-3df7eaa46428','5a5f7cf8-21a6-434a-9330-db91b17d867c','990660de-f95f-4912-b3f9-d028f2678a27','Document_Category_Edit_Category',''),(71,'3ccaf408-8864-4815-a3e0-50632d90bcb6','97ff6eb0-39b3-4ddd-acf1-43205d5a9bb3','990660de-f95f-4912-b3f9-d028f2678a27','Reminder_Edit_Reminder',''),(72,'5ea48d56-2ed3-4239-bb90-dd4d70a1b0b2','97ff6eb0-39b3-4ddd-acf1-43205d5a9bb3','990660de-f95f-4912-b3f9-d028f2678a27','Reminder_Delete_Reminder',''),(73,'6bc0458e-22f5-4975-b387-4d6a4fb35201','97ff6eb0-39b3-4ddd-acf1-43205d5a9bb3','990660de-f95f-4912-b3f9-d028f2678a27','Reminder_Create_Reminder',''),(74,'6f2717fc-edef-4537-916d-2d527251a5c1','97ff6eb0-39b3-4ddd-acf1-43205d5a9bb3','990660de-f95f-4912-b3f9-d028f2678a27','Reminder_View_Reminders',''),(75,'a864a065-1323-413c-ae67-bebd54219cda','a6df043b-8c8f-41d5-9696-d20c9ca14616','990660de-f95f-4912-b3f9-d028f2678a27','DOCUMENT_REGISTER_View_Document_Register',''),(77,'01484c7b-122b-4b0d-a3b8-300ac4186021','d8ebdcab-522c-4a97-91f1-540e21b93533','990660de-f95f-4912-b3f9-d028f2678a27','Sender_Manage_Sender',''),(80,'239035d5-cd44-475f-bbc5-9ef51768d389','eddf9e8e-0c70-4cde-b5f9-117a879747d6','990660de-f95f-4912-b3f9-d028f2678a27','All_Documents_Create_Document',''),(88,'6d222929-abfb-42a8-82f6-d9e3bc8dca55','fa4e3fa9-16e9-4028-a06a-3178c424dbb3','990660de-f95f-4912-b3f9-d028f2678a27','RECIPIENT_Manage_Recipient',''),(89,'30e9f0dd-2cd3-43bb-b7e2-c5018eabab0d','fb8e14e4-d824-4fa1-932d-88f9cef81598','990660de-f95f-4912-b3f9-d028f2678a27','ARCHIVE_DOCUMENT_RESTORE_DOCUMENT',''),(90,'ca0e0309-5c84-4290-b60a-175f64b5edfd','fb8e14e4-d824-4fa1-932d-88f9cef81598','990660de-f95f-4912-b3f9-d028f2678a27','ARCHIVE_DOCUMENT_View_Archive_Documents',''),(91,'229ad778-c7d3-4f5f-ab52-24b537c39514','fc97dc8f-b4da-46b1-a179-ab206d8b7efd','990660de-f95f-4912-b3f9-d028f2678a27','Assigned_Documents_Archive_Document',''),(92,'239035d5-cd44-475f-bbc5-9ef51768d389','fc97dc8f-b4da-46b1-a179-ab206d8b7efd','990660de-f95f-4912-b3f9-d028f2678a27','Assigned_Documents_Create_Document',''),(93,'2ea6ba08-eb36-4e34-92d9-f1984c908b31','fc97dc8f-b4da-46b1-a179-ab206d8b7efd','990660de-f95f-4912-b3f9-d028f2678a27','Assigned_Documents_Share_Document',''),(94,'a8dd972d-e758-4571-8d39-c6fec74b361b','fc97dc8f-b4da-46b1-a179-ab206d8b7efd','990660de-f95f-4912-b3f9-d028f2678a27','Assigned_Documents_Edit_Document',''),(95,'18a5a8f6-7cb6-4178-857d-b6a981ea3d4f','090ea443-01c7-4638-a194-ad3416a5ea7a','a08f5655-63bb-4de5-b275-aebfae57ce06','Role_Delete_Role',''),(96,'57216dcd-1a1c-4f94-a33d-83a5af2d7a46','090ea443-01c7-4638-a194-ad3416a5ea7a','a08f5655-63bb-4de5-b275-aebfae57ce06','Role_View_Roles',''),(97,'c288b5d3-419d-4dc0-9e5a-083194016d2c','090ea443-01c7-4638-a194-ad3416a5ea7a','a08f5655-63bb-4de5-b275-aebfae57ce06','Role_Edit_Role',''),(98,'db8825b1-ee4e-49f6-9a08-b0210ed53fd4','090ea443-01c7-4638-a194-ad3416a5ea7a','a08f5655-63bb-4de5-b275-aebfae57ce06','Role_Create_Role',''),(99,'1c7d3e31-08ad-43cf-9cf7-4ffafdda9029','2396f81c-f8b5-49ac-88d1-94ed57333f49','a08f5655-63bb-4de5-b275-aebfae57ce06','Document_Audit_Trail_View_Document_Audit_Trail',''),(100,'41f65d07-9023-4cfb-9c7c-0e3247a012e0','2e3c07a4-fcac-4303-ae47-0d0f796403c9','a08f5655-63bb-4de5-b275-aebfae57ce06','Email_View_SMTP_Settings',''),(101,'4f19045b-e9a8-403b-b730-8453ee72830e','2e3c07a4-fcac-4303-ae47-0d0f796403c9','a08f5655-63bb-4de5-b275-aebfae57ce06','Email_Delete_SMTP_Setting',''),(102,'752ae5b8-e34f-4b32-81f2-2cf709881663','2e3c07a4-fcac-4303-ae47-0d0f796403c9','a08f5655-63bb-4de5-b275-aebfae57ce06','Email_Edit_SMTP_Setting',''),(103,'ab0544d7-2276-4f3b-b450-7f0fa11c3dd9','2e3c07a4-fcac-4303-ae47-0d0f796403c9','a08f5655-63bb-4de5-b275-aebfae57ce06','Email_Create_SMTP_Setting',''),(104,'0a2e19fc-d9f2-446c-8ca3-e6b8b73b5f9b','324bdc51-d71f-4f80-9f28-a30e8aae4009','a08f5655-63bb-4de5-b275-aebfae57ce06','User_Edit_User',''),(105,'31cb6438-7d4a-4385-8a34-b4e8f6096a48','324bdc51-d71f-4f80-9f28-a30e8aae4009','a08f5655-63bb-4de5-b275-aebfae57ce06','User_View_Users',''),(106,'374d74aa-a580-4928-848d-f7553db39914','324bdc51-d71f-4f80-9f28-a30e8aae4009','a08f5655-63bb-4de5-b275-aebfae57ce06','User_Delete_User',''),(107,'86ce1382-a2b1-48ed-ae81-c9908d00cf3b','324bdc51-d71f-4f80-9f28-a30e8aae4009','a08f5655-63bb-4de5-b275-aebfae57ce06','User_Create_User',''),(108,'d4d724fc-fd38-49c4-85bc-73937b219e20','324bdc51-d71f-4f80-9f28-a30e8aae4009','a08f5655-63bb-4de5-b275-aebfae57ce06','User_Reset_Password',''),(109,'e506ec48-b99a-45b4-9ec9-6451bc67477b','324bdc51-d71f-4f80-9f28-a30e8aae4009','a08f5655-63bb-4de5-b275-aebfae57ce06','User_Assign_Permission',''),(110,'fbe77c07-3058-4dbe-9d56-8c75dc879460','324bdc51-d71f-4f80-9f28-a30e8aae4009','a08f5655-63bb-4de5-b275-aebfae57ce06','User_Assign_User_Role',''),(111,'7ba630ca-a9d3-42ee-99c8-766e2231fec1','42e44f15-8e33-423a-ad7f-17edc23d6dd3','a08f5655-63bb-4de5-b275-aebfae57ce06','Dashboard_View_Dashboard',''),(112,'67ae2b97-b24e-41d5-bf39-56b2834548d0','5a5f7cf8-21a6-434a-9330-db91b17d867c','a08f5655-63bb-4de5-b275-aebfae57ce06','Document_Category_Create_Category',''),(113,'9c0e2186-06a4-4207-acbc-f6d8efa430b3','5a5f7cf8-21a6-434a-9330-db91b17d867c','a08f5655-63bb-4de5-b275-aebfae57ce06','Document_Category_Delete_Category',''),(114,'ab45ef6a-a8e6-47ef-a182-6b88e2a6f9aa','5a5f7cf8-21a6-434a-9330-db91b17d867c','a08f5655-63bb-4de5-b275-aebfae57ce06','Document_Category_View_Categories',''),(115,'cd46a3a4-ede5-4941-a49b-3df7eaa46428','5a5f7cf8-21a6-434a-9330-db91b17d867c','a08f5655-63bb-4de5-b275-aebfae57ce06','Document_Category_Edit_Category',''),(116,'3ccaf408-8864-4815-a3e0-50632d90bcb6','97ff6eb0-39b3-4ddd-acf1-43205d5a9bb3','a08f5655-63bb-4de5-b275-aebfae57ce06','Reminder_Edit_Reminder',''),(117,'5ea48d56-2ed3-4239-bb90-dd4d70a1b0b2','97ff6eb0-39b3-4ddd-acf1-43205d5a9bb3','a08f5655-63bb-4de5-b275-aebfae57ce06','Reminder_Delete_Reminder',''),(118,'6bc0458e-22f5-4975-b387-4d6a4fb35201','97ff6eb0-39b3-4ddd-acf1-43205d5a9bb3','a08f5655-63bb-4de5-b275-aebfae57ce06','Reminder_Create_Reminder',''),(119,'6f2717fc-edef-4537-916d-2d527251a5c1','97ff6eb0-39b3-4ddd-acf1-43205d5a9bb3','a08f5655-63bb-4de5-b275-aebfae57ce06','Reminder_View_Reminders',''),(120,'a864a065-1323-413c-ae67-bebd54219cda','a6df043b-8c8f-41d5-9696-d20c9ca14616','a08f5655-63bb-4de5-b275-aebfae57ce06','DOCUMENT_REGISTER_View_Document_Register',''),(121,'647368b9-e959-42e3-88b4-e82c4af46728','b68f2544-1cf8-4d8b-a9c7-eee64ecc3408','a08f5655-63bb-4de5-b275-aebfae57ce06','Page_Helper_Manage_Page_Helper',''),(122,'01484c7b-122b-4b0d-a3b8-300ac4186021','d8ebdcab-522c-4a97-91f1-540e21b93533','a08f5655-63bb-4de5-b275-aebfae57ce06','Sender_Manage_Sender',''),(123,'05572ea5-1ce6-11ee-b7f8-d85ed3312c1f','ed7e14c5-1ce5-11ee-b7f8-d85ed3312c1f','a08f5655-63bb-4de5-b275-aebfae57ce06','Logs_View_Error_Logs',''),(124,'229ad778-c7d3-4f5f-ab52-24b537c39514','eddf9e8e-0c70-4cde-b5f9-117a879747d6','a08f5655-63bb-4de5-b275-aebfae57ce06','All_Documents_Archive_Document',''),(125,'239035d5-cd44-475f-bbc5-9ef51768d389','eddf9e8e-0c70-4cde-b5f9-117a879747d6','a08f5655-63bb-4de5-b275-aebfae57ce06','All_Documents_Create_Document',''),(126,'2ea6ba08-eb36-4e34-92d9-f1984c908b31','eddf9e8e-0c70-4cde-b5f9-117a879747d6','a08f5655-63bb-4de5-b275-aebfae57ce06','All_Documents_Share_Document',''),(127,'3da78b4d-d263-4b13-8e81-7aa164a3688c','eddf9e8e-0c70-4cde-b5f9-117a879747d6','a08f5655-63bb-4de5-b275-aebfae57ce06','All_Documents_Add_Reminder',''),(128,'595a769d-f7ef-45f3-9f9e-60c58c5e1542','eddf9e8e-0c70-4cde-b5f9-117a879747d6','a08f5655-63bb-4de5-b275-aebfae57ce06','All_Documents_Send_Email',''),(129,'63ed1277-1db5-4cf7-8404-3e3426cb4bc5','eddf9e8e-0c70-4cde-b5f9-117a879747d6','a08f5655-63bb-4de5-b275-aebfae57ce06','All_Documents_View_Documents',''),(130,'6719a065-8a4a-4350-8582-bfc41ce283fb','eddf9e8e-0c70-4cde-b5f9-117a879747d6','a08f5655-63bb-4de5-b275-aebfae57ce06','All_Documents_Download_Document',''),(131,'a8dd972d-e758-4571-8d39-c6fec74b361b','eddf9e8e-0c70-4cde-b5f9-117a879747d6','a08f5655-63bb-4de5-b275-aebfae57ce06','All_Documents_Edit_Document',''),(132,'ff4b3b73-c29f-462a-afa4-94a40e6b2c4a','f042bbee-d15f-40fb-b79a-8368f2c2e287','a08f5655-63bb-4de5-b275-aebfae57ce06','Login_Audit_View_Login_Audit_Logs',''),(133,'6d222929-abfb-42a8-82f6-d9e3bc8dca55','fa4e3fa9-16e9-4028-a06a-3178c424dbb3','a08f5655-63bb-4de5-b275-aebfae57ce06','RECIPIENT_Manage_Recipient',''),(134,'30e9f0dd-2cd3-43bb-b7e2-c5018eabab0d','fb8e14e4-d824-4fa1-932d-88f9cef81598','a08f5655-63bb-4de5-b275-aebfae57ce06','ARCHIVE_DOCUMENT_RESTORE_DOCUMENT',''),(135,'ca0e0309-5c84-4290-b60a-175f64b5edfd','fb8e14e4-d824-4fa1-932d-88f9cef81598','a08f5655-63bb-4de5-b275-aebfae57ce06','ARCHIVE_DOCUMENT_View_Archive_Documents',''),(136,'229ad778-c7d3-4f5f-ab52-24b537c39514','fc97dc8f-b4da-46b1-a179-ab206d8b7efd','a08f5655-63bb-4de5-b275-aebfae57ce06','Assigned_Documents_Archive_Document',''),(137,'239035d5-cd44-475f-bbc5-9ef51768d389','fc97dc8f-b4da-46b1-a179-ab206d8b7efd','a08f5655-63bb-4de5-b275-aebfae57ce06','Assigned_Documents_Create_Document',''),(138,'2ea6ba08-eb36-4e34-92d9-f1984c908b31','fc97dc8f-b4da-46b1-a179-ab206d8b7efd','a08f5655-63bb-4de5-b275-aebfae57ce06','Assigned_Documents_Share_Document',''),(139,'a8dd972d-e758-4571-8d39-c6fec74b361b','fc97dc8f-b4da-46b1-a179-ab206d8b7efd','a08f5655-63bb-4de5-b275-aebfae57ce06','Assigned_Documents_Edit_Document',''),(144,'1c7d3e31-08ad-43cf-9cf7-4ffafdda9029','2396f81c-f8b5-49ac-88d1-94ed57333f49','dce317ab-6e40-4e3c-843b-260a6ff8ad50','Document_Audit_Trail_View_Document_Audit_Trail',''),(156,'7ba630ca-a9d3-42ee-99c8-766e2231fec1','42e44f15-8e33-423a-ad7f-17edc23d6dd3','dce317ab-6e40-4e3c-843b-260a6ff8ad50','Dashboard_View_Dashboard',''),(157,'67ae2b97-b24e-41d5-bf39-56b2834548d0','5a5f7cf8-21a6-434a-9330-db91b17d867c','dce317ab-6e40-4e3c-843b-260a6ff8ad50','Document_Category_Create_Category',''),(158,'9c0e2186-06a4-4207-acbc-f6d8efa430b3','5a5f7cf8-21a6-434a-9330-db91b17d867c','dce317ab-6e40-4e3c-843b-260a6ff8ad50','Document_Category_Delete_Category',''),(159,'ab45ef6a-a8e6-47ef-a182-6b88e2a6f9aa','5a5f7cf8-21a6-434a-9330-db91b17d867c','dce317ab-6e40-4e3c-843b-260a6ff8ad50','Document_Category_View_Categories',''),(160,'cd46a3a4-ede5-4941-a49b-3df7eaa46428','5a5f7cf8-21a6-434a-9330-db91b17d867c','dce317ab-6e40-4e3c-843b-260a6ff8ad50','Document_Category_Edit_Category',''),(161,'3ccaf408-8864-4815-a3e0-50632d90bcb6','97ff6eb0-39b3-4ddd-acf1-43205d5a9bb3','dce317ab-6e40-4e3c-843b-260a6ff8ad50','Reminder_Edit_Reminder',''),(162,'5ea48d56-2ed3-4239-bb90-dd4d70a1b0b2','97ff6eb0-39b3-4ddd-acf1-43205d5a9bb3','dce317ab-6e40-4e3c-843b-260a6ff8ad50','Reminder_Delete_Reminder',''),(163,'6bc0458e-22f5-4975-b387-4d6a4fb35201','97ff6eb0-39b3-4ddd-acf1-43205d5a9bb3','dce317ab-6e40-4e3c-843b-260a6ff8ad50','Reminder_Create_Reminder',''),(164,'6f2717fc-edef-4537-916d-2d527251a5c1','97ff6eb0-39b3-4ddd-acf1-43205d5a9bb3','dce317ab-6e40-4e3c-843b-260a6ff8ad50','Reminder_View_Reminders',''),(165,'a864a065-1323-413c-ae67-bebd54219cda','a6df043b-8c8f-41d5-9696-d20c9ca14616','dce317ab-6e40-4e3c-843b-260a6ff8ad50','DOCUMENT_REGISTER_View_Document_Register',''),(167,'01484c7b-122b-4b0d-a3b8-300ac4186021','d8ebdcab-522c-4a97-91f1-540e21b93533','dce317ab-6e40-4e3c-843b-260a6ff8ad50','Sender_Manage_Sender',''),(170,'239035d5-cd44-475f-bbc5-9ef51768d389','eddf9e8e-0c70-4cde-b5f9-117a879747d6','dce317ab-6e40-4e3c-843b-260a6ff8ad50','All_Documents_Create_Document',''),(172,'3da78b4d-d263-4b13-8e81-7aa164a3688c','eddf9e8e-0c70-4cde-b5f9-117a879747d6','dce317ab-6e40-4e3c-843b-260a6ff8ad50','All_Documents_Add_Reminder',''),(178,'6d222929-abfb-42a8-82f6-d9e3bc8dca55','fa4e3fa9-16e9-4028-a06a-3178c424dbb3','dce317ab-6e40-4e3c-843b-260a6ff8ad50','RECIPIENT_Manage_Recipient',''),(179,'30e9f0dd-2cd3-43bb-b7e2-c5018eabab0d','fb8e14e4-d824-4fa1-932d-88f9cef81598','dce317ab-6e40-4e3c-843b-260a6ff8ad50','ARCHIVE_DOCUMENT_RESTORE_DOCUMENT',''),(180,'ca0e0309-5c84-4290-b60a-175f64b5edfd','fb8e14e4-d824-4fa1-932d-88f9cef81598','dce317ab-6e40-4e3c-843b-260a6ff8ad50','ARCHIVE_DOCUMENT_View_Archive_Documents',''),(181,'229ad778-c7d3-4f5f-ab52-24b537c39514','fc97dc8f-b4da-46b1-a179-ab206d8b7efd','dce317ab-6e40-4e3c-843b-260a6ff8ad50','Assigned_Documents_Archive_Document',''),(182,'239035d5-cd44-475f-bbc5-9ef51768d389','fc97dc8f-b4da-46b1-a179-ab206d8b7efd','dce317ab-6e40-4e3c-843b-260a6ff8ad50','Assigned_Documents_Create_Document',''),(183,'2ea6ba08-eb36-4e34-92d9-f1984c908b31','fc97dc8f-b4da-46b1-a179-ab206d8b7efd','dce317ab-6e40-4e3c-843b-260a6ff8ad50','Assigned_Documents_Share_Document',''),(184,'a8dd972d-e758-4571-8d39-c6fec74b361b','fc97dc8f-b4da-46b1-a179-ab206d8b7efd','dce317ab-6e40-4e3c-843b-260a6ff8ad50','Assigned_Documents_Edit_Document',''),(189,'1c7d3e31-08ad-43cf-9cf7-4ffafdda9029','2396f81c-f8b5-49ac-88d1-94ed57333f49','81c888c1-4d9c-471d-a3e1-27c0ec4c4582','Document_Audit_Trail_View_Document_Audit_Trail',''),(201,'7ba630ca-a9d3-42ee-99c8-766e2231fec1','42e44f15-8e33-423a-ad7f-17edc23d6dd3','81c888c1-4d9c-471d-a3e1-27c0ec4c4582','Dashboard_View_Dashboard',''),(202,'67ae2b97-b24e-41d5-bf39-56b2834548d0','5a5f7cf8-21a6-434a-9330-db91b17d867c','81c888c1-4d9c-471d-a3e1-27c0ec4c4582','Document_Category_Create_Category',''),(203,'9c0e2186-06a4-4207-acbc-f6d8efa430b3','5a5f7cf8-21a6-434a-9330-db91b17d867c','81c888c1-4d9c-471d-a3e1-27c0ec4c4582','Document_Category_Delete_Category',''),(204,'ab45ef6a-a8e6-47ef-a182-6b88e2a6f9aa','5a5f7cf8-21a6-434a-9330-db91b17d867c','81c888c1-4d9c-471d-a3e1-27c0ec4c4582','Document_Category_View_Categories',''),(205,'cd46a3a4-ede5-4941-a49b-3df7eaa46428','5a5f7cf8-21a6-434a-9330-db91b17d867c','81c888c1-4d9c-471d-a3e1-27c0ec4c4582','Document_Category_Edit_Category',''),(206,'3ccaf408-8864-4815-a3e0-50632d90bcb6','97ff6eb0-39b3-4ddd-acf1-43205d5a9bb3','81c888c1-4d9c-471d-a3e1-27c0ec4c4582','Reminder_Edit_Reminder',''),(207,'5ea48d56-2ed3-4239-bb90-dd4d70a1b0b2','97ff6eb0-39b3-4ddd-acf1-43205d5a9bb3','81c888c1-4d9c-471d-a3e1-27c0ec4c4582','Reminder_Delete_Reminder',''),(208,'6bc0458e-22f5-4975-b387-4d6a4fb35201','97ff6eb0-39b3-4ddd-acf1-43205d5a9bb3','81c888c1-4d9c-471d-a3e1-27c0ec4c4582','Reminder_Create_Reminder',''),(209,'6f2717fc-edef-4537-916d-2d527251a5c1','97ff6eb0-39b3-4ddd-acf1-43205d5a9bb3','81c888c1-4d9c-471d-a3e1-27c0ec4c4582','Reminder_View_Reminders',''),(210,'a864a065-1323-413c-ae67-bebd54219cda','a6df043b-8c8f-41d5-9696-d20c9ca14616','81c888c1-4d9c-471d-a3e1-27c0ec4c4582','DOCUMENT_REGISTER_View_Document_Register',''),(212,'01484c7b-122b-4b0d-a3b8-300ac4186021','d8ebdcab-522c-4a97-91f1-540e21b93533','81c888c1-4d9c-471d-a3e1-27c0ec4c4582','Sender_Manage_Sender',''),(215,'239035d5-cd44-475f-bbc5-9ef51768d389','eddf9e8e-0c70-4cde-b5f9-117a879747d6','81c888c1-4d9c-471d-a3e1-27c0ec4c4582','All_Documents_Create_Document',''),(223,'6d222929-abfb-42a8-82f6-d9e3bc8dca55','fa4e3fa9-16e9-4028-a06a-3178c424dbb3','81c888c1-4d9c-471d-a3e1-27c0ec4c4582','RECIPIENT_Manage_Recipient',''),(224,'30e9f0dd-2cd3-43bb-b7e2-c5018eabab0d','fb8e14e4-d824-4fa1-932d-88f9cef81598','81c888c1-4d9c-471d-a3e1-27c0ec4c4582','ARCHIVE_DOCUMENT_RESTORE_DOCUMENT',''),(225,'ca0e0309-5c84-4290-b60a-175f64b5edfd','fb8e14e4-d824-4fa1-932d-88f9cef81598','81c888c1-4d9c-471d-a3e1-27c0ec4c4582','ARCHIVE_DOCUMENT_View_Archive_Documents',''),(226,'229ad778-c7d3-4f5f-ab52-24b537c39514','fc97dc8f-b4da-46b1-a179-ab206d8b7efd','81c888c1-4d9c-471d-a3e1-27c0ec4c4582','Assigned_Documents_Archive_Document',''),(227,'239035d5-cd44-475f-bbc5-9ef51768d389','fc97dc8f-b4da-46b1-a179-ab206d8b7efd','81c888c1-4d9c-471d-a3e1-27c0ec4c4582','Assigned_Documents_Create_Document',''),(228,'2ea6ba08-eb36-4e34-92d9-f1984c908b31','fc97dc8f-b4da-46b1-a179-ab206d8b7efd','81c888c1-4d9c-471d-a3e1-27c0ec4c4582','Assigned_Documents_Share_Document',''),(229,'a8dd972d-e758-4571-8d39-c6fec74b361b','fc97dc8f-b4da-46b1-a179-ab206d8b7efd','81c888c1-4d9c-471d-a3e1-27c0ec4c4582','Assigned_Documents_Edit_Document',''),(234,'1c7d3e31-08ad-43cf-9cf7-4ffafdda9029','2396f81c-f8b5-49ac-88d1-94ed57333f49','a794c379-5c04-4612-b7b5-4bf7849c0264','Document_Audit_Trail_View_Document_Audit_Trail',''),(246,'7ba630ca-a9d3-42ee-99c8-766e2231fec1','42e44f15-8e33-423a-ad7f-17edc23d6dd3','a794c379-5c04-4612-b7b5-4bf7849c0264','Dashboard_View_Dashboard',''),(247,'67ae2b97-b24e-41d5-bf39-56b2834548d0','5a5f7cf8-21a6-434a-9330-db91b17d867c','a794c379-5c04-4612-b7b5-4bf7849c0264','Document_Category_Create_Category',''),(248,'9c0e2186-06a4-4207-acbc-f6d8efa430b3','5a5f7cf8-21a6-434a-9330-db91b17d867c','a794c379-5c04-4612-b7b5-4bf7849c0264','Document_Category_Delete_Category',''),(249,'ab45ef6a-a8e6-47ef-a182-6b88e2a6f9aa','5a5f7cf8-21a6-434a-9330-db91b17d867c','a794c379-5c04-4612-b7b5-4bf7849c0264','Document_Category_View_Categories',''),(250,'cd46a3a4-ede5-4941-a49b-3df7eaa46428','5a5f7cf8-21a6-434a-9330-db91b17d867c','a794c379-5c04-4612-b7b5-4bf7849c0264','Document_Category_Edit_Category',''),(251,'3ccaf408-8864-4815-a3e0-50632d90bcb6','97ff6eb0-39b3-4ddd-acf1-43205d5a9bb3','a794c379-5c04-4612-b7b5-4bf7849c0264','Reminder_Edit_Reminder',''),(252,'5ea48d56-2ed3-4239-bb90-dd4d70a1b0b2','97ff6eb0-39b3-4ddd-acf1-43205d5a9bb3','a794c379-5c04-4612-b7b5-4bf7849c0264','Reminder_Delete_Reminder',''),(253,'6bc0458e-22f5-4975-b387-4d6a4fb35201','97ff6eb0-39b3-4ddd-acf1-43205d5a9bb3','a794c379-5c04-4612-b7b5-4bf7849c0264','Reminder_Create_Reminder',''),(254,'6f2717fc-edef-4537-916d-2d527251a5c1','97ff6eb0-39b3-4ddd-acf1-43205d5a9bb3','a794c379-5c04-4612-b7b5-4bf7849c0264','Reminder_View_Reminders',''),(255,'a864a065-1323-413c-ae67-bebd54219cda','a6df043b-8c8f-41d5-9696-d20c9ca14616','a794c379-5c04-4612-b7b5-4bf7849c0264','DOCUMENT_REGISTER_View_Document_Register',''),(257,'01484c7b-122b-4b0d-a3b8-300ac4186021','d8ebdcab-522c-4a97-91f1-540e21b93533','a794c379-5c04-4612-b7b5-4bf7849c0264','Sender_Manage_Sender',''),(268,'6d222929-abfb-42a8-82f6-d9e3bc8dca55','fa4e3fa9-16e9-4028-a06a-3178c424dbb3','a794c379-5c04-4612-b7b5-4bf7849c0264','RECIPIENT_Manage_Recipient',''),(269,'30e9f0dd-2cd3-43bb-b7e2-c5018eabab0d','fb8e14e4-d824-4fa1-932d-88f9cef81598','a794c379-5c04-4612-b7b5-4bf7849c0264','ARCHIVE_DOCUMENT_RESTORE_DOCUMENT',''),(270,'ca0e0309-5c84-4290-b60a-175f64b5edfd','fb8e14e4-d824-4fa1-932d-88f9cef81598','a794c379-5c04-4612-b7b5-4bf7849c0264','ARCHIVE_DOCUMENT_View_Archive_Documents',''),(271,'229ad778-c7d3-4f5f-ab52-24b537c39514','fc97dc8f-b4da-46b1-a179-ab206d8b7efd','a794c379-5c04-4612-b7b5-4bf7849c0264','Assigned_Documents_Archive_Document',''),(272,'239035d5-cd44-475f-bbc5-9ef51768d389','fc97dc8f-b4da-46b1-a179-ab206d8b7efd','a794c379-5c04-4612-b7b5-4bf7849c0264','Assigned_Documents_Create_Document',''),(273,'2ea6ba08-eb36-4e34-92d9-f1984c908b31','fc97dc8f-b4da-46b1-a179-ab206d8b7efd','a794c379-5c04-4612-b7b5-4bf7849c0264','Assigned_Documents_Share_Document',''),(274,'a8dd972d-e758-4571-8d39-c6fec74b361b','fc97dc8f-b4da-46b1-a179-ab206d8b7efd','a794c379-5c04-4612-b7b5-4bf7849c0264','Assigned_Documents_Edit_Document',''),(279,'1c7d3e31-08ad-43cf-9cf7-4ffafdda9029','2396f81c-f8b5-49ac-88d1-94ed57333f49','a794c379-5c04-4612-b7b5-4bf7849c0264','Document_Audit_Trail_View_Document_Audit_Trail',''),(291,'7ba630ca-a9d3-42ee-99c8-766e2231fec1','42e44f15-8e33-423a-ad7f-17edc23d6dd3','a794c379-5c04-4612-b7b5-4bf7849c0264','Dashboard_View_Dashboard',''),(292,'67ae2b97-b24e-41d5-bf39-56b2834548d0','5a5f7cf8-21a6-434a-9330-db91b17d867c','a794c379-5c04-4612-b7b5-4bf7849c0264','Document_Category_Create_Category',''),(293,'9c0e2186-06a4-4207-acbc-f6d8efa430b3','5a5f7cf8-21a6-434a-9330-db91b17d867c','a794c379-5c04-4612-b7b5-4bf7849c0264','Document_Category_Delete_Category',''),(294,'ab45ef6a-a8e6-47ef-a182-6b88e2a6f9aa','5a5f7cf8-21a6-434a-9330-db91b17d867c','a794c379-5c04-4612-b7b5-4bf7849c0264','Document_Category_View_Categories',''),(295,'cd46a3a4-ede5-4941-a49b-3df7eaa46428','5a5f7cf8-21a6-434a-9330-db91b17d867c','a794c379-5c04-4612-b7b5-4bf7849c0264','Document_Category_Edit_Category',''),(296,'3ccaf408-8864-4815-a3e0-50632d90bcb6','97ff6eb0-39b3-4ddd-acf1-43205d5a9bb3','a794c379-5c04-4612-b7b5-4bf7849c0264','Reminder_Edit_Reminder',''),(297,'5ea48d56-2ed3-4239-bb90-dd4d70a1b0b2','97ff6eb0-39b3-4ddd-acf1-43205d5a9bb3','a794c379-5c04-4612-b7b5-4bf7849c0264','Reminder_Delete_Reminder',''),(298,'6bc0458e-22f5-4975-b387-4d6a4fb35201','97ff6eb0-39b3-4ddd-acf1-43205d5a9bb3','a794c379-5c04-4612-b7b5-4bf7849c0264','Reminder_Create_Reminder',''),(299,'6f2717fc-edef-4537-916d-2d527251a5c1','97ff6eb0-39b3-4ddd-acf1-43205d5a9bb3','a794c379-5c04-4612-b7b5-4bf7849c0264','Reminder_View_Reminders',''),(300,'a864a065-1323-413c-ae67-bebd54219cda','a6df043b-8c8f-41d5-9696-d20c9ca14616','a794c379-5c04-4612-b7b5-4bf7849c0264','DOCUMENT_REGISTER_View_Document_Register',''),(302,'01484c7b-122b-4b0d-a3b8-300ac4186021','d8ebdcab-522c-4a97-91f1-540e21b93533','a794c379-5c04-4612-b7b5-4bf7849c0264','Sender_Manage_Sender',''),(312,'ff4b3b73-c29f-462a-afa4-94a40e6b2c4a','f042bbee-d15f-40fb-b79a-8368f2c2e287','a794c379-5c04-4612-b7b5-4bf7849c0264','Login_Audit_View_Login_Audit_Logs',''),(313,'6d222929-abfb-42a8-82f6-d9e3bc8dca55','fa4e3fa9-16e9-4028-a06a-3178c424dbb3','a794c379-5c04-4612-b7b5-4bf7849c0264','RECIPIENT_Manage_Recipient',''),(314,'30e9f0dd-2cd3-43bb-b7e2-c5018eabab0d','fb8e14e4-d824-4fa1-932d-88f9cef81598','a794c379-5c04-4612-b7b5-4bf7849c0264','ARCHIVE_DOCUMENT_RESTORE_DOCUMENT',''),(315,'ca0e0309-5c84-4290-b60a-175f64b5edfd','fb8e14e4-d824-4fa1-932d-88f9cef81598','a794c379-5c04-4612-b7b5-4bf7849c0264','ARCHIVE_DOCUMENT_View_Archive_Documents',''),(316,'229ad778-c7d3-4f5f-ab52-24b537c39514','fc97dc8f-b4da-46b1-a179-ab206d8b7efd','a794c379-5c04-4612-b7b5-4bf7849c0264','Assigned_Documents_Archive_Document',''),(317,'239035d5-cd44-475f-bbc5-9ef51768d389','fc97dc8f-b4da-46b1-a179-ab206d8b7efd','a794c379-5c04-4612-b7b5-4bf7849c0264','Assigned_Documents_Create_Document',''),(318,'2ea6ba08-eb36-4e34-92d9-f1984c908b31','fc97dc8f-b4da-46b1-a179-ab206d8b7efd','a794c379-5c04-4612-b7b5-4bf7849c0264','Assigned_Documents_Share_Document',''),(319,'a8dd972d-e758-4571-8d39-c6fec74b361b','fc97dc8f-b4da-46b1-a179-ab206d8b7efd','a794c379-5c04-4612-b7b5-4bf7849c0264','Assigned_Documents_Edit_Document',''),(324,'1c7d3e31-08ad-43cf-9cf7-4ffafdda9029','2396f81c-f8b5-49ac-88d1-94ed57333f49','c8c7e221-ffe5-4b65-9f2b-29663c560449','Document_Audit_Trail_View_Document_Audit_Trail',''),(336,'7ba630ca-a9d3-42ee-99c8-766e2231fec1','42e44f15-8e33-423a-ad7f-17edc23d6dd3','c8c7e221-ffe5-4b65-9f2b-29663c560449','Dashboard_View_Dashboard',''),(337,'67ae2b97-b24e-41d5-bf39-56b2834548d0','5a5f7cf8-21a6-434a-9330-db91b17d867c','c8c7e221-ffe5-4b65-9f2b-29663c560449','Document_Category_Create_Category',''),(338,'9c0e2186-06a4-4207-acbc-f6d8efa430b3','5a5f7cf8-21a6-434a-9330-db91b17d867c','c8c7e221-ffe5-4b65-9f2b-29663c560449','Document_Category_Delete_Category',''),(339,'ab45ef6a-a8e6-47ef-a182-6b88e2a6f9aa','5a5f7cf8-21a6-434a-9330-db91b17d867c','c8c7e221-ffe5-4b65-9f2b-29663c560449','Document_Category_View_Categories',''),(340,'cd46a3a4-ede5-4941-a49b-3df7eaa46428','5a5f7cf8-21a6-434a-9330-db91b17d867c','c8c7e221-ffe5-4b65-9f2b-29663c560449','Document_Category_Edit_Category',''),(341,'3ccaf408-8864-4815-a3e0-50632d90bcb6','97ff6eb0-39b3-4ddd-acf1-43205d5a9bb3','c8c7e221-ffe5-4b65-9f2b-29663c560449','Reminder_Edit_Reminder',''),(342,'5ea48d56-2ed3-4239-bb90-dd4d70a1b0b2','97ff6eb0-39b3-4ddd-acf1-43205d5a9bb3','c8c7e221-ffe5-4b65-9f2b-29663c560449','Reminder_Delete_Reminder',''),(343,'6bc0458e-22f5-4975-b387-4d6a4fb35201','97ff6eb0-39b3-4ddd-acf1-43205d5a9bb3','c8c7e221-ffe5-4b65-9f2b-29663c560449','Reminder_Create_Reminder',''),(344,'6f2717fc-edef-4537-916d-2d527251a5c1','97ff6eb0-39b3-4ddd-acf1-43205d5a9bb3','c8c7e221-ffe5-4b65-9f2b-29663c560449','Reminder_View_Reminders',''),(345,'a864a065-1323-413c-ae67-bebd54219cda','a6df043b-8c8f-41d5-9696-d20c9ca14616','c8c7e221-ffe5-4b65-9f2b-29663c560449','DOCUMENT_REGISTER_View_Document_Register',''),(347,'01484c7b-122b-4b0d-a3b8-300ac4186021','d8ebdcab-522c-4a97-91f1-540e21b93533','c8c7e221-ffe5-4b65-9f2b-29663c560449','Sender_Manage_Sender',''),(350,'239035d5-cd44-475f-bbc5-9ef51768d389','eddf9e8e-0c70-4cde-b5f9-117a879747d6','c8c7e221-ffe5-4b65-9f2b-29663c560449','All_Documents_Create_Document',''),(358,'6d222929-abfb-42a8-82f6-d9e3bc8dca55','fa4e3fa9-16e9-4028-a06a-3178c424dbb3','c8c7e221-ffe5-4b65-9f2b-29663c560449','RECIPIENT_Manage_Recipient',''),(359,'30e9f0dd-2cd3-43bb-b7e2-c5018eabab0d','fb8e14e4-d824-4fa1-932d-88f9cef81598','c8c7e221-ffe5-4b65-9f2b-29663c560449','ARCHIVE_DOCUMENT_RESTORE_DOCUMENT',''),(360,'ca0e0309-5c84-4290-b60a-175f64b5edfd','fb8e14e4-d824-4fa1-932d-88f9cef81598','c8c7e221-ffe5-4b65-9f2b-29663c560449','ARCHIVE_DOCUMENT_View_Archive_Documents',''),(361,'229ad778-c7d3-4f5f-ab52-24b537c39514','fc97dc8f-b4da-46b1-a179-ab206d8b7efd','c8c7e221-ffe5-4b65-9f2b-29663c560449','Assigned_Documents_Archive_Document',''),(362,'239035d5-cd44-475f-bbc5-9ef51768d389','fc97dc8f-b4da-46b1-a179-ab206d8b7efd','c8c7e221-ffe5-4b65-9f2b-29663c560449','Assigned_Documents_Create_Document',''),(363,'2ea6ba08-eb36-4e34-92d9-f1984c908b31','fc97dc8f-b4da-46b1-a179-ab206d8b7efd','c8c7e221-ffe5-4b65-9f2b-29663c560449','Assigned_Documents_Share_Document',''),(364,'a8dd972d-e758-4571-8d39-c6fec74b361b','fc97dc8f-b4da-46b1-a179-ab206d8b7efd','c8c7e221-ffe5-4b65-9f2b-29663c560449','Assigned_Documents_Edit_Document',''),(365,'18a5a8f6-7cb6-4178-857d-b6a981ea3d4f','090ea443-01c7-4638-a194-ad3416a5ea7a','f25c6b1f-99d5-4e89-b3a7-3fd772b188f9','Role_Delete_Role',''),(366,'57216dcd-1a1c-4f94-a33d-83a5af2d7a46','090ea443-01c7-4638-a194-ad3416a5ea7a','f25c6b1f-99d5-4e89-b3a7-3fd772b188f9','Role_View_Roles',''),(367,'c288b5d3-419d-4dc0-9e5a-083194016d2c','090ea443-01c7-4638-a194-ad3416a5ea7a','f25c6b1f-99d5-4e89-b3a7-3fd772b188f9','Role_Edit_Role',''),(368,'db8825b1-ee4e-49f6-9a08-b0210ed53fd4','090ea443-01c7-4638-a194-ad3416a5ea7a','f25c6b1f-99d5-4e89-b3a7-3fd772b188f9','Role_Create_Role',''),(369,'1c7d3e31-08ad-43cf-9cf7-4ffafdda9029','2396f81c-f8b5-49ac-88d1-94ed57333f49','f25c6b1f-99d5-4e89-b3a7-3fd772b188f9','Document_Audit_Trail_View_Document_Audit_Trail',''),(370,'41f65d07-9023-4cfb-9c7c-0e3247a012e0','2e3c07a4-fcac-4303-ae47-0d0f796403c9','f25c6b1f-99d5-4e89-b3a7-3fd772b188f9','Email_View_SMTP_Settings',''),(371,'4f19045b-e9a8-403b-b730-8453ee72830e','2e3c07a4-fcac-4303-ae47-0d0f796403c9','f25c6b1f-99d5-4e89-b3a7-3fd772b188f9','Email_Delete_SMTP_Setting',''),(372,'752ae5b8-e34f-4b32-81f2-2cf709881663','2e3c07a4-fcac-4303-ae47-0d0f796403c9','f25c6b1f-99d5-4e89-b3a7-3fd772b188f9','Email_Edit_SMTP_Setting',''),(373,'ab0544d7-2276-4f3b-b450-7f0fa11c3dd9','2e3c07a4-fcac-4303-ae47-0d0f796403c9','f25c6b1f-99d5-4e89-b3a7-3fd772b188f9','Email_Create_SMTP_Setting',''),(374,'0a2e19fc-d9f2-446c-8ca3-e6b8b73b5f9b','324bdc51-d71f-4f80-9f28-a30e8aae4009','f25c6b1f-99d5-4e89-b3a7-3fd772b188f9','User_Edit_User',''),(375,'31cb6438-7d4a-4385-8a34-b4e8f6096a48','324bdc51-d71f-4f80-9f28-a30e8aae4009','f25c6b1f-99d5-4e89-b3a7-3fd772b188f9','User_View_Users',''),(376,'374d74aa-a580-4928-848d-f7553db39914','324bdc51-d71f-4f80-9f28-a30e8aae4009','f25c6b1f-99d5-4e89-b3a7-3fd772b188f9','User_Delete_User',''),(377,'86ce1382-a2b1-48ed-ae81-c9908d00cf3b','324bdc51-d71f-4f80-9f28-a30e8aae4009','f25c6b1f-99d5-4e89-b3a7-3fd772b188f9','User_Create_User',''),(378,'d4d724fc-fd38-49c4-85bc-73937b219e20','324bdc51-d71f-4f80-9f28-a30e8aae4009','f25c6b1f-99d5-4e89-b3a7-3fd772b188f9','User_Reset_Password',''),(379,'e506ec48-b99a-45b4-9ec9-6451bc67477b','324bdc51-d71f-4f80-9f28-a30e8aae4009','f25c6b1f-99d5-4e89-b3a7-3fd772b188f9','User_Assign_Permission',''),(380,'fbe77c07-3058-4dbe-9d56-8c75dc879460','324bdc51-d71f-4f80-9f28-a30e8aae4009','f25c6b1f-99d5-4e89-b3a7-3fd772b188f9','User_Assign_User_Role',''),(381,'7ba630ca-a9d3-42ee-99c8-766e2231fec1','42e44f15-8e33-423a-ad7f-17edc23d6dd3','f25c6b1f-99d5-4e89-b3a7-3fd772b188f9','Dashboard_View_Dashboard',''),(382,'67ae2b97-b24e-41d5-bf39-56b2834548d0','5a5f7cf8-21a6-434a-9330-db91b17d867c','f25c6b1f-99d5-4e89-b3a7-3fd772b188f9','Document_Category_Create_Category',''),(383,'9c0e2186-06a4-4207-acbc-f6d8efa430b3','5a5f7cf8-21a6-434a-9330-db91b17d867c','f25c6b1f-99d5-4e89-b3a7-3fd772b188f9','Document_Category_Delete_Category',''),(384,'ab45ef6a-a8e6-47ef-a182-6b88e2a6f9aa','5a5f7cf8-21a6-434a-9330-db91b17d867c','f25c6b1f-99d5-4e89-b3a7-3fd772b188f9','Document_Category_View_Categories',''),(385,'cd46a3a4-ede5-4941-a49b-3df7eaa46428','5a5f7cf8-21a6-434a-9330-db91b17d867c','f25c6b1f-99d5-4e89-b3a7-3fd772b188f9','Document_Category_Edit_Category',''),(386,'3ccaf408-8864-4815-a3e0-50632d90bcb6','97ff6eb0-39b3-4ddd-acf1-43205d5a9bb3','f25c6b1f-99d5-4e89-b3a7-3fd772b188f9','Reminder_Edit_Reminder',''),(387,'5ea48d56-2ed3-4239-bb90-dd4d70a1b0b2','97ff6eb0-39b3-4ddd-acf1-43205d5a9bb3','f25c6b1f-99d5-4e89-b3a7-3fd772b188f9','Reminder_Delete_Reminder',''),(388,'6bc0458e-22f5-4975-b387-4d6a4fb35201','97ff6eb0-39b3-4ddd-acf1-43205d5a9bb3','f25c6b1f-99d5-4e89-b3a7-3fd772b188f9','Reminder_Create_Reminder',''),(389,'6f2717fc-edef-4537-916d-2d527251a5c1','97ff6eb0-39b3-4ddd-acf1-43205d5a9bb3','f25c6b1f-99d5-4e89-b3a7-3fd772b188f9','Reminder_View_Reminders',''),(390,'a864a065-1323-413c-ae67-bebd54219cda','a6df043b-8c8f-41d5-9696-d20c9ca14616','f25c6b1f-99d5-4e89-b3a7-3fd772b188f9','DOCUMENT_REGISTER_View_Document_Register',''),(391,'647368b9-e959-42e3-88b4-e82c4af46728','b68f2544-1cf8-4d8b-a9c7-eee64ecc3408','f25c6b1f-99d5-4e89-b3a7-3fd772b188f9','Page_Helper_Manage_Page_Helper',''),(392,'01484c7b-122b-4b0d-a3b8-300ac4186021','d8ebdcab-522c-4a97-91f1-540e21b93533','f25c6b1f-99d5-4e89-b3a7-3fd772b188f9','Sender_Manage_Sender',''),(393,'05572ea5-1ce6-11ee-b7f8-d85ed3312c1f','ed7e14c5-1ce5-11ee-b7f8-d85ed3312c1f','f25c6b1f-99d5-4e89-b3a7-3fd772b188f9','Logs_View_Error_Logs',''),(394,'229ad778-c7d3-4f5f-ab52-24b537c39514','eddf9e8e-0c70-4cde-b5f9-117a879747d6','f25c6b1f-99d5-4e89-b3a7-3fd772b188f9','All_Documents_Archive_Document',''),(395,'239035d5-cd44-475f-bbc5-9ef51768d389','eddf9e8e-0c70-4cde-b5f9-117a879747d6','f25c6b1f-99d5-4e89-b3a7-3fd772b188f9','All_Documents_Create_Document',''),(396,'2ea6ba08-eb36-4e34-92d9-f1984c908b31','eddf9e8e-0c70-4cde-b5f9-117a879747d6','f25c6b1f-99d5-4e89-b3a7-3fd772b188f9','All_Documents_Share_Document',''),(397,'3da78b4d-d263-4b13-8e81-7aa164a3688c','eddf9e8e-0c70-4cde-b5f9-117a879747d6','f25c6b1f-99d5-4e89-b3a7-3fd772b188f9','All_Documents_Add_Reminder',''),(398,'595a769d-f7ef-45f3-9f9e-60c58c5e1542','eddf9e8e-0c70-4cde-b5f9-117a879747d6','f25c6b1f-99d5-4e89-b3a7-3fd772b188f9','All_Documents_Send_Email',''),(399,'63ed1277-1db5-4cf7-8404-3e3426cb4bc5','eddf9e8e-0c70-4cde-b5f9-117a879747d6','f25c6b1f-99d5-4e89-b3a7-3fd772b188f9','All_Documents_View_Documents',''),(400,'6719a065-8a4a-4350-8582-bfc41ce283fb','eddf9e8e-0c70-4cde-b5f9-117a879747d6','f25c6b1f-99d5-4e89-b3a7-3fd772b188f9','All_Documents_Download_Document',''),(401,'a8dd972d-e758-4571-8d39-c6fec74b361b','eddf9e8e-0c70-4cde-b5f9-117a879747d6','f25c6b1f-99d5-4e89-b3a7-3fd772b188f9','All_Documents_Edit_Document',''),(402,'ff4b3b73-c29f-462a-afa4-94a40e6b2c4a','f042bbee-d15f-40fb-b79a-8368f2c2e287','f25c6b1f-99d5-4e89-b3a7-3fd772b188f9','Login_Audit_View_Login_Audit_Logs',''),(403,'6d222929-abfb-42a8-82f6-d9e3bc8dca55','fa4e3fa9-16e9-4028-a06a-3178c424dbb3','f25c6b1f-99d5-4e89-b3a7-3fd772b188f9','RECIPIENT_Manage_Recipient',''),(404,'30e9f0dd-2cd3-43bb-b7e2-c5018eabab0d','fb8e14e4-d824-4fa1-932d-88f9cef81598','f25c6b1f-99d5-4e89-b3a7-3fd772b188f9','ARCHIVE_DOCUMENT_RESTORE_DOCUMENT',''),(405,'ca0e0309-5c84-4290-b60a-175f64b5edfd','fb8e14e4-d824-4fa1-932d-88f9cef81598','f25c6b1f-99d5-4e89-b3a7-3fd772b188f9','ARCHIVE_DOCUMENT_View_Archive_Documents',''),(406,'229ad778-c7d3-4f5f-ab52-24b537c39514','fc97dc8f-b4da-46b1-a179-ab206d8b7efd','f25c6b1f-99d5-4e89-b3a7-3fd772b188f9','Assigned_Documents_Archive_Document',''),(407,'239035d5-cd44-475f-bbc5-9ef51768d389','fc97dc8f-b4da-46b1-a179-ab206d8b7efd','f25c6b1f-99d5-4e89-b3a7-3fd772b188f9','Assigned_Documents_Create_Document',''),(408,'2ea6ba08-eb36-4e34-92d9-f1984c908b31','fc97dc8f-b4da-46b1-a179-ab206d8b7efd','f25c6b1f-99d5-4e89-b3a7-3fd772b188f9','Assigned_Documents_Share_Document',''),(409,'a8dd972d-e758-4571-8d39-c6fec74b361b','fc97dc8f-b4da-46b1-a179-ab206d8b7efd','f25c6b1f-99d5-4e89-b3a7-3fd772b188f9','Assigned_Documents_Edit_Document',''),(410,'18a5a8f6-7cb6-4178-857d-b6a981ea3d4f','090ea443-01c7-4638-a194-ad3416a5ea7a','ae2eb30e-c8ae-467d-b494-2a86fec0a11e','Role_Delete_Role',''),(411,'57216dcd-1a1c-4f94-a33d-83a5af2d7a46','090ea443-01c7-4638-a194-ad3416a5ea7a','ae2eb30e-c8ae-467d-b494-2a86fec0a11e','Role_View_Roles',''),(412,'c288b5d3-419d-4dc0-9e5a-083194016d2c','090ea443-01c7-4638-a194-ad3416a5ea7a','ae2eb30e-c8ae-467d-b494-2a86fec0a11e','Role_Edit_Role',''),(413,'db8825b1-ee4e-49f6-9a08-b0210ed53fd4','090ea443-01c7-4638-a194-ad3416a5ea7a','ae2eb30e-c8ae-467d-b494-2a86fec0a11e','Role_Create_Role',''),(414,'1c7d3e31-08ad-43cf-9cf7-4ffafdda9029','2396f81c-f8b5-49ac-88d1-94ed57333f49','ae2eb30e-c8ae-467d-b494-2a86fec0a11e','Document_Audit_Trail_View_Document_Audit_Trail',''),(415,'41f65d07-9023-4cfb-9c7c-0e3247a012e0','2e3c07a4-fcac-4303-ae47-0d0f796403c9','ae2eb30e-c8ae-467d-b494-2a86fec0a11e','Email_View_SMTP_Settings',''),(416,'4f19045b-e9a8-403b-b730-8453ee72830e','2e3c07a4-fcac-4303-ae47-0d0f796403c9','ae2eb30e-c8ae-467d-b494-2a86fec0a11e','Email_Delete_SMTP_Setting',''),(417,'752ae5b8-e34f-4b32-81f2-2cf709881663','2e3c07a4-fcac-4303-ae47-0d0f796403c9','ae2eb30e-c8ae-467d-b494-2a86fec0a11e','Email_Edit_SMTP_Setting',''),(418,'ab0544d7-2276-4f3b-b450-7f0fa11c3dd9','2e3c07a4-fcac-4303-ae47-0d0f796403c9','ae2eb30e-c8ae-467d-b494-2a86fec0a11e','Email_Create_SMTP_Setting',''),(419,'0a2e19fc-d9f2-446c-8ca3-e6b8b73b5f9b','324bdc51-d71f-4f80-9f28-a30e8aae4009','ae2eb30e-c8ae-467d-b494-2a86fec0a11e','User_Edit_User',''),(420,'31cb6438-7d4a-4385-8a34-b4e8f6096a48','324bdc51-d71f-4f80-9f28-a30e8aae4009','ae2eb30e-c8ae-467d-b494-2a86fec0a11e','User_View_Users',''),(421,'374d74aa-a580-4928-848d-f7553db39914','324bdc51-d71f-4f80-9f28-a30e8aae4009','ae2eb30e-c8ae-467d-b494-2a86fec0a11e','User_Delete_User',''),(422,'86ce1382-a2b1-48ed-ae81-c9908d00cf3b','324bdc51-d71f-4f80-9f28-a30e8aae4009','ae2eb30e-c8ae-467d-b494-2a86fec0a11e','User_Create_User',''),(423,'d4d724fc-fd38-49c4-85bc-73937b219e20','324bdc51-d71f-4f80-9f28-a30e8aae4009','ae2eb30e-c8ae-467d-b494-2a86fec0a11e','User_Reset_Password',''),(424,'e506ec48-b99a-45b4-9ec9-6451bc67477b','324bdc51-d71f-4f80-9f28-a30e8aae4009','ae2eb30e-c8ae-467d-b494-2a86fec0a11e','User_Assign_Permission',''),(425,'fbe77c07-3058-4dbe-9d56-8c75dc879460','324bdc51-d71f-4f80-9f28-a30e8aae4009','ae2eb30e-c8ae-467d-b494-2a86fec0a11e','User_Assign_User_Role',''),(426,'7ba630ca-a9d3-42ee-99c8-766e2231fec1','42e44f15-8e33-423a-ad7f-17edc23d6dd3','ae2eb30e-c8ae-467d-b494-2a86fec0a11e','Dashboard_View_Dashboard',''),(427,'67ae2b97-b24e-41d5-bf39-56b2834548d0','5a5f7cf8-21a6-434a-9330-db91b17d867c','ae2eb30e-c8ae-467d-b494-2a86fec0a11e','Document_Category_Create_Category',''),(428,'9c0e2186-06a4-4207-acbc-f6d8efa430b3','5a5f7cf8-21a6-434a-9330-db91b17d867c','ae2eb30e-c8ae-467d-b494-2a86fec0a11e','Document_Category_Delete_Category',''),(429,'ab45ef6a-a8e6-47ef-a182-6b88e2a6f9aa','5a5f7cf8-21a6-434a-9330-db91b17d867c','ae2eb30e-c8ae-467d-b494-2a86fec0a11e','Document_Category_View_Categories',''),(430,'cd46a3a4-ede5-4941-a49b-3df7eaa46428','5a5f7cf8-21a6-434a-9330-db91b17d867c','ae2eb30e-c8ae-467d-b494-2a86fec0a11e','Document_Category_Edit_Category',''),(431,'3ccaf408-8864-4815-a3e0-50632d90bcb6','97ff6eb0-39b3-4ddd-acf1-43205d5a9bb3','ae2eb30e-c8ae-467d-b494-2a86fec0a11e','Reminder_Edit_Reminder',''),(432,'5ea48d56-2ed3-4239-bb90-dd4d70a1b0b2','97ff6eb0-39b3-4ddd-acf1-43205d5a9bb3','ae2eb30e-c8ae-467d-b494-2a86fec0a11e','Reminder_Delete_Reminder',''),(433,'6bc0458e-22f5-4975-b387-4d6a4fb35201','97ff6eb0-39b3-4ddd-acf1-43205d5a9bb3','ae2eb30e-c8ae-467d-b494-2a86fec0a11e','Reminder_Create_Reminder',''),(434,'6f2717fc-edef-4537-916d-2d527251a5c1','97ff6eb0-39b3-4ddd-acf1-43205d5a9bb3','ae2eb30e-c8ae-467d-b494-2a86fec0a11e','Reminder_View_Reminders',''),(435,'a864a065-1323-413c-ae67-bebd54219cda','a6df043b-8c8f-41d5-9696-d20c9ca14616','ae2eb30e-c8ae-467d-b494-2a86fec0a11e','DOCUMENT_REGISTER_View_Document_Register',''),(436,'647368b9-e959-42e3-88b4-e82c4af46728','b68f2544-1cf8-4d8b-a9c7-eee64ecc3408','ae2eb30e-c8ae-467d-b494-2a86fec0a11e','Page_Helper_Manage_Page_Helper',''),(437,'01484c7b-122b-4b0d-a3b8-300ac4186021','d8ebdcab-522c-4a97-91f1-540e21b93533','ae2eb30e-c8ae-467d-b494-2a86fec0a11e','Sender_Manage_Sender',''),(438,'05572ea5-1ce6-11ee-b7f8-d85ed3312c1f','ed7e14c5-1ce5-11ee-b7f8-d85ed3312c1f','ae2eb30e-c8ae-467d-b494-2a86fec0a11e','Logs_View_Error_Logs',''),(439,'229ad778-c7d3-4f5f-ab52-24b537c39514','eddf9e8e-0c70-4cde-b5f9-117a879747d6','ae2eb30e-c8ae-467d-b494-2a86fec0a11e','All_Documents_Archive_Document',''),(440,'239035d5-cd44-475f-bbc5-9ef51768d389','eddf9e8e-0c70-4cde-b5f9-117a879747d6','ae2eb30e-c8ae-467d-b494-2a86fec0a11e','All_Documents_Create_Document',''),(441,'2ea6ba08-eb36-4e34-92d9-f1984c908b31','eddf9e8e-0c70-4cde-b5f9-117a879747d6','ae2eb30e-c8ae-467d-b494-2a86fec0a11e','All_Documents_Share_Document',''),(442,'3da78b4d-d263-4b13-8e81-7aa164a3688c','eddf9e8e-0c70-4cde-b5f9-117a879747d6','ae2eb30e-c8ae-467d-b494-2a86fec0a11e','All_Documents_Add_Reminder',''),(443,'595a769d-f7ef-45f3-9f9e-60c58c5e1542','eddf9e8e-0c70-4cde-b5f9-117a879747d6','ae2eb30e-c8ae-467d-b494-2a86fec0a11e','All_Documents_Send_Email',''),(444,'63ed1277-1db5-4cf7-8404-3e3426cb4bc5','eddf9e8e-0c70-4cde-b5f9-117a879747d6','ae2eb30e-c8ae-467d-b494-2a86fec0a11e','All_Documents_View_Documents',''),(445,'6719a065-8a4a-4350-8582-bfc41ce283fb','eddf9e8e-0c70-4cde-b5f9-117a879747d6','ae2eb30e-c8ae-467d-b494-2a86fec0a11e','All_Documents_Download_Document',''),(446,'a8dd972d-e758-4571-8d39-c6fec74b361b','eddf9e8e-0c70-4cde-b5f9-117a879747d6','ae2eb30e-c8ae-467d-b494-2a86fec0a11e','All_Documents_Edit_Document',''),(447,'ff4b3b73-c29f-462a-afa4-94a40e6b2c4a','f042bbee-d15f-40fb-b79a-8368f2c2e287','ae2eb30e-c8ae-467d-b494-2a86fec0a11e','Login_Audit_View_Login_Audit_Logs',''),(448,'6d222929-abfb-42a8-82f6-d9e3bc8dca55','fa4e3fa9-16e9-4028-a06a-3178c424dbb3','ae2eb30e-c8ae-467d-b494-2a86fec0a11e','RECIPIENT_Manage_Recipient',''),(449,'30e9f0dd-2cd3-43bb-b7e2-c5018eabab0d','fb8e14e4-d824-4fa1-932d-88f9cef81598','ae2eb30e-c8ae-467d-b494-2a86fec0a11e','ARCHIVE_DOCUMENT_RESTORE_DOCUMENT',''),(450,'ca0e0309-5c84-4290-b60a-175f64b5edfd','fb8e14e4-d824-4fa1-932d-88f9cef81598','ae2eb30e-c8ae-467d-b494-2a86fec0a11e','ARCHIVE_DOCUMENT_View_Archive_Documents',''),(451,'229ad778-c7d3-4f5f-ab52-24b537c39514','fc97dc8f-b4da-46b1-a179-ab206d8b7efd','ae2eb30e-c8ae-467d-b494-2a86fec0a11e','Assigned_Documents_Archive_Document',''),(452,'239035d5-cd44-475f-bbc5-9ef51768d389','fc97dc8f-b4da-46b1-a179-ab206d8b7efd','ae2eb30e-c8ae-467d-b494-2a86fec0a11e','Assigned_Documents_Create_Document',''),(453,'2ea6ba08-eb36-4e34-92d9-f1984c908b31','fc97dc8f-b4da-46b1-a179-ab206d8b7efd','ae2eb30e-c8ae-467d-b494-2a86fec0a11e','Assigned_Documents_Share_Document',''),(454,'a8dd972d-e758-4571-8d39-c6fec74b361b','fc97dc8f-b4da-46b1-a179-ab206d8b7efd','ae2eb30e-c8ae-467d-b494-2a86fec0a11e','Assigned_Documents_Edit_Document',''),(459,'1c7d3e31-08ad-43cf-9cf7-4ffafdda9029','2396f81c-f8b5-49ac-88d1-94ed57333f49','e422aae4-a15d-4332-b8e3-fd21b0c40ac2','Document_Audit_Trail_View_Document_Audit_Trail',''),(471,'7ba630ca-a9d3-42ee-99c8-766e2231fec1','42e44f15-8e33-423a-ad7f-17edc23d6dd3','e422aae4-a15d-4332-b8e3-fd21b0c40ac2','Dashboard_View_Dashboard',''),(472,'67ae2b97-b24e-41d5-bf39-56b2834548d0','5a5f7cf8-21a6-434a-9330-db91b17d867c','e422aae4-a15d-4332-b8e3-fd21b0c40ac2','Document_Category_Create_Category',''),(473,'9c0e2186-06a4-4207-acbc-f6d8efa430b3','5a5f7cf8-21a6-434a-9330-db91b17d867c','e422aae4-a15d-4332-b8e3-fd21b0c40ac2','Document_Category_Delete_Category',''),(474,'ab45ef6a-a8e6-47ef-a182-6b88e2a6f9aa','5a5f7cf8-21a6-434a-9330-db91b17d867c','e422aae4-a15d-4332-b8e3-fd21b0c40ac2','Document_Category_View_Categories',''),(475,'cd46a3a4-ede5-4941-a49b-3df7eaa46428','5a5f7cf8-21a6-434a-9330-db91b17d867c','e422aae4-a15d-4332-b8e3-fd21b0c40ac2','Document_Category_Edit_Category',''),(476,'3ccaf408-8864-4815-a3e0-50632d90bcb6','97ff6eb0-39b3-4ddd-acf1-43205d5a9bb3','e422aae4-a15d-4332-b8e3-fd21b0c40ac2','Reminder_Edit_Reminder',''),(477,'5ea48d56-2ed3-4239-bb90-dd4d70a1b0b2','97ff6eb0-39b3-4ddd-acf1-43205d5a9bb3','e422aae4-a15d-4332-b8e3-fd21b0c40ac2','Reminder_Delete_Reminder',''),(478,'6bc0458e-22f5-4975-b387-4d6a4fb35201','97ff6eb0-39b3-4ddd-acf1-43205d5a9bb3','e422aae4-a15d-4332-b8e3-fd21b0c40ac2','Reminder_Create_Reminder',''),(479,'6f2717fc-edef-4537-916d-2d527251a5c1','97ff6eb0-39b3-4ddd-acf1-43205d5a9bb3','e422aae4-a15d-4332-b8e3-fd21b0c40ac2','Reminder_View_Reminders',''),(480,'a864a065-1323-413c-ae67-bebd54219cda','a6df043b-8c8f-41d5-9696-d20c9ca14616','e422aae4-a15d-4332-b8e3-fd21b0c40ac2','DOCUMENT_REGISTER_View_Document_Register',''),(482,'01484c7b-122b-4b0d-a3b8-300ac4186021','d8ebdcab-522c-4a97-91f1-540e21b93533','e422aae4-a15d-4332-b8e3-fd21b0c40ac2','Sender_Manage_Sender',''),(485,'239035d5-cd44-475f-bbc5-9ef51768d389','eddf9e8e-0c70-4cde-b5f9-117a879747d6','e422aae4-a15d-4332-b8e3-fd21b0c40ac2','All_Documents_Create_Document',''),(493,'6d222929-abfb-42a8-82f6-d9e3bc8dca55','fa4e3fa9-16e9-4028-a06a-3178c424dbb3','e422aae4-a15d-4332-b8e3-fd21b0c40ac2','RECIPIENT_Manage_Recipient',''),(494,'30e9f0dd-2cd3-43bb-b7e2-c5018eabab0d','fb8e14e4-d824-4fa1-932d-88f9cef81598','e422aae4-a15d-4332-b8e3-fd21b0c40ac2','ARCHIVE_DOCUMENT_RESTORE_DOCUMENT',''),(495,'ca0e0309-5c84-4290-b60a-175f64b5edfd','fb8e14e4-d824-4fa1-932d-88f9cef81598','e422aae4-a15d-4332-b8e3-fd21b0c40ac2','ARCHIVE_DOCUMENT_View_Archive_Documents',''),(496,'229ad778-c7d3-4f5f-ab52-24b537c39514','fc97dc8f-b4da-46b1-a179-ab206d8b7efd','e422aae4-a15d-4332-b8e3-fd21b0c40ac2','Assigned_Documents_Archive_Document',''),(497,'239035d5-cd44-475f-bbc5-9ef51768d389','fc97dc8f-b4da-46b1-a179-ab206d8b7efd','e422aae4-a15d-4332-b8e3-fd21b0c40ac2','Assigned_Documents_Create_Document',''),(498,'2ea6ba08-eb36-4e34-92d9-f1984c908b31','fc97dc8f-b4da-46b1-a179-ab206d8b7efd','e422aae4-a15d-4332-b8e3-fd21b0c40ac2','Assigned_Documents_Share_Document',''),(499,'a8dd972d-e758-4571-8d39-c6fec74b361b','fc97dc8f-b4da-46b1-a179-ab206d8b7efd','e422aae4-a15d-4332-b8e3-fd21b0c40ac2','Assigned_Documents_Edit_Document',''),(500,'1c7d3e31-08ad-43cf-9cf7-4ffafdda9029','2396f81c-f8b5-49ac-88d1-94ed57333f49','763f016a-b416-447e-b434-4c2b8d13a749','Document_Audit_Trail_View_Document_Audit_Trail',''),(501,'7ba630ca-a9d3-42ee-99c8-766e2231fec1','42e44f15-8e33-423a-ad7f-17edc23d6dd3','763f016a-b416-447e-b434-4c2b8d13a749','Dashboard_View_Dashboard',''),(502,'67ae2b97-b24e-41d5-bf39-56b2834548d0','5a5f7cf8-21a6-434a-9330-db91b17d867c','763f016a-b416-447e-b434-4c2b8d13a749','Document_Category_Create_Category',''),(503,'9c0e2186-06a4-4207-acbc-f6d8efa430b3','5a5f7cf8-21a6-434a-9330-db91b17d867c','763f016a-b416-447e-b434-4c2b8d13a749','Document_Category_Delete_Category',''),(504,'ab45ef6a-a8e6-47ef-a182-6b88e2a6f9aa','5a5f7cf8-21a6-434a-9330-db91b17d867c','763f016a-b416-447e-b434-4c2b8d13a749','Document_Category_View_Categories',''),(505,'cd46a3a4-ede5-4941-a49b-3df7eaa46428','5a5f7cf8-21a6-434a-9330-db91b17d867c','763f016a-b416-447e-b434-4c2b8d13a749','Document_Category_Edit_Category',''),(506,'3ccaf408-8864-4815-a3e0-50632d90bcb6','97ff6eb0-39b3-4ddd-acf1-43205d5a9bb3','763f016a-b416-447e-b434-4c2b8d13a749','Reminder_Edit_Reminder',''),(507,'5ea48d56-2ed3-4239-bb90-dd4d70a1b0b2','97ff6eb0-39b3-4ddd-acf1-43205d5a9bb3','763f016a-b416-447e-b434-4c2b8d13a749','Reminder_Delete_Reminder',''),(508,'6bc0458e-22f5-4975-b387-4d6a4fb35201','97ff6eb0-39b3-4ddd-acf1-43205d5a9bb3','763f016a-b416-447e-b434-4c2b8d13a749','Reminder_Create_Reminder',''),(509,'6f2717fc-edef-4537-916d-2d527251a5c1','97ff6eb0-39b3-4ddd-acf1-43205d5a9bb3','763f016a-b416-447e-b434-4c2b8d13a749','Reminder_View_Reminders',''),(510,'a864a065-1323-413c-ae67-bebd54219cda','a6df043b-8c8f-41d5-9696-d20c9ca14616','763f016a-b416-447e-b434-4c2b8d13a749','DOCUMENT_REGISTER_View_Document_Register',''),(511,'01484c7b-122b-4b0d-a3b8-300ac4186021','d8ebdcab-522c-4a97-91f1-540e21b93533','763f016a-b416-447e-b434-4c2b8d13a749','Sender_Manage_Sender',''),(512,'6d222929-abfb-42a8-82f6-d9e3bc8dca55','fa4e3fa9-16e9-4028-a06a-3178c424dbb3','763f016a-b416-447e-b434-4c2b8d13a749','RECIPIENT_Manage_Recipient',''),(513,'229ad778-c7d3-4f5f-ab52-24b537c39514','fc97dc8f-b4da-46b1-a179-ab206d8b7efd','763f016a-b416-447e-b434-4c2b8d13a749','Assigned_Documents_Archive_Document',''),(514,'239035d5-cd44-475f-bbc5-9ef51768d389','fc97dc8f-b4da-46b1-a179-ab206d8b7efd','763f016a-b416-447e-b434-4c2b8d13a749','Assigned_Documents_Create_Document',''),(515,'2ea6ba08-eb36-4e34-92d9-f1984c908b31','fc97dc8f-b4da-46b1-a179-ab206d8b7efd','763f016a-b416-447e-b434-4c2b8d13a749','Assigned_Documents_Share_Document',''),(516,'a8dd972d-e758-4571-8d39-c6fec74b361b','fc97dc8f-b4da-46b1-a179-ab206d8b7efd','763f016a-b416-447e-b434-4c2b8d13a749','Assigned_Documents_Edit_Document',''),(518,'1c7d3e31-08ad-43cf-9cf7-4ffafdda9029','2396f81c-f8b5-49ac-88d1-94ed57333f49','53c7f76a-505f-4eb3-95f5-666fd5993127','Document_Audit_Trail_View_Document_Audit_Trail',''),(524,'1c7d3e31-08ad-43cf-9cf7-4ffafdda9029','2396f81c-f8b5-49ac-88d1-94ed57333f49','53c7f76a-505f-4eb3-95f5-666fd5993127','Document_Audit_Trail_View_Document_Audit_Trail',''),(536,'7ba630ca-a9d3-42ee-99c8-766e2231fec1','42e44f15-8e33-423a-ad7f-17edc23d6dd3','53c7f76a-505f-4eb3-95f5-666fd5993127','Dashboard_View_Dashboard',''),(537,'67ae2b97-b24e-41d5-bf39-56b2834548d0','5a5f7cf8-21a6-434a-9330-db91b17d867c','53c7f76a-505f-4eb3-95f5-666fd5993127','Document_Category_Create_Category',''),(538,'9c0e2186-06a4-4207-acbc-f6d8efa430b3','5a5f7cf8-21a6-434a-9330-db91b17d867c','53c7f76a-505f-4eb3-95f5-666fd5993127','Document_Category_Delete_Category',''),(539,'ab45ef6a-a8e6-47ef-a182-6b88e2a6f9aa','5a5f7cf8-21a6-434a-9330-db91b17d867c','53c7f76a-505f-4eb3-95f5-666fd5993127','Document_Category_View_Categories',''),(540,'cd46a3a4-ede5-4941-a49b-3df7eaa46428','5a5f7cf8-21a6-434a-9330-db91b17d867c','53c7f76a-505f-4eb3-95f5-666fd5993127','Document_Category_Edit_Category',''),(541,'3ccaf408-8864-4815-a3e0-50632d90bcb6','97ff6eb0-39b3-4ddd-acf1-43205d5a9bb3','53c7f76a-505f-4eb3-95f5-666fd5993127','Reminder_Edit_Reminder',''),(542,'5ea48d56-2ed3-4239-bb90-dd4d70a1b0b2','97ff6eb0-39b3-4ddd-acf1-43205d5a9bb3','53c7f76a-505f-4eb3-95f5-666fd5993127','Reminder_Delete_Reminder',''),(543,'6bc0458e-22f5-4975-b387-4d6a4fb35201','97ff6eb0-39b3-4ddd-acf1-43205d5a9bb3','53c7f76a-505f-4eb3-95f5-666fd5993127','Reminder_Create_Reminder',''),(544,'6f2717fc-edef-4537-916d-2d527251a5c1','97ff6eb0-39b3-4ddd-acf1-43205d5a9bb3','53c7f76a-505f-4eb3-95f5-666fd5993127','Reminder_View_Reminders',''),(545,'a864a065-1323-413c-ae67-bebd54219cda','a6df043b-8c8f-41d5-9696-d20c9ca14616','53c7f76a-505f-4eb3-95f5-666fd5993127','DOCUMENT_REGISTER_View_Document_Register',''),(547,'01484c7b-122b-4b0d-a3b8-300ac4186021','d8ebdcab-522c-4a97-91f1-540e21b93533','53c7f76a-505f-4eb3-95f5-666fd5993127','Sender_Manage_Sender',''),(549,'229ad778-c7d3-4f5f-ab52-24b537c39514','eddf9e8e-0c70-4cde-b5f9-117a879747d6','53c7f76a-505f-4eb3-95f5-666fd5993127','All_Documents_Archive_Document',''),(550,'239035d5-cd44-475f-bbc5-9ef51768d389','eddf9e8e-0c70-4cde-b5f9-117a879747d6','53c7f76a-505f-4eb3-95f5-666fd5993127','All_Documents_Create_Document',''),(551,'2ea6ba08-eb36-4e34-92d9-f1984c908b31','eddf9e8e-0c70-4cde-b5f9-117a879747d6','53c7f76a-505f-4eb3-95f5-666fd5993127','All_Documents_Share_Document',''),(552,'3da78b4d-d263-4b13-8e81-7aa164a3688c','eddf9e8e-0c70-4cde-b5f9-117a879747d6','53c7f76a-505f-4eb3-95f5-666fd5993127','All_Documents_Add_Reminder',''),(553,'595a769d-f7ef-45f3-9f9e-60c58c5e1542','eddf9e8e-0c70-4cde-b5f9-117a879747d6','53c7f76a-505f-4eb3-95f5-666fd5993127','All_Documents_Send_Email',''),(554,'63ed1277-1db5-4cf7-8404-3e3426cb4bc5','eddf9e8e-0c70-4cde-b5f9-117a879747d6','53c7f76a-505f-4eb3-95f5-666fd5993127','All_Documents_View_Documents',''),(555,'6719a065-8a4a-4350-8582-bfc41ce283fb','eddf9e8e-0c70-4cde-b5f9-117a879747d6','53c7f76a-505f-4eb3-95f5-666fd5993127','All_Documents_Download_Document',''),(556,'a8dd972d-e758-4571-8d39-c6fec74b361b','eddf9e8e-0c70-4cde-b5f9-117a879747d6','53c7f76a-505f-4eb3-95f5-666fd5993127','All_Documents_Edit_Document',''),(558,'6d222929-abfb-42a8-82f6-d9e3bc8dca55','fa4e3fa9-16e9-4028-a06a-3178c424dbb3','53c7f76a-505f-4eb3-95f5-666fd5993127','RECIPIENT_Manage_Recipient',''),(559,'30e9f0dd-2cd3-43bb-b7e2-c5018eabab0d','fb8e14e4-d824-4fa1-932d-88f9cef81598','53c7f76a-505f-4eb3-95f5-666fd5993127','ARCHIVE_DOCUMENT_RESTORE_DOCUMENT',''),(560,'ca0e0309-5c84-4290-b60a-175f64b5edfd','fb8e14e4-d824-4fa1-932d-88f9cef81598','53c7f76a-505f-4eb3-95f5-666fd5993127','ARCHIVE_DOCUMENT_View_Archive_Documents',''),(561,'229ad778-c7d3-4f5f-ab52-24b537c39514','fc97dc8f-b4da-46b1-a179-ab206d8b7efd','53c7f76a-505f-4eb3-95f5-666fd5993127','Assigned_Documents_Archive_Document',''),(562,'239035d5-cd44-475f-bbc5-9ef51768d389','fc97dc8f-b4da-46b1-a179-ab206d8b7efd','53c7f76a-505f-4eb3-95f5-666fd5993127','Assigned_Documents_Create_Document',''),(563,'2ea6ba08-eb36-4e34-92d9-f1984c908b31','fc97dc8f-b4da-46b1-a179-ab206d8b7efd','53c7f76a-505f-4eb3-95f5-666fd5993127','Assigned_Documents_Share_Document',''),(564,'a8dd972d-e758-4571-8d39-c6fec74b361b','fc97dc8f-b4da-46b1-a179-ab206d8b7efd','53c7f76a-505f-4eb3-95f5-666fd5993127','Assigned_Documents_Edit_Document',''),(565,'239035d5-cd44-475f-bbc5-9ef51768d389','eddf9e8e-0c70-4cde-b5f9-117a879747d6','763f016a-b416-447e-b434-4c2b8d13a749','All_Documents_Create_Document',''),(567,'1c7d3e31-08ad-43cf-9cf7-4ffafdda9029','2396f81c-f8b5-49ac-88d1-94ed57333f49','b25dbb76-b0dd-4cce-a7d9-ba975a312d92','Document_Audit_Trail_View_Document_Audit_Trail',''),(568,'7ba630ca-a9d3-42ee-99c8-766e2231fec1','42e44f15-8e33-423a-ad7f-17edc23d6dd3','b25dbb76-b0dd-4cce-a7d9-ba975a312d92','Dashboard_View_Dashboard',''),(569,'67ae2b97-b24e-41d5-bf39-56b2834548d0','5a5f7cf8-21a6-434a-9330-db91b17d867c','b25dbb76-b0dd-4cce-a7d9-ba975a312d92','Document_Category_Create_Category',''),(570,'9c0e2186-06a4-4207-acbc-f6d8efa430b3','5a5f7cf8-21a6-434a-9330-db91b17d867c','b25dbb76-b0dd-4cce-a7d9-ba975a312d92','Document_Category_Delete_Category',''),(571,'ab45ef6a-a8e6-47ef-a182-6b88e2a6f9aa','5a5f7cf8-21a6-434a-9330-db91b17d867c','b25dbb76-b0dd-4cce-a7d9-ba975a312d92','Document_Category_View_Categories',''),(572,'cd46a3a4-ede5-4941-a49b-3df7eaa46428','5a5f7cf8-21a6-434a-9330-db91b17d867c','b25dbb76-b0dd-4cce-a7d9-ba975a312d92','Document_Category_Edit_Category',''),(573,'3ccaf408-8864-4815-a3e0-50632d90bcb6','97ff6eb0-39b3-4ddd-acf1-43205d5a9bb3','b25dbb76-b0dd-4cce-a7d9-ba975a312d92','Reminder_Edit_Reminder',''),(574,'5ea48d56-2ed3-4239-bb90-dd4d70a1b0b2','97ff6eb0-39b3-4ddd-acf1-43205d5a9bb3','b25dbb76-b0dd-4cce-a7d9-ba975a312d92','Reminder_Delete_Reminder',''),(575,'6bc0458e-22f5-4975-b387-4d6a4fb35201','97ff6eb0-39b3-4ddd-acf1-43205d5a9bb3','b25dbb76-b0dd-4cce-a7d9-ba975a312d92','Reminder_Create_Reminder',''),(576,'6f2717fc-edef-4537-916d-2d527251a5c1','97ff6eb0-39b3-4ddd-acf1-43205d5a9bb3','b25dbb76-b0dd-4cce-a7d9-ba975a312d92','Reminder_View_Reminders',''),(577,'a864a065-1323-413c-ae67-bebd54219cda','a6df043b-8c8f-41d5-9696-d20c9ca14616','b25dbb76-b0dd-4cce-a7d9-ba975a312d92','DOCUMENT_REGISTER_View_Document_Register',''),(578,'01484c7b-122b-4b0d-a3b8-300ac4186021','d8ebdcab-522c-4a97-91f1-540e21b93533','b25dbb76-b0dd-4cce-a7d9-ba975a312d92','Sender_Manage_Sender',''),(580,'239035d5-cd44-475f-bbc5-9ef51768d389','eddf9e8e-0c70-4cde-b5f9-117a879747d6','b25dbb76-b0dd-4cce-a7d9-ba975a312d92','All_Documents_Create_Document',''),(582,'3da78b4d-d263-4b13-8e81-7aa164a3688c','eddf9e8e-0c70-4cde-b5f9-117a879747d6','b25dbb76-b0dd-4cce-a7d9-ba975a312d92','All_Documents_Add_Reminder',''),(587,'6d222929-abfb-42a8-82f6-d9e3bc8dca55','fa4e3fa9-16e9-4028-a06a-3178c424dbb3','b25dbb76-b0dd-4cce-a7d9-ba975a312d92','RECIPIENT_Manage_Recipient',''),(588,'30e9f0dd-2cd3-43bb-b7e2-c5018eabab0d','fb8e14e4-d824-4fa1-932d-88f9cef81598','b25dbb76-b0dd-4cce-a7d9-ba975a312d92','ARCHIVE_DOCUMENT_RESTORE_DOCUMENT',''),(589,'ca0e0309-5c84-4290-b60a-175f64b5edfd','fb8e14e4-d824-4fa1-932d-88f9cef81598','b25dbb76-b0dd-4cce-a7d9-ba975a312d92','ARCHIVE_DOCUMENT_View_Archive_Documents',''),(590,'229ad778-c7d3-4f5f-ab52-24b537c39514','fc97dc8f-b4da-46b1-a179-ab206d8b7efd','b25dbb76-b0dd-4cce-a7d9-ba975a312d92','Assigned_Documents_Archive_Document',''),(591,'239035d5-cd44-475f-bbc5-9ef51768d389','fc97dc8f-b4da-46b1-a179-ab206d8b7efd','b25dbb76-b0dd-4cce-a7d9-ba975a312d92','Assigned_Documents_Create_Document',''),(592,'2ea6ba08-eb36-4e34-92d9-f1984c908b31','fc97dc8f-b4da-46b1-a179-ab206d8b7efd','b25dbb76-b0dd-4cce-a7d9-ba975a312d92','Assigned_Documents_Share_Document',''),(593,'a8dd972d-e758-4571-8d39-c6fec74b361b','fc97dc8f-b4da-46b1-a179-ab206d8b7efd','b25dbb76-b0dd-4cce-a7d9-ba975a312d92','Assigned_Documents_Edit_Document',''),(594,'7d024ff2-59ea-4e47-9da5-c1525bd9a84d','a6df043b-8c8f-41d5-9696-d20c9ca14616','f25c6b1f-99d5-4e89-b3a7-3fd772b188f9','DOCUMENT_REGISTER_View_All_Document_Register',''),(595,'7d024ff2-59ea-4e47-9da5-c1525bd9a84d','a6df043b-8c8f-41d5-9696-d20c9ca14616','53c7f76a-505f-4eb3-95f5-666fd5993127','DOCUMENT_REGISTER_View_All_Document_Register',''),(596,'7d024ff2-59ea-4e47-9da5-c1525bd9a84d','a6df043b-8c8f-41d5-9696-d20c9ca14616','fedeac7a-a665-40a4-af02-f47ec4b7aff5','DOCUMENT_REGISTER_View_All_Document_Register',''),(597,'18a5a8f6-7cb6-4178-857d-b6a981ea3d4f','090ea443-01c7-4638-a194-ad3416a5ea7a','50f1d9d0-e5c2-497d-8df2-d79d20160a57','Role_Delete_Role',''),(598,'57216dcd-1a1c-4f94-a33d-83a5af2d7a46','090ea443-01c7-4638-a194-ad3416a5ea7a','50f1d9d0-e5c2-497d-8df2-d79d20160a57','Role_View_Roles',''),(599,'c288b5d3-419d-4dc0-9e5a-083194016d2c','090ea443-01c7-4638-a194-ad3416a5ea7a','50f1d9d0-e5c2-497d-8df2-d79d20160a57','Role_Edit_Role',''),(600,'db8825b1-ee4e-49f6-9a08-b0210ed53fd4','090ea443-01c7-4638-a194-ad3416a5ea7a','50f1d9d0-e5c2-497d-8df2-d79d20160a57','Role_Create_Role',''),(601,'1c7d3e31-08ad-43cf-9cf7-4ffafdda9029','2396f81c-f8b5-49ac-88d1-94ed57333f49','50f1d9d0-e5c2-497d-8df2-d79d20160a57','Document_Audit_Trail_View_Document_Audit_Trail',''),(602,'41f65d07-9023-4cfb-9c7c-0e3247a012e0','2e3c07a4-fcac-4303-ae47-0d0f796403c9','50f1d9d0-e5c2-497d-8df2-d79d20160a57','Email_View_SMTP_Settings',''),(603,'4f19045b-e9a8-403b-b730-8453ee72830e','2e3c07a4-fcac-4303-ae47-0d0f796403c9','50f1d9d0-e5c2-497d-8df2-d79d20160a57','Email_Delete_SMTP_Setting',''),(604,'752ae5b8-e34f-4b32-81f2-2cf709881663','2e3c07a4-fcac-4303-ae47-0d0f796403c9','50f1d9d0-e5c2-497d-8df2-d79d20160a57','Email_Edit_SMTP_Setting',''),(605,'ab0544d7-2276-4f3b-b450-7f0fa11c3dd9','2e3c07a4-fcac-4303-ae47-0d0f796403c9','50f1d9d0-e5c2-497d-8df2-d79d20160a57','Email_Create_SMTP_Setting',''),(606,'0a2e19fc-d9f2-446c-8ca3-e6b8b73b5f9b','324bdc51-d71f-4f80-9f28-a30e8aae4009','50f1d9d0-e5c2-497d-8df2-d79d20160a57','User_Edit_User',''),(607,'31cb6438-7d4a-4385-8a34-b4e8f6096a48','324bdc51-d71f-4f80-9f28-a30e8aae4009','50f1d9d0-e5c2-497d-8df2-d79d20160a57','User_View_Users',''),(608,'374d74aa-a580-4928-848d-f7553db39914','324bdc51-d71f-4f80-9f28-a30e8aae4009','50f1d9d0-e5c2-497d-8df2-d79d20160a57','User_Delete_User',''),(609,'86ce1382-a2b1-48ed-ae81-c9908d00cf3b','324bdc51-d71f-4f80-9f28-a30e8aae4009','50f1d9d0-e5c2-497d-8df2-d79d20160a57','User_Create_User',''),(610,'d4d724fc-fd38-49c4-85bc-73937b219e20','324bdc51-d71f-4f80-9f28-a30e8aae4009','50f1d9d0-e5c2-497d-8df2-d79d20160a57','User_Reset_Password',''),(611,'e506ec48-b99a-45b4-9ec9-6451bc67477b','324bdc51-d71f-4f80-9f28-a30e8aae4009','50f1d9d0-e5c2-497d-8df2-d79d20160a57','User_Assign_Permission',''),(612,'fbe77c07-3058-4dbe-9d56-8c75dc879460','324bdc51-d71f-4f80-9f28-a30e8aae4009','50f1d9d0-e5c2-497d-8df2-d79d20160a57','User_Assign_User_Role',''),(613,'7ba630ca-a9d3-42ee-99c8-766e2231fec1','42e44f15-8e33-423a-ad7f-17edc23d6dd3','50f1d9d0-e5c2-497d-8df2-d79d20160a57','Dashboard_View_Dashboard',''),(614,'67ae2b97-b24e-41d5-bf39-56b2834548d0','5a5f7cf8-21a6-434a-9330-db91b17d867c','50f1d9d0-e5c2-497d-8df2-d79d20160a57','Document_Category_Create_Category',''),(615,'9c0e2186-06a4-4207-acbc-f6d8efa430b3','5a5f7cf8-21a6-434a-9330-db91b17d867c','50f1d9d0-e5c2-497d-8df2-d79d20160a57','Document_Category_Delete_Category',''),(616,'ab45ef6a-a8e6-47ef-a182-6b88e2a6f9aa','5a5f7cf8-21a6-434a-9330-db91b17d867c','50f1d9d0-e5c2-497d-8df2-d79d20160a57','Document_Category_View_Categories',''),(617,'cd46a3a4-ede5-4941-a49b-3df7eaa46428','5a5f7cf8-21a6-434a-9330-db91b17d867c','50f1d9d0-e5c2-497d-8df2-d79d20160a57','Document_Category_Edit_Category',''),(618,'3ccaf408-8864-4815-a3e0-50632d90bcb6','97ff6eb0-39b3-4ddd-acf1-43205d5a9bb3','50f1d9d0-e5c2-497d-8df2-d79d20160a57','Reminder_Edit_Reminder',''),(619,'5ea48d56-2ed3-4239-bb90-dd4d70a1b0b2','97ff6eb0-39b3-4ddd-acf1-43205d5a9bb3','50f1d9d0-e5c2-497d-8df2-d79d20160a57','Reminder_Delete_Reminder',''),(620,'6bc0458e-22f5-4975-b387-4d6a4fb35201','97ff6eb0-39b3-4ddd-acf1-43205d5a9bb3','50f1d9d0-e5c2-497d-8df2-d79d20160a57','Reminder_Create_Reminder',''),(621,'6f2717fc-edef-4537-916d-2d527251a5c1','97ff6eb0-39b3-4ddd-acf1-43205d5a9bb3','50f1d9d0-e5c2-497d-8df2-d79d20160a57','Reminder_View_Reminders',''),(622,'7d024ff2-59ea-4e47-9da5-c1525bd9a84d','a6df043b-8c8f-41d5-9696-d20c9ca14616','50f1d9d0-e5c2-497d-8df2-d79d20160a57','DOCUMENT_REGISTER_View_All_Document_Register',''),(623,'a864a065-1323-413c-ae67-bebd54219cda','a6df043b-8c8f-41d5-9696-d20c9ca14616','50f1d9d0-e5c2-497d-8df2-d79d20160a57','DOCUMENT_REGISTER_View_Document_Register',''),(624,'647368b9-e959-42e3-88b4-e82c4af46728','b68f2544-1cf8-4d8b-a9c7-eee64ecc3408','50f1d9d0-e5c2-497d-8df2-d79d20160a57','Page_Helper_Manage_Page_Helper',''),(625,'01484c7b-122b-4b0d-a3b8-300ac4186021','d8ebdcab-522c-4a97-91f1-540e21b93533','50f1d9d0-e5c2-497d-8df2-d79d20160a57','Sender_Manage_Sender',''),(626,'05572ea5-1ce6-11ee-b7f8-d85ed3312c1f','ed7e14c5-1ce5-11ee-b7f8-d85ed3312c1f','50f1d9d0-e5c2-497d-8df2-d79d20160a57','Logs_View_Error_Logs',''),(627,'229ad778-c7d3-4f5f-ab52-24b537c39514','eddf9e8e-0c70-4cde-b5f9-117a879747d6','50f1d9d0-e5c2-497d-8df2-d79d20160a57','All_Documents_Archive_Document',''),(628,'239035d5-cd44-475f-bbc5-9ef51768d389','eddf9e8e-0c70-4cde-b5f9-117a879747d6','50f1d9d0-e5c2-497d-8df2-d79d20160a57','All_Documents_Create_Document',''),(629,'2ea6ba08-eb36-4e34-92d9-f1984c908b31','eddf9e8e-0c70-4cde-b5f9-117a879747d6','50f1d9d0-e5c2-497d-8df2-d79d20160a57','All_Documents_Share_Document',''),(630,'3da78b4d-d263-4b13-8e81-7aa164a3688c','eddf9e8e-0c70-4cde-b5f9-117a879747d6','50f1d9d0-e5c2-497d-8df2-d79d20160a57','All_Documents_Add_Reminder',''),(631,'595a769d-f7ef-45f3-9f9e-60c58c5e1542','eddf9e8e-0c70-4cde-b5f9-117a879747d6','50f1d9d0-e5c2-497d-8df2-d79d20160a57','All_Documents_Send_Email',''),(632,'63ed1277-1db5-4cf7-8404-3e3426cb4bc5','eddf9e8e-0c70-4cde-b5f9-117a879747d6','50f1d9d0-e5c2-497d-8df2-d79d20160a57','All_Documents_View_Documents',''),(633,'6719a065-8a4a-4350-8582-bfc41ce283fb','eddf9e8e-0c70-4cde-b5f9-117a879747d6','50f1d9d0-e5c2-497d-8df2-d79d20160a57','All_Documents_Download_Document',''),(634,'a8dd972d-e758-4571-8d39-c6fec74b361b','eddf9e8e-0c70-4cde-b5f9-117a879747d6','50f1d9d0-e5c2-497d-8df2-d79d20160a57','All_Documents_Edit_Document',''),(635,'ff4b3b73-c29f-462a-afa4-94a40e6b2c4a','f042bbee-d15f-40fb-b79a-8368f2c2e287','50f1d9d0-e5c2-497d-8df2-d79d20160a57','Login_Audit_View_Login_Audit_Logs',''),(636,'6d222929-abfb-42a8-82f6-d9e3bc8dca55','fa4e3fa9-16e9-4028-a06a-3178c424dbb3','50f1d9d0-e5c2-497d-8df2-d79d20160a57','RECIPIENT_Manage_Recipient',''),(637,'30e9f0dd-2cd3-43bb-b7e2-c5018eabab0d','fb8e14e4-d824-4fa1-932d-88f9cef81598','50f1d9d0-e5c2-497d-8df2-d79d20160a57','ARCHIVE_DOCUMENT_RESTORE_DOCUMENT',''),(638,'ca0e0309-5c84-4290-b60a-175f64b5edfd','fb8e14e4-d824-4fa1-932d-88f9cef81598','50f1d9d0-e5c2-497d-8df2-d79d20160a57','ARCHIVE_DOCUMENT_View_Archive_Documents',''),(639,'229ad778-c7d3-4f5f-ab52-24b537c39514','fc97dc8f-b4da-46b1-a179-ab206d8b7efd','50f1d9d0-e5c2-497d-8df2-d79d20160a57','Assigned_Documents_Archive_Document',''),(640,'239035d5-cd44-475f-bbc5-9ef51768d389','fc97dc8f-b4da-46b1-a179-ab206d8b7efd','50f1d9d0-e5c2-497d-8df2-d79d20160a57','Assigned_Documents_Create_Document',''),(641,'2ea6ba08-eb36-4e34-92d9-f1984c908b31','fc97dc8f-b4da-46b1-a179-ab206d8b7efd','50f1d9d0-e5c2-497d-8df2-d79d20160a57','Assigned_Documents_Share_Document',''),(642,'a8dd972d-e758-4571-8d39-c6fec74b361b','fc97dc8f-b4da-46b1-a179-ab206d8b7efd','50f1d9d0-e5c2-497d-8df2-d79d20160a57','Assigned_Documents_Edit_Document',''),(643,'a4f82a2b-53f2-44f7-9541-7c5195aac38f','52b52bc7-d29c-4bab-90f1-968175c6b523','fedeac7a-a665-40a4-af02-f47ec4b7aff5','CANCELED_DOCUMENTS_View_Canceled_Documents',''),(644,'0a470eac-47a9-4d59-8292-3218f9226ba5','fc97dc8f-b4da-46b1-a179-ab206d8b7efd','fedeac7a-a665-40a4-af02-f47ec4b7aff5','Assigned_Documents_Cancel_Document',''),(645,'0a470eac-47a9-4d59-8292-3218f9226ba5','fc97dc8f-b4da-46b1-a179-ab206d8b7efd','fedeac7a-a665-40a4-af02-f47ec4b7aff5','Assigned_Documents_Cancel_Document',''),(646,'229ad778-c7d3-4f5f-ab52-24b537c39514','fc97dc8f-b4da-46b1-a179-ab206d8b7efd','fedeac7a-a665-40a4-af02-f47ec4b7aff5','Assigned_Documents_Archive_Document',''),(647,'239035d5-cd44-475f-bbc5-9ef51768d389','fc97dc8f-b4da-46b1-a179-ab206d8b7efd','fedeac7a-a665-40a4-af02-f47ec4b7aff5','Assigned_Documents_Create_Document',''),(648,'2ea6ba08-eb36-4e34-92d9-f1984c908b31','fc97dc8f-b4da-46b1-a179-ab206d8b7efd','fedeac7a-a665-40a4-af02-f47ec4b7aff5','Assigned_Documents_Share_Document',''),(649,'a8dd972d-e758-4571-8d39-c6fec74b361b','fc97dc8f-b4da-46b1-a179-ab206d8b7efd','fedeac7a-a665-40a4-af02-f47ec4b7aff5','Assigned_Documents_Edit_Document',''),(650,'a4f82a2b-53f2-44f7-9541-7c5195aac38f','52b52bc7-d29c-4bab-90f1-968175c6b523','fedeac7a-a665-40a4-af02-f47ec4b7aff5','CANCELED_DOCUMENTS_View_Canceled_Documents',''),(651,'0a470eac-47a9-4d59-8292-3218f9226ba5','fc97dc8f-b4da-46b1-a179-ab206d8b7efd','50f1d9d0-e5c2-497d-8df2-d79d20160a57','Assigned_Documents_Cancel_Document',''),(652,'0a470eac-47a9-4d59-8292-3218f9226ba5','eddf9e8e-0c70-4cde-b5f9-117a879747d6','50f1d9d0-e5c2-497d-8df2-d79d20160a57','All_Documents_Cancel_Document',''),(653,'a4f82a2b-53f2-44f7-9541-7c5195aac38f','52b52bc7-d29c-4bab-90f1-968175c6b523','50f1d9d0-e5c2-497d-8df2-d79d20160a57','CANCELED_DOCUMENTS_View_Canceled_Documents',''),(654,'a4f82a2b-53f2-44f7-9541-7c5195aac38f','52b52bc7-d29c-4bab-90f1-968175c6b523','763f016a-b416-447e-b434-4c2b8d13a749','CANCELED_DOCUMENTS_View_Canceled_Documents',''),(655,'67ae2b97-b24e-41d5-bf39-56b2834548d0','5a5f7cf8-21a6-434a-9330-db91b17d867c','763f016a-b416-447e-b434-4c2b8d13a749','Document_Category_Create_Category',''),(656,'9c0e2186-06a4-4207-acbc-f6d8efa430b3','5a5f7cf8-21a6-434a-9330-db91b17d867c','763f016a-b416-447e-b434-4c2b8d13a749','Document_Category_Delete_Category',''),(657,'ab45ef6a-a8e6-47ef-a182-6b88e2a6f9aa','5a5f7cf8-21a6-434a-9330-db91b17d867c','763f016a-b416-447e-b434-4c2b8d13a749','Document_Category_View_Categories',''),(658,'cd46a3a4-ede5-4941-a49b-3df7eaa46428','5a5f7cf8-21a6-434a-9330-db91b17d867c','763f016a-b416-447e-b434-4c2b8d13a749','Document_Category_Edit_Category',''),(659,'3ccaf408-8864-4815-a3e0-50632d90bcb6','97ff6eb0-39b3-4ddd-acf1-43205d5a9bb3','763f016a-b416-447e-b434-4c2b8d13a749','Reminder_Edit_Reminder',''),(660,'5ea48d56-2ed3-4239-bb90-dd4d70a1b0b2','97ff6eb0-39b3-4ddd-acf1-43205d5a9bb3','763f016a-b416-447e-b434-4c2b8d13a749','Reminder_Delete_Reminder',''),(661,'6bc0458e-22f5-4975-b387-4d6a4fb35201','97ff6eb0-39b3-4ddd-acf1-43205d5a9bb3','763f016a-b416-447e-b434-4c2b8d13a749','Reminder_Create_Reminder',''),(662,'6f2717fc-edef-4537-916d-2d527251a5c1','97ff6eb0-39b3-4ddd-acf1-43205d5a9bb3','763f016a-b416-447e-b434-4c2b8d13a749','Reminder_View_Reminders',''),(663,'a864a065-1323-413c-ae67-bebd54219cda','a6df043b-8c8f-41d5-9696-d20c9ca14616','763f016a-b416-447e-b434-4c2b8d13a749','DOCUMENT_REGISTER_View_Document_Register',''),(666,'239035d5-cd44-475f-bbc5-9ef51768d389','eddf9e8e-0c70-4cde-b5f9-117a879747d6','763f016a-b416-447e-b434-4c2b8d13a749','All_Documents_Create_Document',''),(673,'18a5a8f6-7cb6-4178-857d-b6a981ea3d4f','090ea443-01c7-4638-a194-ad3416a5ea7a','fedeac7a-a665-40a4-af02-f47ec4b7aff5','Role_Delete_Role',''),(674,'57216dcd-1a1c-4f94-a33d-83a5af2d7a46','090ea443-01c7-4638-a194-ad3416a5ea7a','fedeac7a-a665-40a4-af02-f47ec4b7aff5','Role_View_Roles',''),(675,'c288b5d3-419d-4dc0-9e5a-083194016d2c','090ea443-01c7-4638-a194-ad3416a5ea7a','fedeac7a-a665-40a4-af02-f47ec4b7aff5','Role_Edit_Role',''),(676,'db8825b1-ee4e-49f6-9a08-b0210ed53fd4','090ea443-01c7-4638-a194-ad3416a5ea7a','fedeac7a-a665-40a4-af02-f47ec4b7aff5','Role_Create_Role',''),(677,'1c7d3e31-08ad-43cf-9cf7-4ffafdda9029','2396f81c-f8b5-49ac-88d1-94ed57333f49','fedeac7a-a665-40a4-af02-f47ec4b7aff5','Document_Audit_Trail_View_Document_Audit_Trail',''),(678,'abeb7422-e049-4e13-a7fe-b0c3f120e9af','2aaedf5f-9f22-4788-8e2b-ed8bf45dbbf8','fedeac7a-a665-40a4-af02-f47ec4b7aff5','CONEX_DOCUMENT_MANAGE_CONEX_DOCUMENT',''),(679,'41f65d07-9023-4cfb-9c7c-0e3247a012e0','2e3c07a4-fcac-4303-ae47-0d0f796403c9','fedeac7a-a665-40a4-af02-f47ec4b7aff5','Email_View_SMTP_Settings',''),(680,'4f19045b-e9a8-403b-b730-8453ee72830e','2e3c07a4-fcac-4303-ae47-0d0f796403c9','fedeac7a-a665-40a4-af02-f47ec4b7aff5','Email_Delete_SMTP_Setting',''),(681,'752ae5b8-e34f-4b32-81f2-2cf709881663','2e3c07a4-fcac-4303-ae47-0d0f796403c9','fedeac7a-a665-40a4-af02-f47ec4b7aff5','Email_Edit_SMTP_Setting',''),(682,'ab0544d7-2276-4f3b-b450-7f0fa11c3dd9','2e3c07a4-fcac-4303-ae47-0d0f796403c9','fedeac7a-a665-40a4-af02-f47ec4b7aff5','Email_Create_SMTP_Setting',''),(683,'0a2e19fc-d9f2-446c-8ca3-e6b8b73b5f9b','324bdc51-d71f-4f80-9f28-a30e8aae4009','fedeac7a-a665-40a4-af02-f47ec4b7aff5','User_Edit_User',''),(684,'31cb6438-7d4a-4385-8a34-b4e8f6096a48','324bdc51-d71f-4f80-9f28-a30e8aae4009','fedeac7a-a665-40a4-af02-f47ec4b7aff5','User_View_Users',''),(685,'374d74aa-a580-4928-848d-f7553db39914','324bdc51-d71f-4f80-9f28-a30e8aae4009','fedeac7a-a665-40a4-af02-f47ec4b7aff5','User_Delete_User',''),(686,'86ce1382-a2b1-48ed-ae81-c9908d00cf3b','324bdc51-d71f-4f80-9f28-a30e8aae4009','fedeac7a-a665-40a4-af02-f47ec4b7aff5','User_Create_User',''),(687,'d4d724fc-fd38-49c4-85bc-73937b219e20','324bdc51-d71f-4f80-9f28-a30e8aae4009','fedeac7a-a665-40a4-af02-f47ec4b7aff5','User_Reset_Password',''),(688,'e506ec48-b99a-45b4-9ec9-6451bc67477b','324bdc51-d71f-4f80-9f28-a30e8aae4009','fedeac7a-a665-40a4-af02-f47ec4b7aff5','User_Assign_Permission',''),(689,'fbe77c07-3058-4dbe-9d56-8c75dc879460','324bdc51-d71f-4f80-9f28-a30e8aae4009','fedeac7a-a665-40a4-af02-f47ec4b7aff5','User_Assign_User_Role',''),(690,'7ba630ca-a9d3-42ee-99c8-766e2231fec1','42e44f15-8e33-423a-ad7f-17edc23d6dd3','fedeac7a-a665-40a4-af02-f47ec4b7aff5','Dashboard_View_Dashboard',''),(691,'a4f82a2b-53f2-44f7-9541-7c5195aac38f','52b52bc7-d29c-4bab-90f1-968175c6b523','fedeac7a-a665-40a4-af02-f47ec4b7aff5','CANCELED_DOCUMENTS_View_Canceled_Documents',''),(692,'67ae2b97-b24e-41d5-bf39-56b2834548d0','5a5f7cf8-21a6-434a-9330-db91b17d867c','fedeac7a-a665-40a4-af02-f47ec4b7aff5','Document_Category_Create_Category',''),(693,'9c0e2186-06a4-4207-acbc-f6d8efa430b3','5a5f7cf8-21a6-434a-9330-db91b17d867c','fedeac7a-a665-40a4-af02-f47ec4b7aff5','Document_Category_Delete_Category',''),(694,'ab45ef6a-a8e6-47ef-a182-6b88e2a6f9aa','5a5f7cf8-21a6-434a-9330-db91b17d867c','fedeac7a-a665-40a4-af02-f47ec4b7aff5','Document_Category_View_Categories',''),(695,'cd46a3a4-ede5-4941-a49b-3df7eaa46428','5a5f7cf8-21a6-434a-9330-db91b17d867c','fedeac7a-a665-40a4-af02-f47ec4b7aff5','Document_Category_Edit_Category',''),(696,'3ccaf408-8864-4815-a3e0-50632d90bcb6','97ff6eb0-39b3-4ddd-acf1-43205d5a9bb3','fedeac7a-a665-40a4-af02-f47ec4b7aff5','Reminder_Edit_Reminder',''),(697,'5ea48d56-2ed3-4239-bb90-dd4d70a1b0b2','97ff6eb0-39b3-4ddd-acf1-43205d5a9bb3','fedeac7a-a665-40a4-af02-f47ec4b7aff5','Reminder_Delete_Reminder',''),(698,'6bc0458e-22f5-4975-b387-4d6a4fb35201','97ff6eb0-39b3-4ddd-acf1-43205d5a9bb3','fedeac7a-a665-40a4-af02-f47ec4b7aff5','Reminder_Create_Reminder',''),(699,'6f2717fc-edef-4537-916d-2d527251a5c1','97ff6eb0-39b3-4ddd-acf1-43205d5a9bb3','fedeac7a-a665-40a4-af02-f47ec4b7aff5','Reminder_View_Reminders',''),(700,'7d024ff2-59ea-4e47-9da5-c1525bd9a84d','a6df043b-8c8f-41d5-9696-d20c9ca14616','fedeac7a-a665-40a4-af02-f47ec4b7aff5','DOCUMENT_REGISTER_View_All_Document_Register',''),(701,'a864a065-1323-413c-ae67-bebd54219cda','a6df043b-8c8f-41d5-9696-d20c9ca14616','fedeac7a-a665-40a4-af02-f47ec4b7aff5','DOCUMENT_REGISTER_View_Document_Register',''),(702,'647368b9-e959-42e3-88b4-e82c4af46728','b68f2544-1cf8-4d8b-a9c7-eee64ecc3408','fedeac7a-a665-40a4-af02-f47ec4b7aff5','Page_Helper_Manage_Page_Helper',''),(703,'01484c7b-122b-4b0d-a3b8-300ac4186021','d8ebdcab-522c-4a97-91f1-540e21b93533','fedeac7a-a665-40a4-af02-f47ec4b7aff5','Sender_Manage_Sender',''),(704,'05572ea5-1ce6-11ee-b7f8-d85ed3312c1f','ed7e14c5-1ce5-11ee-b7f8-d85ed3312c1f','fedeac7a-a665-40a4-af02-f47ec4b7aff5','Logs_View_Error_Logs',''),(705,'0a470eac-47a9-4d59-8292-3218f9226ba5','eddf9e8e-0c70-4cde-b5f9-117a879747d6','fedeac7a-a665-40a4-af02-f47ec4b7aff5','All_Documents_Cancel_Document',''),(706,'229ad778-c7d3-4f5f-ab52-24b537c39514','eddf9e8e-0c70-4cde-b5f9-117a879747d6','fedeac7a-a665-40a4-af02-f47ec4b7aff5','All_Documents_Archive_Document',''),(707,'239035d5-cd44-475f-bbc5-9ef51768d389','eddf9e8e-0c70-4cde-b5f9-117a879747d6','fedeac7a-a665-40a4-af02-f47ec4b7aff5','All_Documents_Create_Document',''),(708,'2ea6ba08-eb36-4e34-92d9-f1984c908b31','eddf9e8e-0c70-4cde-b5f9-117a879747d6','fedeac7a-a665-40a4-af02-f47ec4b7aff5','All_Documents_Share_Document',''),(709,'3da78b4d-d263-4b13-8e81-7aa164a3688c','eddf9e8e-0c70-4cde-b5f9-117a879747d6','fedeac7a-a665-40a4-af02-f47ec4b7aff5','All_Documents_Add_Reminder',''),(710,'595a769d-f7ef-45f3-9f9e-60c58c5e1542','eddf9e8e-0c70-4cde-b5f9-117a879747d6','fedeac7a-a665-40a4-af02-f47ec4b7aff5','All_Documents_Send_Email',''),(711,'63ed1277-1db5-4cf7-8404-3e3426cb4bc5','eddf9e8e-0c70-4cde-b5f9-117a879747d6','fedeac7a-a665-40a4-af02-f47ec4b7aff5','All_Documents_View_Documents',''),(712,'6719a065-8a4a-4350-8582-bfc41ce283fb','eddf9e8e-0c70-4cde-b5f9-117a879747d6','fedeac7a-a665-40a4-af02-f47ec4b7aff5','All_Documents_Download_Document',''),(713,'a8dd972d-e758-4571-8d39-c6fec74b361b','eddf9e8e-0c70-4cde-b5f9-117a879747d6','fedeac7a-a665-40a4-af02-f47ec4b7aff5','All_Documents_Edit_Document',''),(714,'ff4b3b73-c29f-462a-afa4-94a40e6b2c4a','f042bbee-d15f-40fb-b79a-8368f2c2e287','fedeac7a-a665-40a4-af02-f47ec4b7aff5','Login_Audit_View_Login_Audit_Logs',''),(715,'6d222929-abfb-42a8-82f6-d9e3bc8dca55','fa4e3fa9-16e9-4028-a06a-3178c424dbb3','fedeac7a-a665-40a4-af02-f47ec4b7aff5','RECIPIENT_Manage_Recipient',''),(716,'30e9f0dd-2cd3-43bb-b7e2-c5018eabab0d','fb8e14e4-d824-4fa1-932d-88f9cef81598','fedeac7a-a665-40a4-af02-f47ec4b7aff5','ARCHIVE_DOCUMENT_RESTORE_DOCUMENT',''),(717,'ca0e0309-5c84-4290-b60a-175f64b5edfd','fb8e14e4-d824-4fa1-932d-88f9cef81598','fedeac7a-a665-40a4-af02-f47ec4b7aff5','ARCHIVE_DOCUMENT_View_Archive_Documents',''),(718,'0a470eac-47a9-4d59-8292-3218f9226ba5','fc97dc8f-b4da-46b1-a179-ab206d8b7efd','fedeac7a-a665-40a4-af02-f47ec4b7aff5','Assigned_Documents_Cancel_Document',''),(719,'229ad778-c7d3-4f5f-ab52-24b537c39514','fc97dc8f-b4da-46b1-a179-ab206d8b7efd','fedeac7a-a665-40a4-af02-f47ec4b7aff5','Assigned_Documents_Archive_Document',''),(720,'239035d5-cd44-475f-bbc5-9ef51768d389','fc97dc8f-b4da-46b1-a179-ab206d8b7efd','fedeac7a-a665-40a4-af02-f47ec4b7aff5','Assigned_Documents_Create_Document',''),(721,'2ea6ba08-eb36-4e34-92d9-f1984c908b31','fc97dc8f-b4da-46b1-a179-ab206d8b7efd','fedeac7a-a665-40a4-af02-f47ec4b7aff5','Assigned_Documents_Share_Document',''),(722,'a8dd972d-e758-4571-8d39-c6fec74b361b','fc97dc8f-b4da-46b1-a179-ab206d8b7efd','fedeac7a-a665-40a4-af02-f47ec4b7aff5','Assigned_Documents_Edit_Document',''),(723,'18a5a8f6-7cb6-4178-857d-b6a981ea3d4f','090ea443-01c7-4638-a194-ad3416a5ea7a','fedeac7a-a665-40a4-af02-f47ec4b7aff5','Role_Delete_Role',''),(724,'57216dcd-1a1c-4f94-a33d-83a5af2d7a46','090ea443-01c7-4638-a194-ad3416a5ea7a','fedeac7a-a665-40a4-af02-f47ec4b7aff5','Role_View_Roles',''),(725,'c288b5d3-419d-4dc0-9e5a-083194016d2c','090ea443-01c7-4638-a194-ad3416a5ea7a','fedeac7a-a665-40a4-af02-f47ec4b7aff5','Role_Edit_Role',''),(726,'db8825b1-ee4e-49f6-9a08-b0210ed53fd4','090ea443-01c7-4638-a194-ad3416a5ea7a','fedeac7a-a665-40a4-af02-f47ec4b7aff5','Role_Create_Role',''),(727,'1c7d3e31-08ad-43cf-9cf7-4ffafdda9029','2396f81c-f8b5-49ac-88d1-94ed57333f49','fedeac7a-a665-40a4-af02-f47ec4b7aff5','Document_Audit_Trail_View_Document_Audit_Trail',''),(728,'abeb7422-e049-4e13-a7fe-b0c3f120e9af','2aaedf5f-9f22-4788-8e2b-ed8bf45dbbf8','fedeac7a-a665-40a4-af02-f47ec4b7aff5','CONEX_DOCUMENT_MANAGE_CONEX_DOCUMENT',''),(729,'41f65d07-9023-4cfb-9c7c-0e3247a012e0','2e3c07a4-fcac-4303-ae47-0d0f796403c9','fedeac7a-a665-40a4-af02-f47ec4b7aff5','Email_View_SMTP_Settings',''),(730,'4f19045b-e9a8-403b-b730-8453ee72830e','2e3c07a4-fcac-4303-ae47-0d0f796403c9','fedeac7a-a665-40a4-af02-f47ec4b7aff5','Email_Delete_SMTP_Setting',''),(731,'752ae5b8-e34f-4b32-81f2-2cf709881663','2e3c07a4-fcac-4303-ae47-0d0f796403c9','fedeac7a-a665-40a4-af02-f47ec4b7aff5','Email_Edit_SMTP_Setting',''),(732,'ab0544d7-2276-4f3b-b450-7f0fa11c3dd9','2e3c07a4-fcac-4303-ae47-0d0f796403c9','fedeac7a-a665-40a4-af02-f47ec4b7aff5','Email_Create_SMTP_Setting',''),(733,'0a2e19fc-d9f2-446c-8ca3-e6b8b73b5f9b','324bdc51-d71f-4f80-9f28-a30e8aae4009','fedeac7a-a665-40a4-af02-f47ec4b7aff5','User_Edit_User',''),(734,'31cb6438-7d4a-4385-8a34-b4e8f6096a48','324bdc51-d71f-4f80-9f28-a30e8aae4009','fedeac7a-a665-40a4-af02-f47ec4b7aff5','User_View_Users',''),(735,'374d74aa-a580-4928-848d-f7553db39914','324bdc51-d71f-4f80-9f28-a30e8aae4009','fedeac7a-a665-40a4-af02-f47ec4b7aff5','User_Delete_User',''),(736,'86ce1382-a2b1-48ed-ae81-c9908d00cf3b','324bdc51-d71f-4f80-9f28-a30e8aae4009','fedeac7a-a665-40a4-af02-f47ec4b7aff5','User_Create_User',''),(737,'d4d724fc-fd38-49c4-85bc-73937b219e20','324bdc51-d71f-4f80-9f28-a30e8aae4009','fedeac7a-a665-40a4-af02-f47ec4b7aff5','User_Reset_Password',''),(738,'e506ec48-b99a-45b4-9ec9-6451bc67477b','324bdc51-d71f-4f80-9f28-a30e8aae4009','fedeac7a-a665-40a4-af02-f47ec4b7aff5','User_Assign_Permission',''),(739,'fbe77c07-3058-4dbe-9d56-8c75dc879460','324bdc51-d71f-4f80-9f28-a30e8aae4009','fedeac7a-a665-40a4-af02-f47ec4b7aff5','User_Assign_User_Role',''),(740,'7ba630ca-a9d3-42ee-99c8-766e2231fec1','42e44f15-8e33-423a-ad7f-17edc23d6dd3','fedeac7a-a665-40a4-af02-f47ec4b7aff5','Dashboard_View_Dashboard',''),(741,'a4f82a2b-53f2-44f7-9541-7c5195aac38f','52b52bc7-d29c-4bab-90f1-968175c6b523','fedeac7a-a665-40a4-af02-f47ec4b7aff5','CANCELED_DOCUMENTS_View_Canceled_Documents',''),(742,'67ae2b97-b24e-41d5-bf39-56b2834548d0','5a5f7cf8-21a6-434a-9330-db91b17d867c','fedeac7a-a665-40a4-af02-f47ec4b7aff5','Document_Category_Create_Category',''),(743,'9c0e2186-06a4-4207-acbc-f6d8efa430b3','5a5f7cf8-21a6-434a-9330-db91b17d867c','fedeac7a-a665-40a4-af02-f47ec4b7aff5','Document_Category_Delete_Category',''),(744,'ab45ef6a-a8e6-47ef-a182-6b88e2a6f9aa','5a5f7cf8-21a6-434a-9330-db91b17d867c','fedeac7a-a665-40a4-af02-f47ec4b7aff5','Document_Category_View_Categories',''),(745,'cd46a3a4-ede5-4941-a49b-3df7eaa46428','5a5f7cf8-21a6-434a-9330-db91b17d867c','fedeac7a-a665-40a4-af02-f47ec4b7aff5','Document_Category_Edit_Category',''),(746,'3ccaf408-8864-4815-a3e0-50632d90bcb6','97ff6eb0-39b3-4ddd-acf1-43205d5a9bb3','fedeac7a-a665-40a4-af02-f47ec4b7aff5','Reminder_Edit_Reminder',''),(747,'5ea48d56-2ed3-4239-bb90-dd4d70a1b0b2','97ff6eb0-39b3-4ddd-acf1-43205d5a9bb3','fedeac7a-a665-40a4-af02-f47ec4b7aff5','Reminder_Delete_Reminder',''),(748,'6bc0458e-22f5-4975-b387-4d6a4fb35201','97ff6eb0-39b3-4ddd-acf1-43205d5a9bb3','fedeac7a-a665-40a4-af02-f47ec4b7aff5','Reminder_Create_Reminder',''),(749,'6f2717fc-edef-4537-916d-2d527251a5c1','97ff6eb0-39b3-4ddd-acf1-43205d5a9bb3','fedeac7a-a665-40a4-af02-f47ec4b7aff5','Reminder_View_Reminders',''),(750,'7d024ff2-59ea-4e47-9da5-c1525bd9a84d','a6df043b-8c8f-41d5-9696-d20c9ca14616','fedeac7a-a665-40a4-af02-f47ec4b7aff5','DOCUMENT_REGISTER_View_All_Document_Register',''),(751,'a864a065-1323-413c-ae67-bebd54219cda','a6df043b-8c8f-41d5-9696-d20c9ca14616','fedeac7a-a665-40a4-af02-f47ec4b7aff5','DOCUMENT_REGISTER_View_Document_Register',''),(752,'647368b9-e959-42e3-88b4-e82c4af46728','b68f2544-1cf8-4d8b-a9c7-eee64ecc3408','fedeac7a-a665-40a4-af02-f47ec4b7aff5','Page_Helper_Manage_Page_Helper',''),(753,'01484c7b-122b-4b0d-a3b8-300ac4186021','d8ebdcab-522c-4a97-91f1-540e21b93533','fedeac7a-a665-40a4-af02-f47ec4b7aff5','Sender_Manage_Sender',''),(754,'05572ea5-1ce6-11ee-b7f8-d85ed3312c1f','ed7e14c5-1ce5-11ee-b7f8-d85ed3312c1f','fedeac7a-a665-40a4-af02-f47ec4b7aff5','Logs_View_Error_Logs',''),(755,'0a470eac-47a9-4d59-8292-3218f9226ba5','eddf9e8e-0c70-4cde-b5f9-117a879747d6','fedeac7a-a665-40a4-af02-f47ec4b7aff5','All_Documents_Cancel_Document',''),(756,'229ad778-c7d3-4f5f-ab52-24b537c39514','eddf9e8e-0c70-4cde-b5f9-117a879747d6','fedeac7a-a665-40a4-af02-f47ec4b7aff5','All_Documents_Archive_Document',''),(757,'239035d5-cd44-475f-bbc5-9ef51768d389','eddf9e8e-0c70-4cde-b5f9-117a879747d6','fedeac7a-a665-40a4-af02-f47ec4b7aff5','All_Documents_Create_Document',''),(758,'2ea6ba08-eb36-4e34-92d9-f1984c908b31','eddf9e8e-0c70-4cde-b5f9-117a879747d6','fedeac7a-a665-40a4-af02-f47ec4b7aff5','All_Documents_Share_Document',''),(759,'3da78b4d-d263-4b13-8e81-7aa164a3688c','eddf9e8e-0c70-4cde-b5f9-117a879747d6','fedeac7a-a665-40a4-af02-f47ec4b7aff5','All_Documents_Add_Reminder',''),(760,'595a769d-f7ef-45f3-9f9e-60c58c5e1542','eddf9e8e-0c70-4cde-b5f9-117a879747d6','fedeac7a-a665-40a4-af02-f47ec4b7aff5','All_Documents_Send_Email',''),(761,'63ed1277-1db5-4cf7-8404-3e3426cb4bc5','eddf9e8e-0c70-4cde-b5f9-117a879747d6','fedeac7a-a665-40a4-af02-f47ec4b7aff5','All_Documents_View_Documents',''),(762,'6719a065-8a4a-4350-8582-bfc41ce283fb','eddf9e8e-0c70-4cde-b5f9-117a879747d6','fedeac7a-a665-40a4-af02-f47ec4b7aff5','All_Documents_Download_Document',''),(763,'a8dd972d-e758-4571-8d39-c6fec74b361b','eddf9e8e-0c70-4cde-b5f9-117a879747d6','fedeac7a-a665-40a4-af02-f47ec4b7aff5','All_Documents_Edit_Document',''),(764,'ff4b3b73-c29f-462a-afa4-94a40e6b2c4a','f042bbee-d15f-40fb-b79a-8368f2c2e287','fedeac7a-a665-40a4-af02-f47ec4b7aff5','Login_Audit_View_Login_Audit_Logs',''),(765,'6d222929-abfb-42a8-82f6-d9e3bc8dca55','fa4e3fa9-16e9-4028-a06a-3178c424dbb3','fedeac7a-a665-40a4-af02-f47ec4b7aff5','RECIPIENT_Manage_Recipient',''),(766,'30e9f0dd-2cd3-43bb-b7e2-c5018eabab0d','fb8e14e4-d824-4fa1-932d-88f9cef81598','fedeac7a-a665-40a4-af02-f47ec4b7aff5','ARCHIVE_DOCUMENT_RESTORE_DOCUMENT',''),(767,'ca0e0309-5c84-4290-b60a-175f64b5edfd','fb8e14e4-d824-4fa1-932d-88f9cef81598','fedeac7a-a665-40a4-af02-f47ec4b7aff5','ARCHIVE_DOCUMENT_View_Archive_Documents',''),(768,'0a470eac-47a9-4d59-8292-3218f9226ba5','fc97dc8f-b4da-46b1-a179-ab206d8b7efd','fedeac7a-a665-40a4-af02-f47ec4b7aff5','Assigned_Documents_Cancel_Document',''),(769,'229ad778-c7d3-4f5f-ab52-24b537c39514','fc97dc8f-b4da-46b1-a179-ab206d8b7efd','fedeac7a-a665-40a4-af02-f47ec4b7aff5','Assigned_Documents_Archive_Document',''),(770,'239035d5-cd44-475f-bbc5-9ef51768d389','fc97dc8f-b4da-46b1-a179-ab206d8b7efd','fedeac7a-a665-40a4-af02-f47ec4b7aff5','Assigned_Documents_Create_Document',''),(771,'2ea6ba08-eb36-4e34-92d9-f1984c908b31','fc97dc8f-b4da-46b1-a179-ab206d8b7efd','fedeac7a-a665-40a4-af02-f47ec4b7aff5','Assigned_Documents_Share_Document',''),(772,'a8dd972d-e758-4571-8d39-c6fec74b361b','fc97dc8f-b4da-46b1-a179-ab206d8b7efd','fedeac7a-a665-40a4-af02-f47ec4b7aff5','Assigned_Documents_Edit_Document',''),(773,'18a5a8f6-7cb6-4178-857d-b6a981ea3d4f','090ea443-01c7-4638-a194-ad3416a5ea7a','fedeac7a-a665-40a4-af02-f47ec4b7aff5','Role_Delete_Role',''),(774,'57216dcd-1a1c-4f94-a33d-83a5af2d7a46','090ea443-01c7-4638-a194-ad3416a5ea7a','fedeac7a-a665-40a4-af02-f47ec4b7aff5','Role_View_Roles',''),(775,'c288b5d3-419d-4dc0-9e5a-083194016d2c','090ea443-01c7-4638-a194-ad3416a5ea7a','fedeac7a-a665-40a4-af02-f47ec4b7aff5','Role_Edit_Role',''),(776,'db8825b1-ee4e-49f6-9a08-b0210ed53fd4','090ea443-01c7-4638-a194-ad3416a5ea7a','fedeac7a-a665-40a4-af02-f47ec4b7aff5','Role_Create_Role',''),(777,'1c7d3e31-08ad-43cf-9cf7-4ffafdda9029','2396f81c-f8b5-49ac-88d1-94ed57333f49','fedeac7a-a665-40a4-af02-f47ec4b7aff5','Document_Audit_Trail_View_Document_Audit_Trail',''),(778,'abeb7422-e049-4e13-a7fe-b0c3f120e9af','2aaedf5f-9f22-4788-8e2b-ed8bf45dbbf8','fedeac7a-a665-40a4-af02-f47ec4b7aff5','CONEX_DOCUMENT_MANAGE_CONEX_DOCUMENT',''),(779,'41f65d07-9023-4cfb-9c7c-0e3247a012e0','2e3c07a4-fcac-4303-ae47-0d0f796403c9','fedeac7a-a665-40a4-af02-f47ec4b7aff5','Email_View_SMTP_Settings',''),(780,'4f19045b-e9a8-403b-b730-8453ee72830e','2e3c07a4-fcac-4303-ae47-0d0f796403c9','fedeac7a-a665-40a4-af02-f47ec4b7aff5','Email_Delete_SMTP_Setting',''),(781,'752ae5b8-e34f-4b32-81f2-2cf709881663','2e3c07a4-fcac-4303-ae47-0d0f796403c9','fedeac7a-a665-40a4-af02-f47ec4b7aff5','Email_Edit_SMTP_Setting',''),(782,'ab0544d7-2276-4f3b-b450-7f0fa11c3dd9','2e3c07a4-fcac-4303-ae47-0d0f796403c9','fedeac7a-a665-40a4-af02-f47ec4b7aff5','Email_Create_SMTP_Setting',''),(783,'0a2e19fc-d9f2-446c-8ca3-e6b8b73b5f9b','324bdc51-d71f-4f80-9f28-a30e8aae4009','fedeac7a-a665-40a4-af02-f47ec4b7aff5','User_Edit_User',''),(784,'31cb6438-7d4a-4385-8a34-b4e8f6096a48','324bdc51-d71f-4f80-9f28-a30e8aae4009','fedeac7a-a665-40a4-af02-f47ec4b7aff5','User_View_Users',''),(785,'374d74aa-a580-4928-848d-f7553db39914','324bdc51-d71f-4f80-9f28-a30e8aae4009','fedeac7a-a665-40a4-af02-f47ec4b7aff5','User_Delete_User',''),(786,'86ce1382-a2b1-48ed-ae81-c9908d00cf3b','324bdc51-d71f-4f80-9f28-a30e8aae4009','fedeac7a-a665-40a4-af02-f47ec4b7aff5','User_Create_User',''),(787,'d4d724fc-fd38-49c4-85bc-73937b219e20','324bdc51-d71f-4f80-9f28-a30e8aae4009','fedeac7a-a665-40a4-af02-f47ec4b7aff5','User_Reset_Password',''),(788,'e506ec48-b99a-45b4-9ec9-6451bc67477b','324bdc51-d71f-4f80-9f28-a30e8aae4009','fedeac7a-a665-40a4-af02-f47ec4b7aff5','User_Assign_Permission',''),(789,'fbe77c07-3058-4dbe-9d56-8c75dc879460','324bdc51-d71f-4f80-9f28-a30e8aae4009','fedeac7a-a665-40a4-af02-f47ec4b7aff5','User_Assign_User_Role',''),(790,'7ba630ca-a9d3-42ee-99c8-766e2231fec1','42e44f15-8e33-423a-ad7f-17edc23d6dd3','fedeac7a-a665-40a4-af02-f47ec4b7aff5','Dashboard_View_Dashboard',''),(791,'a4f82a2b-53f2-44f7-9541-7c5195aac38f','52b52bc7-d29c-4bab-90f1-968175c6b523','fedeac7a-a665-40a4-af02-f47ec4b7aff5','CANCELED_DOCUMENTS_View_Canceled_Documents',''),(792,'67ae2b97-b24e-41d5-bf39-56b2834548d0','5a5f7cf8-21a6-434a-9330-db91b17d867c','fedeac7a-a665-40a4-af02-f47ec4b7aff5','Document_Category_Create_Category',''),(793,'9c0e2186-06a4-4207-acbc-f6d8efa430b3','5a5f7cf8-21a6-434a-9330-db91b17d867c','fedeac7a-a665-40a4-af02-f47ec4b7aff5','Document_Category_Delete_Category',''),(794,'ab45ef6a-a8e6-47ef-a182-6b88e2a6f9aa','5a5f7cf8-21a6-434a-9330-db91b17d867c','fedeac7a-a665-40a4-af02-f47ec4b7aff5','Document_Category_View_Categories',''),(795,'cd46a3a4-ede5-4941-a49b-3df7eaa46428','5a5f7cf8-21a6-434a-9330-db91b17d867c','fedeac7a-a665-40a4-af02-f47ec4b7aff5','Document_Category_Edit_Category',''),(796,'3ccaf408-8864-4815-a3e0-50632d90bcb6','97ff6eb0-39b3-4ddd-acf1-43205d5a9bb3','fedeac7a-a665-40a4-af02-f47ec4b7aff5','Reminder_Edit_Reminder',''),(797,'5ea48d56-2ed3-4239-bb90-dd4d70a1b0b2','97ff6eb0-39b3-4ddd-acf1-43205d5a9bb3','fedeac7a-a665-40a4-af02-f47ec4b7aff5','Reminder_Delete_Reminder',''),(798,'6bc0458e-22f5-4975-b387-4d6a4fb35201','97ff6eb0-39b3-4ddd-acf1-43205d5a9bb3','fedeac7a-a665-40a4-af02-f47ec4b7aff5','Reminder_Create_Reminder',''),(799,'6f2717fc-edef-4537-916d-2d527251a5c1','97ff6eb0-39b3-4ddd-acf1-43205d5a9bb3','fedeac7a-a665-40a4-af02-f47ec4b7aff5','Reminder_View_Reminders',''),(800,'7d024ff2-59ea-4e47-9da5-c1525bd9a84d','a6df043b-8c8f-41d5-9696-d20c9ca14616','fedeac7a-a665-40a4-af02-f47ec4b7aff5','DOCUMENT_REGISTER_View_All_Document_Register',''),(801,'a864a065-1323-413c-ae67-bebd54219cda','a6df043b-8c8f-41d5-9696-d20c9ca14616','fedeac7a-a665-40a4-af02-f47ec4b7aff5','DOCUMENT_REGISTER_View_Document_Register',''),(802,'647368b9-e959-42e3-88b4-e82c4af46728','b68f2544-1cf8-4d8b-a9c7-eee64ecc3408','fedeac7a-a665-40a4-af02-f47ec4b7aff5','Page_Helper_Manage_Page_Helper',''),(803,'01484c7b-122b-4b0d-a3b8-300ac4186021','d8ebdcab-522c-4a97-91f1-540e21b93533','fedeac7a-a665-40a4-af02-f47ec4b7aff5','Sender_Manage_Sender',''),(804,'05572ea5-1ce6-11ee-b7f8-d85ed3312c1f','ed7e14c5-1ce5-11ee-b7f8-d85ed3312c1f','fedeac7a-a665-40a4-af02-f47ec4b7aff5','Logs_View_Error_Logs',''),(805,'0a470eac-47a9-4d59-8292-3218f9226ba5','eddf9e8e-0c70-4cde-b5f9-117a879747d6','fedeac7a-a665-40a4-af02-f47ec4b7aff5','All_Documents_Cancel_Document',''),(806,'229ad778-c7d3-4f5f-ab52-24b537c39514','eddf9e8e-0c70-4cde-b5f9-117a879747d6','fedeac7a-a665-40a4-af02-f47ec4b7aff5','All_Documents_Archive_Document',''),(807,'239035d5-cd44-475f-bbc5-9ef51768d389','eddf9e8e-0c70-4cde-b5f9-117a879747d6','fedeac7a-a665-40a4-af02-f47ec4b7aff5','All_Documents_Create_Document',''),(808,'2ea6ba08-eb36-4e34-92d9-f1984c908b31','eddf9e8e-0c70-4cde-b5f9-117a879747d6','fedeac7a-a665-40a4-af02-f47ec4b7aff5','All_Documents_Share_Document',''),(809,'3da78b4d-d263-4b13-8e81-7aa164a3688c','eddf9e8e-0c70-4cde-b5f9-117a879747d6','fedeac7a-a665-40a4-af02-f47ec4b7aff5','All_Documents_Add_Reminder',''),(810,'595a769d-f7ef-45f3-9f9e-60c58c5e1542','eddf9e8e-0c70-4cde-b5f9-117a879747d6','fedeac7a-a665-40a4-af02-f47ec4b7aff5','All_Documents_Send_Email',''),(811,'63ed1277-1db5-4cf7-8404-3e3426cb4bc5','eddf9e8e-0c70-4cde-b5f9-117a879747d6','fedeac7a-a665-40a4-af02-f47ec4b7aff5','All_Documents_View_Documents',''),(812,'6719a065-8a4a-4350-8582-bfc41ce283fb','eddf9e8e-0c70-4cde-b5f9-117a879747d6','fedeac7a-a665-40a4-af02-f47ec4b7aff5','All_Documents_Download_Document',''),(813,'a8dd972d-e758-4571-8d39-c6fec74b361b','eddf9e8e-0c70-4cde-b5f9-117a879747d6','fedeac7a-a665-40a4-af02-f47ec4b7aff5','All_Documents_Edit_Document',''),(814,'ff4b3b73-c29f-462a-afa4-94a40e6b2c4a','f042bbee-d15f-40fb-b79a-8368f2c2e287','fedeac7a-a665-40a4-af02-f47ec4b7aff5','Login_Audit_View_Login_Audit_Logs',''),(815,'6d222929-abfb-42a8-82f6-d9e3bc8dca55','fa4e3fa9-16e9-4028-a06a-3178c424dbb3','fedeac7a-a665-40a4-af02-f47ec4b7aff5','RECIPIENT_Manage_Recipient',''),(816,'30e9f0dd-2cd3-43bb-b7e2-c5018eabab0d','fb8e14e4-d824-4fa1-932d-88f9cef81598','fedeac7a-a665-40a4-af02-f47ec4b7aff5','ARCHIVE_DOCUMENT_RESTORE_DOCUMENT',''),(817,'ca0e0309-5c84-4290-b60a-175f64b5edfd','fb8e14e4-d824-4fa1-932d-88f9cef81598','fedeac7a-a665-40a4-af02-f47ec4b7aff5','ARCHIVE_DOCUMENT_View_Archive_Documents',''),(818,'0a470eac-47a9-4d59-8292-3218f9226ba5','fc97dc8f-b4da-46b1-a179-ab206d8b7efd','fedeac7a-a665-40a4-af02-f47ec4b7aff5','Assigned_Documents_Cancel_Document',''),(819,'229ad778-c7d3-4f5f-ab52-24b537c39514','fc97dc8f-b4da-46b1-a179-ab206d8b7efd','fedeac7a-a665-40a4-af02-f47ec4b7aff5','Assigned_Documents_Archive_Document',''),(820,'239035d5-cd44-475f-bbc5-9ef51768d389','fc97dc8f-b4da-46b1-a179-ab206d8b7efd','fedeac7a-a665-40a4-af02-f47ec4b7aff5','Assigned_Documents_Create_Document',''),(821,'2ea6ba08-eb36-4e34-92d9-f1984c908b31','fc97dc8f-b4da-46b1-a179-ab206d8b7efd','fedeac7a-a665-40a4-af02-f47ec4b7aff5','Assigned_Documents_Share_Document',''),(822,'a8dd972d-e758-4571-8d39-c6fec74b361b','fc97dc8f-b4da-46b1-a179-ab206d8b7efd','fedeac7a-a665-40a4-af02-f47ec4b7aff5','Assigned_Documents_Edit_Document',''),(823,'abeb7422-e049-4e13-a7fe-b0c3f120e9af','2aaedf5f-9f22-4788-8e2b-ed8bf45dbbf8','a794c379-5c04-4612-b7b5-4bf7849c0264','CONEX_DOCUMENT_MANAGE_CONEX_DOCUMENT',''),(824,'0a470eac-47a9-4d59-8292-3218f9226ba5','fc97dc8f-b4da-46b1-a179-ab206d8b7efd','a794c379-5c04-4612-b7b5-4bf7849c0264','Assigned_Documents_Cancel_Document',''),(825,'0a470eac-47a9-4d59-8292-3218f9226ba5','fc97dc8f-b4da-46b1-a179-ab206d8b7efd','a794c379-5c04-4612-b7b5-4bf7849c0264','Assigned_Documents_Cancel_Document',''),(826,'229ad778-c7d3-4f5f-ab52-24b537c39514','fc97dc8f-b4da-46b1-a179-ab206d8b7efd','a794c379-5c04-4612-b7b5-4bf7849c0264','Assigned_Documents_Archive_Document',''),(827,'239035d5-cd44-475f-bbc5-9ef51768d389','fc97dc8f-b4da-46b1-a179-ab206d8b7efd','a794c379-5c04-4612-b7b5-4bf7849c0264','Assigned_Documents_Create_Document',''),(828,'2ea6ba08-eb36-4e34-92d9-f1984c908b31','fc97dc8f-b4da-46b1-a179-ab206d8b7efd','a794c379-5c04-4612-b7b5-4bf7849c0264','Assigned_Documents_Share_Document',''),(829,'a8dd972d-e758-4571-8d39-c6fec74b361b','fc97dc8f-b4da-46b1-a179-ab206d8b7efd','a794c379-5c04-4612-b7b5-4bf7849c0264','Assigned_Documents_Edit_Document',''),(839,'a4f82a2b-53f2-44f7-9541-7c5195aac38f','52b52bc7-d29c-4bab-90f1-968175c6b523','a794c379-5c04-4612-b7b5-4bf7849c0264','CANCELED_DOCUMENTS_View_Canceled_Documents',''),(840,'0a470eac-47a9-4d59-8292-3218f9226ba5','fc97dc8f-b4da-46b1-a179-ab206d8b7efd','a794c379-5c04-4612-b7b5-4bf7849c0264','Assigned_Documents_Cancel_Document',''),(841,'229ad778-c7d3-4f5f-ab52-24b537c39514','fc97dc8f-b4da-46b1-a179-ab206d8b7efd','a794c379-5c04-4612-b7b5-4bf7849c0264','Assigned_Documents_Archive_Document',''),(842,'239035d5-cd44-475f-bbc5-9ef51768d389','fc97dc8f-b4da-46b1-a179-ab206d8b7efd','a794c379-5c04-4612-b7b5-4bf7849c0264','Assigned_Documents_Create_Document',''),(843,'2ea6ba08-eb36-4e34-92d9-f1984c908b31','fc97dc8f-b4da-46b1-a179-ab206d8b7efd','a794c379-5c04-4612-b7b5-4bf7849c0264','Assigned_Documents_Share_Document',''),(844,'a8dd972d-e758-4571-8d39-c6fec74b361b','fc97dc8f-b4da-46b1-a179-ab206d8b7efd','a794c379-5c04-4612-b7b5-4bf7849c0264','Assigned_Documents_Edit_Document',''),(846,'239035d5-cd44-475f-bbc5-9ef51768d389','eddf9e8e-0c70-4cde-b5f9-117a879747d6','a794c379-5c04-4612-b7b5-4bf7849c0264','All_Documents_Create_Document',''),(855,'abeb7422-e049-4e13-a7fe-b0c3f120e9af','2aaedf5f-9f22-4788-8e2b-ed8bf45dbbf8','763f016a-b416-447e-b434-4c2b8d13a749','CONEX_DOCUMENT_MANAGE_CONEX_DOCUMENT',''),(856,'ca0e0309-5c84-4290-b60a-175f64b5edfd','fb8e14e4-d824-4fa1-932d-88f9cef81598','763f016a-b416-447e-b434-4c2b8d13a749','ARCHIVE_DOCUMENT_View_Archive_Documents',''),(857,'30e9f0dd-2cd3-43bb-b7e2-c5018eabab0d','fb8e14e4-d824-4fa1-932d-88f9cef81598','763f016a-b416-447e-b434-4c2b8d13a749','ARCHIVE_DOCUMENT_RESTORE_DOCUMENT',''),(858,'0a470eac-47a9-4d59-8292-3218f9226ba5','fc97dc8f-b4da-46b1-a179-ab206d8b7efd','763f016a-b416-447e-b434-4c2b8d13a749','Assigned_Documents_Cancel_Document',''),(859,'abeb7422-e049-4e13-a7fe-b0c3f120e9af','2aaedf5f-9f22-4788-8e2b-ed8bf45dbbf8','990660de-f95f-4912-b3f9-d028f2678a27','CONEX_DOCUMENT_MANAGE_CONEX_DOCUMENT',''),(860,'a4f82a2b-53f2-44f7-9541-7c5195aac38f','52b52bc7-d29c-4bab-90f1-968175c6b523','990660de-f95f-4912-b3f9-d028f2678a27','CANCELED_DOCUMENTS_View_Canceled_Documents',''),(861,'0a470eac-47a9-4d59-8292-3218f9226ba5','fc97dc8f-b4da-46b1-a179-ab206d8b7efd','990660de-f95f-4912-b3f9-d028f2678a27','Assigned_Documents_Cancel_Document',''),(862,'18a5a8f6-7cb6-4178-857d-b6a981ea3d4f','090ea443-01c7-4638-a194-ad3416a5ea7a','ae2eb30e-c8ae-467d-b494-2a86fec0a11e','Role_Delete_Role',''),(863,'57216dcd-1a1c-4f94-a33d-83a5af2d7a46','090ea443-01c7-4638-a194-ad3416a5ea7a','ae2eb30e-c8ae-467d-b494-2a86fec0a11e','Role_View_Roles',''),(864,'c288b5d3-419d-4dc0-9e5a-083194016d2c','090ea443-01c7-4638-a194-ad3416a5ea7a','ae2eb30e-c8ae-467d-b494-2a86fec0a11e','Role_Edit_Role',''),(865,'db8825b1-ee4e-49f6-9a08-b0210ed53fd4','090ea443-01c7-4638-a194-ad3416a5ea7a','ae2eb30e-c8ae-467d-b494-2a86fec0a11e','Role_Create_Role',''),(866,'1c7d3e31-08ad-43cf-9cf7-4ffafdda9029','2396f81c-f8b5-49ac-88d1-94ed57333f49','ae2eb30e-c8ae-467d-b494-2a86fec0a11e','Document_Audit_Trail_View_Document_Audit_Trail',''),(867,'abeb7422-e049-4e13-a7fe-b0c3f120e9af','2aaedf5f-9f22-4788-8e2b-ed8bf45dbbf8','ae2eb30e-c8ae-467d-b494-2a86fec0a11e','CONEX_DOCUMENT_MANAGE_CONEX_DOCUMENT',''),(868,'41f65d07-9023-4cfb-9c7c-0e3247a012e0','2e3c07a4-fcac-4303-ae47-0d0f796403c9','ae2eb30e-c8ae-467d-b494-2a86fec0a11e','Email_View_SMTP_Settings',''),(869,'4f19045b-e9a8-403b-b730-8453ee72830e','2e3c07a4-fcac-4303-ae47-0d0f796403c9','ae2eb30e-c8ae-467d-b494-2a86fec0a11e','Email_Delete_SMTP_Setting',''),(870,'752ae5b8-e34f-4b32-81f2-2cf709881663','2e3c07a4-fcac-4303-ae47-0d0f796403c9','ae2eb30e-c8ae-467d-b494-2a86fec0a11e','Email_Edit_SMTP_Setting',''),(871,'ab0544d7-2276-4f3b-b450-7f0fa11c3dd9','2e3c07a4-fcac-4303-ae47-0d0f796403c9','ae2eb30e-c8ae-467d-b494-2a86fec0a11e','Email_Create_SMTP_Setting',''),(872,'0a2e19fc-d9f2-446c-8ca3-e6b8b73b5f9b','324bdc51-d71f-4f80-9f28-a30e8aae4009','ae2eb30e-c8ae-467d-b494-2a86fec0a11e','User_Edit_User',''),(873,'31cb6438-7d4a-4385-8a34-b4e8f6096a48','324bdc51-d71f-4f80-9f28-a30e8aae4009','ae2eb30e-c8ae-467d-b494-2a86fec0a11e','User_View_Users',''),(874,'374d74aa-a580-4928-848d-f7553db39914','324bdc51-d71f-4f80-9f28-a30e8aae4009','ae2eb30e-c8ae-467d-b494-2a86fec0a11e','User_Delete_User',''),(875,'86ce1382-a2b1-48ed-ae81-c9908d00cf3b','324bdc51-d71f-4f80-9f28-a30e8aae4009','ae2eb30e-c8ae-467d-b494-2a86fec0a11e','User_Create_User',''),(876,'d4d724fc-fd38-49c4-85bc-73937b219e20','324bdc51-d71f-4f80-9f28-a30e8aae4009','ae2eb30e-c8ae-467d-b494-2a86fec0a11e','User_Reset_Password',''),(877,'e506ec48-b99a-45b4-9ec9-6451bc67477b','324bdc51-d71f-4f80-9f28-a30e8aae4009','ae2eb30e-c8ae-467d-b494-2a86fec0a11e','User_Assign_Permission',''),(878,'fbe77c07-3058-4dbe-9d56-8c75dc879460','324bdc51-d71f-4f80-9f28-a30e8aae4009','ae2eb30e-c8ae-467d-b494-2a86fec0a11e','User_Assign_User_Role',''),(879,'7ba630ca-a9d3-42ee-99c8-766e2231fec1','42e44f15-8e33-423a-ad7f-17edc23d6dd3','ae2eb30e-c8ae-467d-b494-2a86fec0a11e','Dashboard_View_Dashboard',''),(880,'a4f82a2b-53f2-44f7-9541-7c5195aac38f','52b52bc7-d29c-4bab-90f1-968175c6b523','ae2eb30e-c8ae-467d-b494-2a86fec0a11e','CANCELED_DOCUMENTS_View_Canceled_Documents',''),(881,'67ae2b97-b24e-41d5-bf39-56b2834548d0','5a5f7cf8-21a6-434a-9330-db91b17d867c','ae2eb30e-c8ae-467d-b494-2a86fec0a11e','Document_Category_Create_Category',''),(882,'9c0e2186-06a4-4207-acbc-f6d8efa430b3','5a5f7cf8-21a6-434a-9330-db91b17d867c','ae2eb30e-c8ae-467d-b494-2a86fec0a11e','Document_Category_Delete_Category',''),(883,'ab45ef6a-a8e6-47ef-a182-6b88e2a6f9aa','5a5f7cf8-21a6-434a-9330-db91b17d867c','ae2eb30e-c8ae-467d-b494-2a86fec0a11e','Document_Category_View_Categories',''),(884,'cd46a3a4-ede5-4941-a49b-3df7eaa46428','5a5f7cf8-21a6-434a-9330-db91b17d867c','ae2eb30e-c8ae-467d-b494-2a86fec0a11e','Document_Category_Edit_Category',''),(885,'3ccaf408-8864-4815-a3e0-50632d90bcb6','97ff6eb0-39b3-4ddd-acf1-43205d5a9bb3','ae2eb30e-c8ae-467d-b494-2a86fec0a11e','Reminder_Edit_Reminder',''),(886,'5ea48d56-2ed3-4239-bb90-dd4d70a1b0b2','97ff6eb0-39b3-4ddd-acf1-43205d5a9bb3','ae2eb30e-c8ae-467d-b494-2a86fec0a11e','Reminder_Delete_Reminder',''),(887,'6bc0458e-22f5-4975-b387-4d6a4fb35201','97ff6eb0-39b3-4ddd-acf1-43205d5a9bb3','ae2eb30e-c8ae-467d-b494-2a86fec0a11e','Reminder_Create_Reminder',''),(888,'6f2717fc-edef-4537-916d-2d527251a5c1','97ff6eb0-39b3-4ddd-acf1-43205d5a9bb3','ae2eb30e-c8ae-467d-b494-2a86fec0a11e','Reminder_View_Reminders',''),(889,'7d024ff2-59ea-4e47-9da5-c1525bd9a84d','a6df043b-8c8f-41d5-9696-d20c9ca14616','ae2eb30e-c8ae-467d-b494-2a86fec0a11e','DOCUMENT_REGISTER_View_All_Document_Register',''),(890,'a864a065-1323-413c-ae67-bebd54219cda','a6df043b-8c8f-41d5-9696-d20c9ca14616','ae2eb30e-c8ae-467d-b494-2a86fec0a11e','DOCUMENT_REGISTER_View_Document_Register',''),(891,'647368b9-e959-42e3-88b4-e82c4af46728','b68f2544-1cf8-4d8b-a9c7-eee64ecc3408','ae2eb30e-c8ae-467d-b494-2a86fec0a11e','Page_Helper_Manage_Page_Helper',''),(892,'01484c7b-122b-4b0d-a3b8-300ac4186021','d8ebdcab-522c-4a97-91f1-540e21b93533','ae2eb30e-c8ae-467d-b494-2a86fec0a11e','Sender_Manage_Sender',''),(893,'05572ea5-1ce6-11ee-b7f8-d85ed3312c1f','ed7e14c5-1ce5-11ee-b7f8-d85ed3312c1f','ae2eb30e-c8ae-467d-b494-2a86fec0a11e','Logs_View_Error_Logs',''),(894,'0a470eac-47a9-4d59-8292-3218f9226ba5','eddf9e8e-0c70-4cde-b5f9-117a879747d6','ae2eb30e-c8ae-467d-b494-2a86fec0a11e','All_Documents_Cancel_Document',''),(895,'229ad778-c7d3-4f5f-ab52-24b537c39514','eddf9e8e-0c70-4cde-b5f9-117a879747d6','ae2eb30e-c8ae-467d-b494-2a86fec0a11e','All_Documents_Archive_Document',''),(896,'239035d5-cd44-475f-bbc5-9ef51768d389','eddf9e8e-0c70-4cde-b5f9-117a879747d6','ae2eb30e-c8ae-467d-b494-2a86fec0a11e','All_Documents_Create_Document',''),(897,'2ea6ba08-eb36-4e34-92d9-f1984c908b31','eddf9e8e-0c70-4cde-b5f9-117a879747d6','ae2eb30e-c8ae-467d-b494-2a86fec0a11e','All_Documents_Share_Document',''),(898,'3da78b4d-d263-4b13-8e81-7aa164a3688c','eddf9e8e-0c70-4cde-b5f9-117a879747d6','ae2eb30e-c8ae-467d-b494-2a86fec0a11e','All_Documents_Add_Reminder',''),(899,'595a769d-f7ef-45f3-9f9e-60c58c5e1542','eddf9e8e-0c70-4cde-b5f9-117a879747d6','ae2eb30e-c8ae-467d-b494-2a86fec0a11e','All_Documents_Send_Email',''),(900,'63ed1277-1db5-4cf7-8404-3e3426cb4bc5','eddf9e8e-0c70-4cde-b5f9-117a879747d6','ae2eb30e-c8ae-467d-b494-2a86fec0a11e','All_Documents_View_Documents',''),(901,'6719a065-8a4a-4350-8582-bfc41ce283fb','eddf9e8e-0c70-4cde-b5f9-117a879747d6','ae2eb30e-c8ae-467d-b494-2a86fec0a11e','All_Documents_Download_Document',''),(902,'a8dd972d-e758-4571-8d39-c6fec74b361b','eddf9e8e-0c70-4cde-b5f9-117a879747d6','ae2eb30e-c8ae-467d-b494-2a86fec0a11e','All_Documents_Edit_Document',''),(903,'ff4b3b73-c29f-462a-afa4-94a40e6b2c4a','f042bbee-d15f-40fb-b79a-8368f2c2e287','ae2eb30e-c8ae-467d-b494-2a86fec0a11e','Login_Audit_View_Login_Audit_Logs',''),(904,'6d222929-abfb-42a8-82f6-d9e3bc8dca55','fa4e3fa9-16e9-4028-a06a-3178c424dbb3','ae2eb30e-c8ae-467d-b494-2a86fec0a11e','RECIPIENT_Manage_Recipient',''),(905,'30e9f0dd-2cd3-43bb-b7e2-c5018eabab0d','fb8e14e4-d824-4fa1-932d-88f9cef81598','ae2eb30e-c8ae-467d-b494-2a86fec0a11e','ARCHIVE_DOCUMENT_RESTORE_DOCUMENT',''),(906,'ca0e0309-5c84-4290-b60a-175f64b5edfd','fb8e14e4-d824-4fa1-932d-88f9cef81598','ae2eb30e-c8ae-467d-b494-2a86fec0a11e','ARCHIVE_DOCUMENT_View_Archive_Documents',''),(907,'0a470eac-47a9-4d59-8292-3218f9226ba5','fc97dc8f-b4da-46b1-a179-ab206d8b7efd','ae2eb30e-c8ae-467d-b494-2a86fec0a11e','Assigned_Documents_Cancel_Document',''),(908,'229ad778-c7d3-4f5f-ab52-24b537c39514','fc97dc8f-b4da-46b1-a179-ab206d8b7efd','ae2eb30e-c8ae-467d-b494-2a86fec0a11e','Assigned_Documents_Archive_Document',''),(909,'239035d5-cd44-475f-bbc5-9ef51768d389','fc97dc8f-b4da-46b1-a179-ab206d8b7efd','ae2eb30e-c8ae-467d-b494-2a86fec0a11e','Assigned_Documents_Create_Document',''),(910,'2ea6ba08-eb36-4e34-92d9-f1984c908b31','fc97dc8f-b4da-46b1-a179-ab206d8b7efd','ae2eb30e-c8ae-467d-b494-2a86fec0a11e','Assigned_Documents_Share_Document',''),(911,'a8dd972d-e758-4571-8d39-c6fec74b361b','fc97dc8f-b4da-46b1-a179-ab206d8b7efd','ae2eb30e-c8ae-467d-b494-2a86fec0a11e','Assigned_Documents_Edit_Document',''),(912,'abeb7422-e049-4e13-a7fe-b0c3f120e9af','2aaedf5f-9f22-4788-8e2b-ed8bf45dbbf8','b25dbb76-b0dd-4cce-a7d9-ba975a312d92','CONEX_DOCUMENT_MANAGE_CONEX_DOCUMENT',''),(913,'0a470eac-47a9-4d59-8292-3218f9226ba5','fc97dc8f-b4da-46b1-a179-ab206d8b7efd','b25dbb76-b0dd-4cce-a7d9-ba975a312d92','Assigned_Documents_Cancel_Document',''),(914,'abeb7422-e049-4e13-a7fe-b0c3f120e9af','2aaedf5f-9f22-4788-8e2b-ed8bf45dbbf8','c8c7e221-ffe5-4b65-9f2b-29663c560449','CONEX_DOCUMENT_MANAGE_CONEX_DOCUMENT',''),(915,'a4f82a2b-53f2-44f7-9541-7c5195aac38f','52b52bc7-d29c-4bab-90f1-968175c6b523','c8c7e221-ffe5-4b65-9f2b-29663c560449','CANCELED_DOCUMENTS_View_Canceled_Documents',''),(916,'0a470eac-47a9-4d59-8292-3218f9226ba5','fc97dc8f-b4da-46b1-a179-ab206d8b7efd','c8c7e221-ffe5-4b65-9f2b-29663c560449','Assigned_Documents_Cancel_Document',''),(917,'abeb7422-e049-4e13-a7fe-b0c3f120e9af','2aaedf5f-9f22-4788-8e2b-ed8bf45dbbf8','dce317ab-6e40-4e3c-843b-260a6ff8ad50','CONEX_DOCUMENT_MANAGE_CONEX_DOCUMENT',''),(918,'a4f82a2b-53f2-44f7-9541-7c5195aac38f','52b52bc7-d29c-4bab-90f1-968175c6b523','dce317ab-6e40-4e3c-843b-260a6ff8ad50','CANCELED_DOCUMENTS_View_Canceled_Documents',''),(919,'0a470eac-47a9-4d59-8292-3218f9226ba5','fc97dc8f-b4da-46b1-a179-ab206d8b7efd','dce317ab-6e40-4e3c-843b-260a6ff8ad50','Assigned_Documents_Cancel_Document',''),(924,'1c7d3e31-08ad-43cf-9cf7-4ffafdda9029','2396f81c-f8b5-49ac-88d1-94ed57333f49','e422aae4-a15d-4332-b8e3-fd21b0c40ac2','Document_Audit_Trail_View_Document_Audit_Trail',''),(925,'abeb7422-e049-4e13-a7fe-b0c3f120e9af','2aaedf5f-9f22-4788-8e2b-ed8bf45dbbf8','e422aae4-a15d-4332-b8e3-fd21b0c40ac2','CONEX_DOCUMENT_MANAGE_CONEX_DOCUMENT',''),(937,'7ba630ca-a9d3-42ee-99c8-766e2231fec1','42e44f15-8e33-423a-ad7f-17edc23d6dd3','e422aae4-a15d-4332-b8e3-fd21b0c40ac2','Dashboard_View_Dashboard',''),(938,'a4f82a2b-53f2-44f7-9541-7c5195aac38f','52b52bc7-d29c-4bab-90f1-968175c6b523','e422aae4-a15d-4332-b8e3-fd21b0c40ac2','CANCELED_DOCUMENTS_View_Canceled_Documents',''),(939,'67ae2b97-b24e-41d5-bf39-56b2834548d0','5a5f7cf8-21a6-434a-9330-db91b17d867c','e422aae4-a15d-4332-b8e3-fd21b0c40ac2','Document_Category_Create_Category',''),(940,'9c0e2186-06a4-4207-acbc-f6d8efa430b3','5a5f7cf8-21a6-434a-9330-db91b17d867c','e422aae4-a15d-4332-b8e3-fd21b0c40ac2','Document_Category_Delete_Category',''),(941,'ab45ef6a-a8e6-47ef-a182-6b88e2a6f9aa','5a5f7cf8-21a6-434a-9330-db91b17d867c','e422aae4-a15d-4332-b8e3-fd21b0c40ac2','Document_Category_View_Categories',''),(942,'cd46a3a4-ede5-4941-a49b-3df7eaa46428','5a5f7cf8-21a6-434a-9330-db91b17d867c','e422aae4-a15d-4332-b8e3-fd21b0c40ac2','Document_Category_Edit_Category',''),(943,'3ccaf408-8864-4815-a3e0-50632d90bcb6','97ff6eb0-39b3-4ddd-acf1-43205d5a9bb3','e422aae4-a15d-4332-b8e3-fd21b0c40ac2','Reminder_Edit_Reminder',''),(944,'5ea48d56-2ed3-4239-bb90-dd4d70a1b0b2','97ff6eb0-39b3-4ddd-acf1-43205d5a9bb3','e422aae4-a15d-4332-b8e3-fd21b0c40ac2','Reminder_Delete_Reminder',''),(945,'6bc0458e-22f5-4975-b387-4d6a4fb35201','97ff6eb0-39b3-4ddd-acf1-43205d5a9bb3','e422aae4-a15d-4332-b8e3-fd21b0c40ac2','Reminder_Create_Reminder',''),(946,'6f2717fc-edef-4537-916d-2d527251a5c1','97ff6eb0-39b3-4ddd-acf1-43205d5a9bb3','e422aae4-a15d-4332-b8e3-fd21b0c40ac2','Reminder_View_Reminders',''),(948,'a864a065-1323-413c-ae67-bebd54219cda','a6df043b-8c8f-41d5-9696-d20c9ca14616','e422aae4-a15d-4332-b8e3-fd21b0c40ac2','DOCUMENT_REGISTER_View_Document_Register',''),(950,'01484c7b-122b-4b0d-a3b8-300ac4186021','d8ebdcab-522c-4a97-91f1-540e21b93533','e422aae4-a15d-4332-b8e3-fd21b0c40ac2','Sender_Manage_Sender',''),(954,'239035d5-cd44-475f-bbc5-9ef51768d389','eddf9e8e-0c70-4cde-b5f9-117a879747d6','e422aae4-a15d-4332-b8e3-fd21b0c40ac2','All_Documents_Create_Document',''),(962,'6d222929-abfb-42a8-82f6-d9e3bc8dca55','fa4e3fa9-16e9-4028-a06a-3178c424dbb3','e422aae4-a15d-4332-b8e3-fd21b0c40ac2','RECIPIENT_Manage_Recipient',''),(963,'30e9f0dd-2cd3-43bb-b7e2-c5018eabab0d','fb8e14e4-d824-4fa1-932d-88f9cef81598','e422aae4-a15d-4332-b8e3-fd21b0c40ac2','ARCHIVE_DOCUMENT_RESTORE_DOCUMENT',''),(964,'ca0e0309-5c84-4290-b60a-175f64b5edfd','fb8e14e4-d824-4fa1-932d-88f9cef81598','e422aae4-a15d-4332-b8e3-fd21b0c40ac2','ARCHIVE_DOCUMENT_View_Archive_Documents',''),(965,'0a470eac-47a9-4d59-8292-3218f9226ba5','fc97dc8f-b4da-46b1-a179-ab206d8b7efd','e422aae4-a15d-4332-b8e3-fd21b0c40ac2','Assigned_Documents_Cancel_Document',''),(966,'229ad778-c7d3-4f5f-ab52-24b537c39514','fc97dc8f-b4da-46b1-a179-ab206d8b7efd','e422aae4-a15d-4332-b8e3-fd21b0c40ac2','Assigned_Documents_Archive_Document',''),(967,'239035d5-cd44-475f-bbc5-9ef51768d389','fc97dc8f-b4da-46b1-a179-ab206d8b7efd','e422aae4-a15d-4332-b8e3-fd21b0c40ac2','Assigned_Documents_Create_Document',''),(968,'2ea6ba08-eb36-4e34-92d9-f1984c908b31','fc97dc8f-b4da-46b1-a179-ab206d8b7efd','e422aae4-a15d-4332-b8e3-fd21b0c40ac2','Assigned_Documents_Share_Document',''),(969,'a8dd972d-e758-4571-8d39-c6fec74b361b','fc97dc8f-b4da-46b1-a179-ab206d8b7efd','e422aae4-a15d-4332-b8e3-fd21b0c40ac2','Assigned_Documents_Edit_Document',''),(970,'18a5a8f6-7cb6-4178-857d-b6a981ea3d4f','090ea443-01c7-4638-a194-ad3416a5ea7a','f25c6b1f-99d5-4e89-b3a7-3fd772b188f9','Role_Delete_Role',''),(971,'57216dcd-1a1c-4f94-a33d-83a5af2d7a46','090ea443-01c7-4638-a194-ad3416a5ea7a','f25c6b1f-99d5-4e89-b3a7-3fd772b188f9','Role_View_Roles',''),(972,'c288b5d3-419d-4dc0-9e5a-083194016d2c','090ea443-01c7-4638-a194-ad3416a5ea7a','f25c6b1f-99d5-4e89-b3a7-3fd772b188f9','Role_Edit_Role',''),(973,'db8825b1-ee4e-49f6-9a08-b0210ed53fd4','090ea443-01c7-4638-a194-ad3416a5ea7a','f25c6b1f-99d5-4e89-b3a7-3fd772b188f9','Role_Create_Role',''),(974,'1c7d3e31-08ad-43cf-9cf7-4ffafdda9029','2396f81c-f8b5-49ac-88d1-94ed57333f49','f25c6b1f-99d5-4e89-b3a7-3fd772b188f9','Document_Audit_Trail_View_Document_Audit_Trail',''),(975,'abeb7422-e049-4e13-a7fe-b0c3f120e9af','2aaedf5f-9f22-4788-8e2b-ed8bf45dbbf8','f25c6b1f-99d5-4e89-b3a7-3fd772b188f9','CONEX_DOCUMENT_MANAGE_CONEX_DOCUMENT',''),(976,'41f65d07-9023-4cfb-9c7c-0e3247a012e0','2e3c07a4-fcac-4303-ae47-0d0f796403c9','f25c6b1f-99d5-4e89-b3a7-3fd772b188f9','Email_View_SMTP_Settings',''),(977,'4f19045b-e9a8-403b-b730-8453ee72830e','2e3c07a4-fcac-4303-ae47-0d0f796403c9','f25c6b1f-99d5-4e89-b3a7-3fd772b188f9','Email_Delete_SMTP_Setting',''),(978,'752ae5b8-e34f-4b32-81f2-2cf709881663','2e3c07a4-fcac-4303-ae47-0d0f796403c9','f25c6b1f-99d5-4e89-b3a7-3fd772b188f9','Email_Edit_SMTP_Setting',''),(979,'ab0544d7-2276-4f3b-b450-7f0fa11c3dd9','2e3c07a4-fcac-4303-ae47-0d0f796403c9','f25c6b1f-99d5-4e89-b3a7-3fd772b188f9','Email_Create_SMTP_Setting',''),(980,'0a2e19fc-d9f2-446c-8ca3-e6b8b73b5f9b','324bdc51-d71f-4f80-9f28-a30e8aae4009','f25c6b1f-99d5-4e89-b3a7-3fd772b188f9','User_Edit_User',''),(981,'31cb6438-7d4a-4385-8a34-b4e8f6096a48','324bdc51-d71f-4f80-9f28-a30e8aae4009','f25c6b1f-99d5-4e89-b3a7-3fd772b188f9','User_View_Users',''),(982,'374d74aa-a580-4928-848d-f7553db39914','324bdc51-d71f-4f80-9f28-a30e8aae4009','f25c6b1f-99d5-4e89-b3a7-3fd772b188f9','User_Delete_User',''),(983,'86ce1382-a2b1-48ed-ae81-c9908d00cf3b','324bdc51-d71f-4f80-9f28-a30e8aae4009','f25c6b1f-99d5-4e89-b3a7-3fd772b188f9','User_Create_User',''),(984,'d4d724fc-fd38-49c4-85bc-73937b219e20','324bdc51-d71f-4f80-9f28-a30e8aae4009','f25c6b1f-99d5-4e89-b3a7-3fd772b188f9','User_Reset_Password',''),(985,'e506ec48-b99a-45b4-9ec9-6451bc67477b','324bdc51-d71f-4f80-9f28-a30e8aae4009','f25c6b1f-99d5-4e89-b3a7-3fd772b188f9','User_Assign_Permission',''),(986,'fbe77c07-3058-4dbe-9d56-8c75dc879460','324bdc51-d71f-4f80-9f28-a30e8aae4009','f25c6b1f-99d5-4e89-b3a7-3fd772b188f9','User_Assign_User_Role',''),(987,'7ba630ca-a9d3-42ee-99c8-766e2231fec1','42e44f15-8e33-423a-ad7f-17edc23d6dd3','f25c6b1f-99d5-4e89-b3a7-3fd772b188f9','Dashboard_View_Dashboard',''),(988,'a4f82a2b-53f2-44f7-9541-7c5195aac38f','52b52bc7-d29c-4bab-90f1-968175c6b523','f25c6b1f-99d5-4e89-b3a7-3fd772b188f9','CANCELED_DOCUMENTS_View_Canceled_Documents',''),(989,'67ae2b97-b24e-41d5-bf39-56b2834548d0','5a5f7cf8-21a6-434a-9330-db91b17d867c','f25c6b1f-99d5-4e89-b3a7-3fd772b188f9','Document_Category_Create_Category',''),(990,'9c0e2186-06a4-4207-acbc-f6d8efa430b3','5a5f7cf8-21a6-434a-9330-db91b17d867c','f25c6b1f-99d5-4e89-b3a7-3fd772b188f9','Document_Category_Delete_Category',''),(991,'ab45ef6a-a8e6-47ef-a182-6b88e2a6f9aa','5a5f7cf8-21a6-434a-9330-db91b17d867c','f25c6b1f-99d5-4e89-b3a7-3fd772b188f9','Document_Category_View_Categories',''),(992,'cd46a3a4-ede5-4941-a49b-3df7eaa46428','5a5f7cf8-21a6-434a-9330-db91b17d867c','f25c6b1f-99d5-4e89-b3a7-3fd772b188f9','Document_Category_Edit_Category',''),(993,'3ccaf408-8864-4815-a3e0-50632d90bcb6','97ff6eb0-39b3-4ddd-acf1-43205d5a9bb3','f25c6b1f-99d5-4e89-b3a7-3fd772b188f9','Reminder_Edit_Reminder',''),(994,'5ea48d56-2ed3-4239-bb90-dd4d70a1b0b2','97ff6eb0-39b3-4ddd-acf1-43205d5a9bb3','f25c6b1f-99d5-4e89-b3a7-3fd772b188f9','Reminder_Delete_Reminder',''),(995,'6bc0458e-22f5-4975-b387-4d6a4fb35201','97ff6eb0-39b3-4ddd-acf1-43205d5a9bb3','f25c6b1f-99d5-4e89-b3a7-3fd772b188f9','Reminder_Create_Reminder',''),(996,'6f2717fc-edef-4537-916d-2d527251a5c1','97ff6eb0-39b3-4ddd-acf1-43205d5a9bb3','f25c6b1f-99d5-4e89-b3a7-3fd772b188f9','Reminder_View_Reminders',''),(997,'7d024ff2-59ea-4e47-9da5-c1525bd9a84d','a6df043b-8c8f-41d5-9696-d20c9ca14616','f25c6b1f-99d5-4e89-b3a7-3fd772b188f9','DOCUMENT_REGISTER_View_All_Document_Register',''),(998,'a864a065-1323-413c-ae67-bebd54219cda','a6df043b-8c8f-41d5-9696-d20c9ca14616','f25c6b1f-99d5-4e89-b3a7-3fd772b188f9','DOCUMENT_REGISTER_View_Document_Register',''),(999,'647368b9-e959-42e3-88b4-e82c4af46728','b68f2544-1cf8-4d8b-a9c7-eee64ecc3408','f25c6b1f-99d5-4e89-b3a7-3fd772b188f9','Page_Helper_Manage_Page_Helper',''),(1000,'01484c7b-122b-4b0d-a3b8-300ac4186021','d8ebdcab-522c-4a97-91f1-540e21b93533','f25c6b1f-99d5-4e89-b3a7-3fd772b188f9','Sender_Manage_Sender',''),(1001,'05572ea5-1ce6-11ee-b7f8-d85ed3312c1f','ed7e14c5-1ce5-11ee-b7f8-d85ed3312c1f','f25c6b1f-99d5-4e89-b3a7-3fd772b188f9','Logs_View_Error_Logs',''),(1002,'0a470eac-47a9-4d59-8292-3218f9226ba5','eddf9e8e-0c70-4cde-b5f9-117a879747d6','f25c6b1f-99d5-4e89-b3a7-3fd772b188f9','All_Documents_Cancel_Document',''),(1003,'229ad778-c7d3-4f5f-ab52-24b537c39514','eddf9e8e-0c70-4cde-b5f9-117a879747d6','f25c6b1f-99d5-4e89-b3a7-3fd772b188f9','All_Documents_Archive_Document',''),(1004,'239035d5-cd44-475f-bbc5-9ef51768d389','eddf9e8e-0c70-4cde-b5f9-117a879747d6','f25c6b1f-99d5-4e89-b3a7-3fd772b188f9','All_Documents_Create_Document',''),(1005,'2ea6ba08-eb36-4e34-92d9-f1984c908b31','eddf9e8e-0c70-4cde-b5f9-117a879747d6','f25c6b1f-99d5-4e89-b3a7-3fd772b188f9','All_Documents_Share_Document',''),(1006,'3da78b4d-d263-4b13-8e81-7aa164a3688c','eddf9e8e-0c70-4cde-b5f9-117a879747d6','f25c6b1f-99d5-4e89-b3a7-3fd772b188f9','All_Documents_Add_Reminder',''),(1007,'595a769d-f7ef-45f3-9f9e-60c58c5e1542','eddf9e8e-0c70-4cde-b5f9-117a879747d6','f25c6b1f-99d5-4e89-b3a7-3fd772b188f9','All_Documents_Send_Email',''),(1008,'63ed1277-1db5-4cf7-8404-3e3426cb4bc5','eddf9e8e-0c70-4cde-b5f9-117a879747d6','f25c6b1f-99d5-4e89-b3a7-3fd772b188f9','All_Documents_View_Documents',''),(1009,'6719a065-8a4a-4350-8582-bfc41ce283fb','eddf9e8e-0c70-4cde-b5f9-117a879747d6','f25c6b1f-99d5-4e89-b3a7-3fd772b188f9','All_Documents_Download_Document',''),(1010,'a8dd972d-e758-4571-8d39-c6fec74b361b','eddf9e8e-0c70-4cde-b5f9-117a879747d6','f25c6b1f-99d5-4e89-b3a7-3fd772b188f9','All_Documents_Edit_Document',''),(1011,'ff4b3b73-c29f-462a-afa4-94a40e6b2c4a','f042bbee-d15f-40fb-b79a-8368f2c2e287','f25c6b1f-99d5-4e89-b3a7-3fd772b188f9','Login_Audit_View_Login_Audit_Logs',''),(1012,'6d222929-abfb-42a8-82f6-d9e3bc8dca55','fa4e3fa9-16e9-4028-a06a-3178c424dbb3','f25c6b1f-99d5-4e89-b3a7-3fd772b188f9','RECIPIENT_Manage_Recipient',''),(1013,'30e9f0dd-2cd3-43bb-b7e2-c5018eabab0d','fb8e14e4-d824-4fa1-932d-88f9cef81598','f25c6b1f-99d5-4e89-b3a7-3fd772b188f9','ARCHIVE_DOCUMENT_RESTORE_DOCUMENT',''),(1014,'ca0e0309-5c84-4290-b60a-175f64b5edfd','fb8e14e4-d824-4fa1-932d-88f9cef81598','f25c6b1f-99d5-4e89-b3a7-3fd772b188f9','ARCHIVE_DOCUMENT_View_Archive_Documents',''),(1015,'0a470eac-47a9-4d59-8292-3218f9226ba5','fc97dc8f-b4da-46b1-a179-ab206d8b7efd','f25c6b1f-99d5-4e89-b3a7-3fd772b188f9','Assigned_Documents_Cancel_Document',''),(1016,'229ad778-c7d3-4f5f-ab52-24b537c39514','fc97dc8f-b4da-46b1-a179-ab206d8b7efd','f25c6b1f-99d5-4e89-b3a7-3fd772b188f9','Assigned_Documents_Archive_Document',''),(1017,'239035d5-cd44-475f-bbc5-9ef51768d389','fc97dc8f-b4da-46b1-a179-ab206d8b7efd','f25c6b1f-99d5-4e89-b3a7-3fd772b188f9','Assigned_Documents_Create_Document',''),(1018,'2ea6ba08-eb36-4e34-92d9-f1984c908b31','fc97dc8f-b4da-46b1-a179-ab206d8b7efd','f25c6b1f-99d5-4e89-b3a7-3fd772b188f9','Assigned_Documents_Share_Document',''),(1019,'a8dd972d-e758-4571-8d39-c6fec74b361b','fc97dc8f-b4da-46b1-a179-ab206d8b7efd','f25c6b1f-99d5-4e89-b3a7-3fd772b188f9','Assigned_Documents_Edit_Document',''),(1020,'18a5a8f6-7cb6-4178-857d-b6a981ea3d4f','090ea443-01c7-4638-a194-ad3416a5ea7a','fedeac7a-a665-40a4-af02-f47ec4b7aff5','Role_Delete_Role',''),(1021,'57216dcd-1a1c-4f94-a33d-83a5af2d7a46','090ea443-01c7-4638-a194-ad3416a5ea7a','fedeac7a-a665-40a4-af02-f47ec4b7aff5','Role_View_Roles',''),(1022,'c288b5d3-419d-4dc0-9e5a-083194016d2c','090ea443-01c7-4638-a194-ad3416a5ea7a','fedeac7a-a665-40a4-af02-f47ec4b7aff5','Role_Edit_Role',''),(1023,'db8825b1-ee4e-49f6-9a08-b0210ed53fd4','090ea443-01c7-4638-a194-ad3416a5ea7a','fedeac7a-a665-40a4-af02-f47ec4b7aff5','Role_Create_Role',''),(1024,'1c7d3e31-08ad-43cf-9cf7-4ffafdda9029','2396f81c-f8b5-49ac-88d1-94ed57333f49','fedeac7a-a665-40a4-af02-f47ec4b7aff5','Document_Audit_Trail_View_Document_Audit_Trail',''),(1025,'abeb7422-e049-4e13-a7fe-b0c3f120e9af','2aaedf5f-9f22-4788-8e2b-ed8bf45dbbf8','fedeac7a-a665-40a4-af02-f47ec4b7aff5','CONEX_DOCUMENT_MANAGE_CONEX_DOCUMENT',''),(1026,'41f65d07-9023-4cfb-9c7c-0e3247a012e0','2e3c07a4-fcac-4303-ae47-0d0f796403c9','fedeac7a-a665-40a4-af02-f47ec4b7aff5','Email_View_SMTP_Settings',''),(1027,'4f19045b-e9a8-403b-b730-8453ee72830e','2e3c07a4-fcac-4303-ae47-0d0f796403c9','fedeac7a-a665-40a4-af02-f47ec4b7aff5','Email_Delete_SMTP_Setting',''),(1028,'752ae5b8-e34f-4b32-81f2-2cf709881663','2e3c07a4-fcac-4303-ae47-0d0f796403c9','fedeac7a-a665-40a4-af02-f47ec4b7aff5','Email_Edit_SMTP_Setting',''),(1029,'ab0544d7-2276-4f3b-b450-7f0fa11c3dd9','2e3c07a4-fcac-4303-ae47-0d0f796403c9','fedeac7a-a665-40a4-af02-f47ec4b7aff5','Email_Create_SMTP_Setting',''),(1030,'0a2e19fc-d9f2-446c-8ca3-e6b8b73b5f9b','324bdc51-d71f-4f80-9f28-a30e8aae4009','fedeac7a-a665-40a4-af02-f47ec4b7aff5','User_Edit_User',''),(1031,'31cb6438-7d4a-4385-8a34-b4e8f6096a48','324bdc51-d71f-4f80-9f28-a30e8aae4009','fedeac7a-a665-40a4-af02-f47ec4b7aff5','User_View_Users',''),(1032,'374d74aa-a580-4928-848d-f7553db39914','324bdc51-d71f-4f80-9f28-a30e8aae4009','fedeac7a-a665-40a4-af02-f47ec4b7aff5','User_Delete_User',''),(1033,'86ce1382-a2b1-48ed-ae81-c9908d00cf3b','324bdc51-d71f-4f80-9f28-a30e8aae4009','fedeac7a-a665-40a4-af02-f47ec4b7aff5','User_Create_User',''),(1034,'d4d724fc-fd38-49c4-85bc-73937b219e20','324bdc51-d71f-4f80-9f28-a30e8aae4009','fedeac7a-a665-40a4-af02-f47ec4b7aff5','User_Reset_Password',''),(1035,'e506ec48-b99a-45b4-9ec9-6451bc67477b','324bdc51-d71f-4f80-9f28-a30e8aae4009','fedeac7a-a665-40a4-af02-f47ec4b7aff5','User_Assign_Permission',''),(1036,'fbe77c07-3058-4dbe-9d56-8c75dc879460','324bdc51-d71f-4f80-9f28-a30e8aae4009','fedeac7a-a665-40a4-af02-f47ec4b7aff5','User_Assign_User_Role',''),(1037,'7ba630ca-a9d3-42ee-99c8-766e2231fec1','42e44f15-8e33-423a-ad7f-17edc23d6dd3','fedeac7a-a665-40a4-af02-f47ec4b7aff5','Dashboard_View_Dashboard',''),(1038,'a4f82a2b-53f2-44f7-9541-7c5195aac38f','52b52bc7-d29c-4bab-90f1-968175c6b523','fedeac7a-a665-40a4-af02-f47ec4b7aff5','CANCELED_DOCUMENTS_View_Canceled_Documents',''),(1039,'67ae2b97-b24e-41d5-bf39-56b2834548d0','5a5f7cf8-21a6-434a-9330-db91b17d867c','fedeac7a-a665-40a4-af02-f47ec4b7aff5','Document_Category_Create_Category',''),(1040,'9c0e2186-06a4-4207-acbc-f6d8efa430b3','5a5f7cf8-21a6-434a-9330-db91b17d867c','fedeac7a-a665-40a4-af02-f47ec4b7aff5','Document_Category_Delete_Category',''),(1041,'ab45ef6a-a8e6-47ef-a182-6b88e2a6f9aa','5a5f7cf8-21a6-434a-9330-db91b17d867c','fedeac7a-a665-40a4-af02-f47ec4b7aff5','Document_Category_View_Categories',''),(1042,'cd46a3a4-ede5-4941-a49b-3df7eaa46428','5a5f7cf8-21a6-434a-9330-db91b17d867c','fedeac7a-a665-40a4-af02-f47ec4b7aff5','Document_Category_Edit_Category',''),(1043,'3ccaf408-8864-4815-a3e0-50632d90bcb6','97ff6eb0-39b3-4ddd-acf1-43205d5a9bb3','fedeac7a-a665-40a4-af02-f47ec4b7aff5','Reminder_Edit_Reminder',''),(1044,'5ea48d56-2ed3-4239-bb90-dd4d70a1b0b2','97ff6eb0-39b3-4ddd-acf1-43205d5a9bb3','fedeac7a-a665-40a4-af02-f47ec4b7aff5','Reminder_Delete_Reminder',''),(1045,'6bc0458e-22f5-4975-b387-4d6a4fb35201','97ff6eb0-39b3-4ddd-acf1-43205d5a9bb3','fedeac7a-a665-40a4-af02-f47ec4b7aff5','Reminder_Create_Reminder',''),(1046,'6f2717fc-edef-4537-916d-2d527251a5c1','97ff6eb0-39b3-4ddd-acf1-43205d5a9bb3','fedeac7a-a665-40a4-af02-f47ec4b7aff5','Reminder_View_Reminders',''),(1047,'7d024ff2-59ea-4e47-9da5-c1525bd9a84d','a6df043b-8c8f-41d5-9696-d20c9ca14616','fedeac7a-a665-40a4-af02-f47ec4b7aff5','DOCUMENT_REGISTER_View_All_Document_Register',''),(1048,'a864a065-1323-413c-ae67-bebd54219cda','a6df043b-8c8f-41d5-9696-d20c9ca14616','fedeac7a-a665-40a4-af02-f47ec4b7aff5','DOCUMENT_REGISTER_View_Document_Register',''),(1049,'647368b9-e959-42e3-88b4-e82c4af46728','b68f2544-1cf8-4d8b-a9c7-eee64ecc3408','fedeac7a-a665-40a4-af02-f47ec4b7aff5','Page_Helper_Manage_Page_Helper',''),(1050,'01484c7b-122b-4b0d-a3b8-300ac4186021','d8ebdcab-522c-4a97-91f1-540e21b93533','fedeac7a-a665-40a4-af02-f47ec4b7aff5','Sender_Manage_Sender',''),(1051,'05572ea5-1ce6-11ee-b7f8-d85ed3312c1f','ed7e14c5-1ce5-11ee-b7f8-d85ed3312c1f','fedeac7a-a665-40a4-af02-f47ec4b7aff5','Logs_View_Error_Logs',''),(1052,'0a470eac-47a9-4d59-8292-3218f9226ba5','eddf9e8e-0c70-4cde-b5f9-117a879747d6','fedeac7a-a665-40a4-af02-f47ec4b7aff5','All_Documents_Cancel_Document',''),(1053,'229ad778-c7d3-4f5f-ab52-24b537c39514','eddf9e8e-0c70-4cde-b5f9-117a879747d6','fedeac7a-a665-40a4-af02-f47ec4b7aff5','All_Documents_Archive_Document',''),(1054,'239035d5-cd44-475f-bbc5-9ef51768d389','eddf9e8e-0c70-4cde-b5f9-117a879747d6','fedeac7a-a665-40a4-af02-f47ec4b7aff5','All_Documents_Create_Document',''),(1055,'2ea6ba08-eb36-4e34-92d9-f1984c908b31','eddf9e8e-0c70-4cde-b5f9-117a879747d6','fedeac7a-a665-40a4-af02-f47ec4b7aff5','All_Documents_Share_Document',''),(1056,'3da78b4d-d263-4b13-8e81-7aa164a3688c','eddf9e8e-0c70-4cde-b5f9-117a879747d6','fedeac7a-a665-40a4-af02-f47ec4b7aff5','All_Documents_Add_Reminder',''),(1057,'595a769d-f7ef-45f3-9f9e-60c58c5e1542','eddf9e8e-0c70-4cde-b5f9-117a879747d6','fedeac7a-a665-40a4-af02-f47ec4b7aff5','All_Documents_Send_Email',''),(1058,'63ed1277-1db5-4cf7-8404-3e3426cb4bc5','eddf9e8e-0c70-4cde-b5f9-117a879747d6','fedeac7a-a665-40a4-af02-f47ec4b7aff5','All_Documents_View_Documents',''),(1059,'6719a065-8a4a-4350-8582-bfc41ce283fb','eddf9e8e-0c70-4cde-b5f9-117a879747d6','fedeac7a-a665-40a4-af02-f47ec4b7aff5','All_Documents_Download_Document',''),(1060,'a8dd972d-e758-4571-8d39-c6fec74b361b','eddf9e8e-0c70-4cde-b5f9-117a879747d6','fedeac7a-a665-40a4-af02-f47ec4b7aff5','All_Documents_Edit_Document',''),(1061,'ff4b3b73-c29f-462a-afa4-94a40e6b2c4a','f042bbee-d15f-40fb-b79a-8368f2c2e287','fedeac7a-a665-40a4-af02-f47ec4b7aff5','Login_Audit_View_Login_Audit_Logs',''),(1062,'6d222929-abfb-42a8-82f6-d9e3bc8dca55','fa4e3fa9-16e9-4028-a06a-3178c424dbb3','fedeac7a-a665-40a4-af02-f47ec4b7aff5','RECIPIENT_Manage_Recipient',''),(1063,'30e9f0dd-2cd3-43bb-b7e2-c5018eabab0d','fb8e14e4-d824-4fa1-932d-88f9cef81598','fedeac7a-a665-40a4-af02-f47ec4b7aff5','ARCHIVE_DOCUMENT_RESTORE_DOCUMENT',''),(1064,'ca0e0309-5c84-4290-b60a-175f64b5edfd','fb8e14e4-d824-4fa1-932d-88f9cef81598','fedeac7a-a665-40a4-af02-f47ec4b7aff5','ARCHIVE_DOCUMENT_View_Archive_Documents',''),(1065,'0a470eac-47a9-4d59-8292-3218f9226ba5','fc97dc8f-b4da-46b1-a179-ab206d8b7efd','fedeac7a-a665-40a4-af02-f47ec4b7aff5','Assigned_Documents_Cancel_Document',''),(1066,'229ad778-c7d3-4f5f-ab52-24b537c39514','fc97dc8f-b4da-46b1-a179-ab206d8b7efd','fedeac7a-a665-40a4-af02-f47ec4b7aff5','Assigned_Documents_Archive_Document',''),(1067,'239035d5-cd44-475f-bbc5-9ef51768d389','fc97dc8f-b4da-46b1-a179-ab206d8b7efd','fedeac7a-a665-40a4-af02-f47ec4b7aff5','Assigned_Documents_Create_Document',''),(1068,'2ea6ba08-eb36-4e34-92d9-f1984c908b31','fc97dc8f-b4da-46b1-a179-ab206d8b7efd','fedeac7a-a665-40a4-af02-f47ec4b7aff5','Assigned_Documents_Share_Document',''),(1069,'a8dd972d-e758-4571-8d39-c6fec74b361b','fc97dc8f-b4da-46b1-a179-ab206d8b7efd','fedeac7a-a665-40a4-af02-f47ec4b7aff5','Assigned_Documents_Edit_Document',''),(1070,'abeb7422-e049-4e13-a7fe-b0c3f120e9af','2aaedf5f-9f22-4788-8e2b-ed8bf45dbbf8','81c888c1-4d9c-471d-a3e1-27c0ec4c4582','CONEX_DOCUMENT_MANAGE_CONEX_DOCUMENT',''),(1071,'a4f82a2b-53f2-44f7-9541-7c5195aac38f','52b52bc7-d29c-4bab-90f1-968175c6b523','81c888c1-4d9c-471d-a3e1-27c0ec4c4582','CANCELED_DOCUMENTS_View_Canceled_Documents',''),(1072,'0a470eac-47a9-4d59-8292-3218f9226ba5','fc97dc8f-b4da-46b1-a179-ab206d8b7efd','81c888c1-4d9c-471d-a3e1-27c0ec4c4582','Assigned_Documents_Cancel_Document',''),(1073,'18a5a8f6-7cb6-4178-857d-b6a981ea3d4f','090ea443-01c7-4638-a194-ad3416a5ea7a','50f1d9d0-e5c2-497d-8df2-d79d20160a57','Role_Delete_Role',''),(1074,'57216dcd-1a1c-4f94-a33d-83a5af2d7a46','090ea443-01c7-4638-a194-ad3416a5ea7a','50f1d9d0-e5c2-497d-8df2-d79d20160a57','Role_View_Roles',''),(1075,'c288b5d3-419d-4dc0-9e5a-083194016d2c','090ea443-01c7-4638-a194-ad3416a5ea7a','50f1d9d0-e5c2-497d-8df2-d79d20160a57','Role_Edit_Role',''),(1076,'db8825b1-ee4e-49f6-9a08-b0210ed53fd4','090ea443-01c7-4638-a194-ad3416a5ea7a','50f1d9d0-e5c2-497d-8df2-d79d20160a57','Role_Create_Role',''),(1077,'1c7d3e31-08ad-43cf-9cf7-4ffafdda9029','2396f81c-f8b5-49ac-88d1-94ed57333f49','50f1d9d0-e5c2-497d-8df2-d79d20160a57','Document_Audit_Trail_View_Document_Audit_Trail',''),(1078,'abeb7422-e049-4e13-a7fe-b0c3f120e9af','2aaedf5f-9f22-4788-8e2b-ed8bf45dbbf8','50f1d9d0-e5c2-497d-8df2-d79d20160a57','CONEX_DOCUMENT_MANAGE_CONEX_DOCUMENT',''),(1079,'41f65d07-9023-4cfb-9c7c-0e3247a012e0','2e3c07a4-fcac-4303-ae47-0d0f796403c9','50f1d9d0-e5c2-497d-8df2-d79d20160a57','Email_View_SMTP_Settings',''),(1080,'4f19045b-e9a8-403b-b730-8453ee72830e','2e3c07a4-fcac-4303-ae47-0d0f796403c9','50f1d9d0-e5c2-497d-8df2-d79d20160a57','Email_Delete_SMTP_Setting',''),(1081,'752ae5b8-e34f-4b32-81f2-2cf709881663','2e3c07a4-fcac-4303-ae47-0d0f796403c9','50f1d9d0-e5c2-497d-8df2-d79d20160a57','Email_Edit_SMTP_Setting',''),(1082,'ab0544d7-2276-4f3b-b450-7f0fa11c3dd9','2e3c07a4-fcac-4303-ae47-0d0f796403c9','50f1d9d0-e5c2-497d-8df2-d79d20160a57','Email_Create_SMTP_Setting',''),(1083,'0a2e19fc-d9f2-446c-8ca3-e6b8b73b5f9b','324bdc51-d71f-4f80-9f28-a30e8aae4009','50f1d9d0-e5c2-497d-8df2-d79d20160a57','User_Edit_User',''),(1084,'31cb6438-7d4a-4385-8a34-b4e8f6096a48','324bdc51-d71f-4f80-9f28-a30e8aae4009','50f1d9d0-e5c2-497d-8df2-d79d20160a57','User_View_Users',''),(1085,'374d74aa-a580-4928-848d-f7553db39914','324bdc51-d71f-4f80-9f28-a30e8aae4009','50f1d9d0-e5c2-497d-8df2-d79d20160a57','User_Delete_User',''),(1086,'86ce1382-a2b1-48ed-ae81-c9908d00cf3b','324bdc51-d71f-4f80-9f28-a30e8aae4009','50f1d9d0-e5c2-497d-8df2-d79d20160a57','User_Create_User',''),(1087,'d4d724fc-fd38-49c4-85bc-73937b219e20','324bdc51-d71f-4f80-9f28-a30e8aae4009','50f1d9d0-e5c2-497d-8df2-d79d20160a57','User_Reset_Password',''),(1088,'e506ec48-b99a-45b4-9ec9-6451bc67477b','324bdc51-d71f-4f80-9f28-a30e8aae4009','50f1d9d0-e5c2-497d-8df2-d79d20160a57','User_Assign_Permission',''),(1089,'fbe77c07-3058-4dbe-9d56-8c75dc879460','324bdc51-d71f-4f80-9f28-a30e8aae4009','50f1d9d0-e5c2-497d-8df2-d79d20160a57','User_Assign_User_Role',''),(1090,'7ba630ca-a9d3-42ee-99c8-766e2231fec1','42e44f15-8e33-423a-ad7f-17edc23d6dd3','50f1d9d0-e5c2-497d-8df2-d79d20160a57','Dashboard_View_Dashboard',''),(1091,'a4f82a2b-53f2-44f7-9541-7c5195aac38f','52b52bc7-d29c-4bab-90f1-968175c6b523','50f1d9d0-e5c2-497d-8df2-d79d20160a57','CANCELED_DOCUMENTS_View_Canceled_Documents',''),(1092,'67ae2b97-b24e-41d5-bf39-56b2834548d0','5a5f7cf8-21a6-434a-9330-db91b17d867c','50f1d9d0-e5c2-497d-8df2-d79d20160a57','Document_Category_Create_Category',''),(1093,'9c0e2186-06a4-4207-acbc-f6d8efa430b3','5a5f7cf8-21a6-434a-9330-db91b17d867c','50f1d9d0-e5c2-497d-8df2-d79d20160a57','Document_Category_Delete_Category',''),(1094,'ab45ef6a-a8e6-47ef-a182-6b88e2a6f9aa','5a5f7cf8-21a6-434a-9330-db91b17d867c','50f1d9d0-e5c2-497d-8df2-d79d20160a57','Document_Category_View_Categories',''),(1095,'cd46a3a4-ede5-4941-a49b-3df7eaa46428','5a5f7cf8-21a6-434a-9330-db91b17d867c','50f1d9d0-e5c2-497d-8df2-d79d20160a57','Document_Category_Edit_Category',''),(1096,'3ccaf408-8864-4815-a3e0-50632d90bcb6','97ff6eb0-39b3-4ddd-acf1-43205d5a9bb3','50f1d9d0-e5c2-497d-8df2-d79d20160a57','Reminder_Edit_Reminder',''),(1097,'5ea48d56-2ed3-4239-bb90-dd4d70a1b0b2','97ff6eb0-39b3-4ddd-acf1-43205d5a9bb3','50f1d9d0-e5c2-497d-8df2-d79d20160a57','Reminder_Delete_Reminder',''),(1098,'6bc0458e-22f5-4975-b387-4d6a4fb35201','97ff6eb0-39b3-4ddd-acf1-43205d5a9bb3','50f1d9d0-e5c2-497d-8df2-d79d20160a57','Reminder_Create_Reminder',''),(1099,'6f2717fc-edef-4537-916d-2d527251a5c1','97ff6eb0-39b3-4ddd-acf1-43205d5a9bb3','50f1d9d0-e5c2-497d-8df2-d79d20160a57','Reminder_View_Reminders',''),(1101,'a864a065-1323-413c-ae67-bebd54219cda','a6df043b-8c8f-41d5-9696-d20c9ca14616','50f1d9d0-e5c2-497d-8df2-d79d20160a57','DOCUMENT_REGISTER_View_Document_Register',''),(1102,'647368b9-e959-42e3-88b4-e82c4af46728','b68f2544-1cf8-4d8b-a9c7-eee64ecc3408','50f1d9d0-e5c2-497d-8df2-d79d20160a57','Page_Helper_Manage_Page_Helper',''),(1103,'01484c7b-122b-4b0d-a3b8-300ac4186021','d8ebdcab-522c-4a97-91f1-540e21b93533','50f1d9d0-e5c2-497d-8df2-d79d20160a57','Sender_Manage_Sender',''),(1104,'05572ea5-1ce6-11ee-b7f8-d85ed3312c1f','ed7e14c5-1ce5-11ee-b7f8-d85ed3312c1f','50f1d9d0-e5c2-497d-8df2-d79d20160a57','Logs_View_Error_Logs',''),(1105,'0a470eac-47a9-4d59-8292-3218f9226ba5','eddf9e8e-0c70-4cde-b5f9-117a879747d6','50f1d9d0-e5c2-497d-8df2-d79d20160a57','All_Documents_Cancel_Document',''),(1106,'229ad778-c7d3-4f5f-ab52-24b537c39514','eddf9e8e-0c70-4cde-b5f9-117a879747d6','50f1d9d0-e5c2-497d-8df2-d79d20160a57','All_Documents_Archive_Document',''),(1107,'239035d5-cd44-475f-bbc5-9ef51768d389','eddf9e8e-0c70-4cde-b5f9-117a879747d6','50f1d9d0-e5c2-497d-8df2-d79d20160a57','All_Documents_Create_Document',''),(1108,'2ea6ba08-eb36-4e34-92d9-f1984c908b31','eddf9e8e-0c70-4cde-b5f9-117a879747d6','50f1d9d0-e5c2-497d-8df2-d79d20160a57','All_Documents_Share_Document',''),(1109,'3da78b4d-d263-4b13-8e81-7aa164a3688c','eddf9e8e-0c70-4cde-b5f9-117a879747d6','50f1d9d0-e5c2-497d-8df2-d79d20160a57','All_Documents_Add_Reminder',''),(1110,'595a769d-f7ef-45f3-9f9e-60c58c5e1542','eddf9e8e-0c70-4cde-b5f9-117a879747d6','50f1d9d0-e5c2-497d-8df2-d79d20160a57','All_Documents_Send_Email',''),(1111,'63ed1277-1db5-4cf7-8404-3e3426cb4bc5','eddf9e8e-0c70-4cde-b5f9-117a879747d6','50f1d9d0-e5c2-497d-8df2-d79d20160a57','All_Documents_View_Documents',''),(1112,'6719a065-8a4a-4350-8582-bfc41ce283fb','eddf9e8e-0c70-4cde-b5f9-117a879747d6','50f1d9d0-e5c2-497d-8df2-d79d20160a57','All_Documents_Download_Document',''),(1113,'a8dd972d-e758-4571-8d39-c6fec74b361b','eddf9e8e-0c70-4cde-b5f9-117a879747d6','50f1d9d0-e5c2-497d-8df2-d79d20160a57','All_Documents_Edit_Document',''),(1114,'ff4b3b73-c29f-462a-afa4-94a40e6b2c4a','f042bbee-d15f-40fb-b79a-8368f2c2e287','50f1d9d0-e5c2-497d-8df2-d79d20160a57','Login_Audit_View_Login_Audit_Logs',''),(1115,'6d222929-abfb-42a8-82f6-d9e3bc8dca55','fa4e3fa9-16e9-4028-a06a-3178c424dbb3','50f1d9d0-e5c2-497d-8df2-d79d20160a57','RECIPIENT_Manage_Recipient',''),(1116,'30e9f0dd-2cd3-43bb-b7e2-c5018eabab0d','fb8e14e4-d824-4fa1-932d-88f9cef81598','50f1d9d0-e5c2-497d-8df2-d79d20160a57','ARCHIVE_DOCUMENT_RESTORE_DOCUMENT',''),(1117,'ca0e0309-5c84-4290-b60a-175f64b5edfd','fb8e14e4-d824-4fa1-932d-88f9cef81598','50f1d9d0-e5c2-497d-8df2-d79d20160a57','ARCHIVE_DOCUMENT_View_Archive_Documents',''),(1118,'0a470eac-47a9-4d59-8292-3218f9226ba5','fc97dc8f-b4da-46b1-a179-ab206d8b7efd','50f1d9d0-e5c2-497d-8df2-d79d20160a57','Assigned_Documents_Cancel_Document',''),(1119,'229ad778-c7d3-4f5f-ab52-24b537c39514','fc97dc8f-b4da-46b1-a179-ab206d8b7efd','50f1d9d0-e5c2-497d-8df2-d79d20160a57','Assigned_Documents_Archive_Document',''),(1120,'239035d5-cd44-475f-bbc5-9ef51768d389','fc97dc8f-b4da-46b1-a179-ab206d8b7efd','50f1d9d0-e5c2-497d-8df2-d79d20160a57','Assigned_Documents_Create_Document',''),(1121,'2ea6ba08-eb36-4e34-92d9-f1984c908b31','fc97dc8f-b4da-46b1-a179-ab206d8b7efd','50f1d9d0-e5c2-497d-8df2-d79d20160a57','Assigned_Documents_Share_Document',''),(1122,'a8dd972d-e758-4571-8d39-c6fec74b361b','fc97dc8f-b4da-46b1-a179-ab206d8b7efd','50f1d9d0-e5c2-497d-8df2-d79d20160a57','Assigned_Documents_Edit_Document',''),(1127,'1c7d3e31-08ad-43cf-9cf7-4ffafdda9029','2396f81c-f8b5-49ac-88d1-94ed57333f49','53c7f76a-505f-4eb3-95f5-666fd5993127','Document_Audit_Trail_View_Document_Audit_Trail',''),(1128,'abeb7422-e049-4e13-a7fe-b0c3f120e9af','2aaedf5f-9f22-4788-8e2b-ed8bf45dbbf8','53c7f76a-505f-4eb3-95f5-666fd5993127','CONEX_DOCUMENT_MANAGE_CONEX_DOCUMENT',''),(1140,'7ba630ca-a9d3-42ee-99c8-766e2231fec1','42e44f15-8e33-423a-ad7f-17edc23d6dd3','53c7f76a-505f-4eb3-95f5-666fd5993127','Dashboard_View_Dashboard',''),(1141,'a4f82a2b-53f2-44f7-9541-7c5195aac38f','52b52bc7-d29c-4bab-90f1-968175c6b523','53c7f76a-505f-4eb3-95f5-666fd5993127','CANCELED_DOCUMENTS_View_Canceled_Documents',''),(1142,'67ae2b97-b24e-41d5-bf39-56b2834548d0','5a5f7cf8-21a6-434a-9330-db91b17d867c','53c7f76a-505f-4eb3-95f5-666fd5993127','Document_Category_Create_Category',''),(1143,'9c0e2186-06a4-4207-acbc-f6d8efa430b3','5a5f7cf8-21a6-434a-9330-db91b17d867c','53c7f76a-505f-4eb3-95f5-666fd5993127','Document_Category_Delete_Category',''),(1144,'ab45ef6a-a8e6-47ef-a182-6b88e2a6f9aa','5a5f7cf8-21a6-434a-9330-db91b17d867c','53c7f76a-505f-4eb3-95f5-666fd5993127','Document_Category_View_Categories',''),(1145,'cd46a3a4-ede5-4941-a49b-3df7eaa46428','5a5f7cf8-21a6-434a-9330-db91b17d867c','53c7f76a-505f-4eb3-95f5-666fd5993127','Document_Category_Edit_Category',''),(1146,'3ccaf408-8864-4815-a3e0-50632d90bcb6','97ff6eb0-39b3-4ddd-acf1-43205d5a9bb3','53c7f76a-505f-4eb3-95f5-666fd5993127','Reminder_Edit_Reminder',''),(1147,'5ea48d56-2ed3-4239-bb90-dd4d70a1b0b2','97ff6eb0-39b3-4ddd-acf1-43205d5a9bb3','53c7f76a-505f-4eb3-95f5-666fd5993127','Reminder_Delete_Reminder',''),(1148,'6bc0458e-22f5-4975-b387-4d6a4fb35201','97ff6eb0-39b3-4ddd-acf1-43205d5a9bb3','53c7f76a-505f-4eb3-95f5-666fd5993127','Reminder_Create_Reminder',''),(1149,'6f2717fc-edef-4537-916d-2d527251a5c1','97ff6eb0-39b3-4ddd-acf1-43205d5a9bb3','53c7f76a-505f-4eb3-95f5-666fd5993127','Reminder_View_Reminders',''),(1150,'7d024ff2-59ea-4e47-9da5-c1525bd9a84d','a6df043b-8c8f-41d5-9696-d20c9ca14616','53c7f76a-505f-4eb3-95f5-666fd5993127','DOCUMENT_REGISTER_View_All_Document_Register',''),(1151,'a864a065-1323-413c-ae67-bebd54219cda','a6df043b-8c8f-41d5-9696-d20c9ca14616','53c7f76a-505f-4eb3-95f5-666fd5993127','DOCUMENT_REGISTER_View_Document_Register',''),(1153,'01484c7b-122b-4b0d-a3b8-300ac4186021','d8ebdcab-522c-4a97-91f1-540e21b93533','53c7f76a-505f-4eb3-95f5-666fd5993127','Sender_Manage_Sender',''),(1155,'0a470eac-47a9-4d59-8292-3218f9226ba5','eddf9e8e-0c70-4cde-b5f9-117a879747d6','53c7f76a-505f-4eb3-95f5-666fd5993127','All_Documents_Cancel_Document',''),(1156,'229ad778-c7d3-4f5f-ab52-24b537c39514','eddf9e8e-0c70-4cde-b5f9-117a879747d6','53c7f76a-505f-4eb3-95f5-666fd5993127','All_Documents_Archive_Document',''),(1157,'239035d5-cd44-475f-bbc5-9ef51768d389','eddf9e8e-0c70-4cde-b5f9-117a879747d6','53c7f76a-505f-4eb3-95f5-666fd5993127','All_Documents_Create_Document',''),(1158,'2ea6ba08-eb36-4e34-92d9-f1984c908b31','eddf9e8e-0c70-4cde-b5f9-117a879747d6','53c7f76a-505f-4eb3-95f5-666fd5993127','All_Documents_Share_Document',''),(1159,'3da78b4d-d263-4b13-8e81-7aa164a3688c','eddf9e8e-0c70-4cde-b5f9-117a879747d6','53c7f76a-505f-4eb3-95f5-666fd5993127','All_Documents_Add_Reminder',''),(1160,'595a769d-f7ef-45f3-9f9e-60c58c5e1542','eddf9e8e-0c70-4cde-b5f9-117a879747d6','53c7f76a-505f-4eb3-95f5-666fd5993127','All_Documents_Send_Email',''),(1161,'63ed1277-1db5-4cf7-8404-3e3426cb4bc5','eddf9e8e-0c70-4cde-b5f9-117a879747d6','53c7f76a-505f-4eb3-95f5-666fd5993127','All_Documents_View_Documents',''),(1162,'6719a065-8a4a-4350-8582-bfc41ce283fb','eddf9e8e-0c70-4cde-b5f9-117a879747d6','53c7f76a-505f-4eb3-95f5-666fd5993127','All_Documents_Download_Document',''),(1163,'a8dd972d-e758-4571-8d39-c6fec74b361b','eddf9e8e-0c70-4cde-b5f9-117a879747d6','53c7f76a-505f-4eb3-95f5-666fd5993127','All_Documents_Edit_Document',''),(1165,'6d222929-abfb-42a8-82f6-d9e3bc8dca55','fa4e3fa9-16e9-4028-a06a-3178c424dbb3','53c7f76a-505f-4eb3-95f5-666fd5993127','RECIPIENT_Manage_Recipient',''),(1166,'30e9f0dd-2cd3-43bb-b7e2-c5018eabab0d','fb8e14e4-d824-4fa1-932d-88f9cef81598','53c7f76a-505f-4eb3-95f5-666fd5993127','ARCHIVE_DOCUMENT_RESTORE_DOCUMENT',''),(1167,'ca0e0309-5c84-4290-b60a-175f64b5edfd','fb8e14e4-d824-4fa1-932d-88f9cef81598','53c7f76a-505f-4eb3-95f5-666fd5993127','ARCHIVE_DOCUMENT_View_Archive_Documents',''),(1168,'0a470eac-47a9-4d59-8292-3218f9226ba5','fc97dc8f-b4da-46b1-a179-ab206d8b7efd','53c7f76a-505f-4eb3-95f5-666fd5993127','Assigned_Documents_Cancel_Document',''),(1169,'229ad778-c7d3-4f5f-ab52-24b537c39514','fc97dc8f-b4da-46b1-a179-ab206d8b7efd','53c7f76a-505f-4eb3-95f5-666fd5993127','Assigned_Documents_Archive_Document',''),(1170,'239035d5-cd44-475f-bbc5-9ef51768d389','fc97dc8f-b4da-46b1-a179-ab206d8b7efd','53c7f76a-505f-4eb3-95f5-666fd5993127','Assigned_Documents_Create_Document',''),(1171,'2ea6ba08-eb36-4e34-92d9-f1984c908b31','fc97dc8f-b4da-46b1-a179-ab206d8b7efd','53c7f76a-505f-4eb3-95f5-666fd5993127','Assigned_Documents_Share_Document',''),(1172,'a8dd972d-e758-4571-8d39-c6fec74b361b','fc97dc8f-b4da-46b1-a179-ab206d8b7efd','53c7f76a-505f-4eb3-95f5-666fd5993127','Assigned_Documents_Edit_Document',''),(1173,'0a470eac-47a9-4d59-8292-3218f9226ba5','fc97dc8f-b4da-46b1-a179-ab206d8b7efd','e422aae4-a15d-4332-b8e3-fd21b0c40ac2','Assigned_Documents_Cancel_Document',''),(1174,'229ad778-c7d3-4f5f-ab52-24b537c39514','fc97dc8f-b4da-46b1-a179-ab206d8b7efd','e422aae4-a15d-4332-b8e3-fd21b0c40ac2','Assigned_Documents_Archive_Document',''),(1175,'239035d5-cd44-475f-bbc5-9ef51768d389','fc97dc8f-b4da-46b1-a179-ab206d8b7efd','e422aae4-a15d-4332-b8e3-fd21b0c40ac2','Assigned_Documents_Create_Document',''),(1176,'2ea6ba08-eb36-4e34-92d9-f1984c908b31','fc97dc8f-b4da-46b1-a179-ab206d8b7efd','e422aae4-a15d-4332-b8e3-fd21b0c40ac2','Assigned_Documents_Share_Document',''),(1177,'a8dd972d-e758-4571-8d39-c6fec74b361b','fc97dc8f-b4da-46b1-a179-ab206d8b7efd','e422aae4-a15d-4332-b8e3-fd21b0c40ac2','Assigned_Documents_Edit_Document',''),(1178,'a4f82a2b-53f2-44f7-9541-7c5195aac38f','52b52bc7-d29c-4bab-90f1-968175c6b523','b25dbb76-b0dd-4cce-a7d9-ba975a312d92','CANCELED_DOCUMENTS_View_Canceled_Documents',''),(1179,'7d024ff2-59ea-4e47-9da5-c1525bd9a84d','a6df043b-8c8f-41d5-9696-d20c9ca14616','53c7f76a-505f-4eb3-95f5-666fd5993127','DOCUMENT_REGISTER_View_All_Document_Register',''),(1180,'a864a065-1323-413c-ae67-bebd54219cda','a6df043b-8c8f-41d5-9696-d20c9ca14616','53c7f76a-505f-4eb3-95f5-666fd5993127','DOCUMENT_REGISTER_View_Document_Register',''),(1181,'0a470eac-47a9-4d59-8292-3218f9226ba5','eddf9e8e-0c70-4cde-b5f9-117a879747d6','53c7f76a-505f-4eb3-95f5-666fd5993127','All_Documents_Cancel_Document',''),(1182,'229ad778-c7d3-4f5f-ab52-24b537c39514','eddf9e8e-0c70-4cde-b5f9-117a879747d6','53c7f76a-505f-4eb3-95f5-666fd5993127','All_Documents_Archive_Document',''),(1183,'239035d5-cd44-475f-bbc5-9ef51768d389','eddf9e8e-0c70-4cde-b5f9-117a879747d6','53c7f76a-505f-4eb3-95f5-666fd5993127','All_Documents_Create_Document',''),(1184,'2ea6ba08-eb36-4e34-92d9-f1984c908b31','eddf9e8e-0c70-4cde-b5f9-117a879747d6','53c7f76a-505f-4eb3-95f5-666fd5993127','All_Documents_Share_Document',''),(1185,'3da78b4d-d263-4b13-8e81-7aa164a3688c','eddf9e8e-0c70-4cde-b5f9-117a879747d6','53c7f76a-505f-4eb3-95f5-666fd5993127','All_Documents_Add_Reminder',''),(1186,'595a769d-f7ef-45f3-9f9e-60c58c5e1542','eddf9e8e-0c70-4cde-b5f9-117a879747d6','53c7f76a-505f-4eb3-95f5-666fd5993127','All_Documents_Send_Email',''),(1187,'63ed1277-1db5-4cf7-8404-3e3426cb4bc5','eddf9e8e-0c70-4cde-b5f9-117a879747d6','53c7f76a-505f-4eb3-95f5-666fd5993127','All_Documents_View_Documents',''),(1188,'6719a065-8a4a-4350-8582-bfc41ce283fb','eddf9e8e-0c70-4cde-b5f9-117a879747d6','53c7f76a-505f-4eb3-95f5-666fd5993127','All_Documents_Download_Document',''),(1189,'a8dd972d-e758-4571-8d39-c6fec74b361b','eddf9e8e-0c70-4cde-b5f9-117a879747d6','53c7f76a-505f-4eb3-95f5-666fd5993127','All_Documents_Edit_Document',''),(1190,'1c7d3e31-08ad-43cf-9cf7-4ffafdda9029','2396f81c-f8b5-49ac-88d1-94ed57333f49','1422bc8e-c747-445a-9521-abd7fd6f65fd','Document_Audit_Trail_View_Document_Audit_Trail',''),(1191,'abeb7422-e049-4e13-a7fe-b0c3f120e9af','2aaedf5f-9f22-4788-8e2b-ed8bf45dbbf8','1422bc8e-c747-445a-9521-abd7fd6f65fd','CONEX_DOCUMENT_MANAGE_CONEX_DOCUMENT',''),(1192,'7ba630ca-a9d3-42ee-99c8-766e2231fec1','42e44f15-8e33-423a-ad7f-17edc23d6dd3','1422bc8e-c747-445a-9521-abd7fd6f65fd','Dashboard_View_Dashboard',''),(1193,'a4f82a2b-53f2-44f7-9541-7c5195aac38f','52b52bc7-d29c-4bab-90f1-968175c6b523','1422bc8e-c747-445a-9521-abd7fd6f65fd','CANCELED_DOCUMENTS_View_Canceled_Documents',''),(1194,'67ae2b97-b24e-41d5-bf39-56b2834548d0','5a5f7cf8-21a6-434a-9330-db91b17d867c','1422bc8e-c747-445a-9521-abd7fd6f65fd','Document_Category_Create_Category',''),(1195,'9c0e2186-06a4-4207-acbc-f6d8efa430b3','5a5f7cf8-21a6-434a-9330-db91b17d867c','1422bc8e-c747-445a-9521-abd7fd6f65fd','Document_Category_Delete_Category',''),(1196,'ab45ef6a-a8e6-47ef-a182-6b88e2a6f9aa','5a5f7cf8-21a6-434a-9330-db91b17d867c','1422bc8e-c747-445a-9521-abd7fd6f65fd','Document_Category_View_Categories',''),(1197,'cd46a3a4-ede5-4941-a49b-3df7eaa46428','5a5f7cf8-21a6-434a-9330-db91b17d867c','1422bc8e-c747-445a-9521-abd7fd6f65fd','Document_Category_Edit_Category',''),(1198,'3ccaf408-8864-4815-a3e0-50632d90bcb6','97ff6eb0-39b3-4ddd-acf1-43205d5a9bb3','1422bc8e-c747-445a-9521-abd7fd6f65fd','Reminder_Edit_Reminder',''),(1199,'5ea48d56-2ed3-4239-bb90-dd4d70a1b0b2','97ff6eb0-39b3-4ddd-acf1-43205d5a9bb3','1422bc8e-c747-445a-9521-abd7fd6f65fd','Reminder_Delete_Reminder',''),(1200,'6bc0458e-22f5-4975-b387-4d6a4fb35201','97ff6eb0-39b3-4ddd-acf1-43205d5a9bb3','1422bc8e-c747-445a-9521-abd7fd6f65fd','Reminder_Create_Reminder',''),(1201,'6f2717fc-edef-4537-916d-2d527251a5c1','97ff6eb0-39b3-4ddd-acf1-43205d5a9bb3','1422bc8e-c747-445a-9521-abd7fd6f65fd','Reminder_View_Reminders',''),(1202,'a864a065-1323-413c-ae67-bebd54219cda','a6df043b-8c8f-41d5-9696-d20c9ca14616','1422bc8e-c747-445a-9521-abd7fd6f65fd','DOCUMENT_REGISTER_View_Document_Register',''),(1203,'01484c7b-122b-4b0d-a3b8-300ac4186021','d8ebdcab-522c-4a97-91f1-540e21b93533','1422bc8e-c747-445a-9521-abd7fd6f65fd','Sender_Manage_Sender',''),(1204,'239035d5-cd44-475f-bbc5-9ef51768d389','eddf9e8e-0c70-4cde-b5f9-117a879747d6','1422bc8e-c747-445a-9521-abd7fd6f65fd','All_Documents_Create_Document',''),(1205,'6d222929-abfb-42a8-82f6-d9e3bc8dca55','fa4e3fa9-16e9-4028-a06a-3178c424dbb3','1422bc8e-c747-445a-9521-abd7fd6f65fd','RECIPIENT_Manage_Recipient',''),(1206,'30e9f0dd-2cd3-43bb-b7e2-c5018eabab0d','fb8e14e4-d824-4fa1-932d-88f9cef81598','1422bc8e-c747-445a-9521-abd7fd6f65fd','ARCHIVE_DOCUMENT_RESTORE_DOCUMENT',''),(1207,'ca0e0309-5c84-4290-b60a-175f64b5edfd','fb8e14e4-d824-4fa1-932d-88f9cef81598','1422bc8e-c747-445a-9521-abd7fd6f65fd','ARCHIVE_DOCUMENT_View_Archive_Documents',''),(1208,'0a470eac-47a9-4d59-8292-3218f9226ba5','fc97dc8f-b4da-46b1-a179-ab206d8b7efd','1422bc8e-c747-445a-9521-abd7fd6f65fd','Assigned_Documents_Cancel_Document',''),(1209,'229ad778-c7d3-4f5f-ab52-24b537c39514','fc97dc8f-b4da-46b1-a179-ab206d8b7efd','1422bc8e-c747-445a-9521-abd7fd6f65fd','Assigned_Documents_Archive_Document',''),(1210,'239035d5-cd44-475f-bbc5-9ef51768d389','fc97dc8f-b4da-46b1-a179-ab206d8b7efd','1422bc8e-c747-445a-9521-abd7fd6f65fd','Assigned_Documents_Create_Document',''),(1211,'2ea6ba08-eb36-4e34-92d9-f1984c908b31','fc97dc8f-b4da-46b1-a179-ab206d8b7efd','1422bc8e-c747-445a-9521-abd7fd6f65fd','Assigned_Documents_Share_Document',''),(1212,'a8dd972d-e758-4571-8d39-c6fec74b361b','fc97dc8f-b4da-46b1-a179-ab206d8b7efd','1422bc8e-c747-445a-9521-abd7fd6f65fd','Assigned_Documents_Edit_Document',''),(1213,'1c7d3e31-08ad-43cf-9cf7-4ffafdda9029','2396f81c-f8b5-49ac-88d1-94ed57333f49','321269d6-bdee-437f-ac56-ce4a5a6576ee','Document_Audit_Trail_View_Document_Audit_Trail',''),(1214,'abeb7422-e049-4e13-a7fe-b0c3f120e9af','2aaedf5f-9f22-4788-8e2b-ed8bf45dbbf8','321269d6-bdee-437f-ac56-ce4a5a6576ee','CONEX_DOCUMENT_MANAGE_CONEX_DOCUMENT',''),(1215,'7ba630ca-a9d3-42ee-99c8-766e2231fec1','42e44f15-8e33-423a-ad7f-17edc23d6dd3','321269d6-bdee-437f-ac56-ce4a5a6576ee','Dashboard_View_Dashboard',''),(1216,'a4f82a2b-53f2-44f7-9541-7c5195aac38f','52b52bc7-d29c-4bab-90f1-968175c6b523','321269d6-bdee-437f-ac56-ce4a5a6576ee','CANCELED_DOCUMENTS_View_Canceled_Documents',''),(1217,'67ae2b97-b24e-41d5-bf39-56b2834548d0','5a5f7cf8-21a6-434a-9330-db91b17d867c','321269d6-bdee-437f-ac56-ce4a5a6576ee','Document_Category_Create_Category',''),(1218,'9c0e2186-06a4-4207-acbc-f6d8efa430b3','5a5f7cf8-21a6-434a-9330-db91b17d867c','321269d6-bdee-437f-ac56-ce4a5a6576ee','Document_Category_Delete_Category',''),(1219,'ab45ef6a-a8e6-47ef-a182-6b88e2a6f9aa','5a5f7cf8-21a6-434a-9330-db91b17d867c','321269d6-bdee-437f-ac56-ce4a5a6576ee','Document_Category_View_Categories',''),(1220,'cd46a3a4-ede5-4941-a49b-3df7eaa46428','5a5f7cf8-21a6-434a-9330-db91b17d867c','321269d6-bdee-437f-ac56-ce4a5a6576ee','Document_Category_Edit_Category',''),(1221,'3ccaf408-8864-4815-a3e0-50632d90bcb6','97ff6eb0-39b3-4ddd-acf1-43205d5a9bb3','321269d6-bdee-437f-ac56-ce4a5a6576ee','Reminder_Edit_Reminder',''),(1222,'5ea48d56-2ed3-4239-bb90-dd4d70a1b0b2','97ff6eb0-39b3-4ddd-acf1-43205d5a9bb3','321269d6-bdee-437f-ac56-ce4a5a6576ee','Reminder_Delete_Reminder',''),(1223,'6bc0458e-22f5-4975-b387-4d6a4fb35201','97ff6eb0-39b3-4ddd-acf1-43205d5a9bb3','321269d6-bdee-437f-ac56-ce4a5a6576ee','Reminder_Create_Reminder',''),(1224,'6f2717fc-edef-4537-916d-2d527251a5c1','97ff6eb0-39b3-4ddd-acf1-43205d5a9bb3','321269d6-bdee-437f-ac56-ce4a5a6576ee','Reminder_View_Reminders',''),(1225,'a864a065-1323-413c-ae67-bebd54219cda','a6df043b-8c8f-41d5-9696-d20c9ca14616','321269d6-bdee-437f-ac56-ce4a5a6576ee','DOCUMENT_REGISTER_View_Document_Register',''),(1226,'01484c7b-122b-4b0d-a3b8-300ac4186021','d8ebdcab-522c-4a97-91f1-540e21b93533','321269d6-bdee-437f-ac56-ce4a5a6576ee','Sender_Manage_Sender',''),(1227,'239035d5-cd44-475f-bbc5-9ef51768d389','eddf9e8e-0c70-4cde-b5f9-117a879747d6','321269d6-bdee-437f-ac56-ce4a5a6576ee','All_Documents_Create_Document',''),(1228,'6d222929-abfb-42a8-82f6-d9e3bc8dca55','fa4e3fa9-16e9-4028-a06a-3178c424dbb3','321269d6-bdee-437f-ac56-ce4a5a6576ee','RECIPIENT_Manage_Recipient',''),(1229,'30e9f0dd-2cd3-43bb-b7e2-c5018eabab0d','fb8e14e4-d824-4fa1-932d-88f9cef81598','321269d6-bdee-437f-ac56-ce4a5a6576ee','ARCHIVE_DOCUMENT_RESTORE_DOCUMENT',''),(1230,'ca0e0309-5c84-4290-b60a-175f64b5edfd','fb8e14e4-d824-4fa1-932d-88f9cef81598','321269d6-bdee-437f-ac56-ce4a5a6576ee','ARCHIVE_DOCUMENT_View_Archive_Documents',''),(1231,'0a470eac-47a9-4d59-8292-3218f9226ba5','fc97dc8f-b4da-46b1-a179-ab206d8b7efd','321269d6-bdee-437f-ac56-ce4a5a6576ee','Assigned_Documents_Cancel_Document',''),(1232,'229ad778-c7d3-4f5f-ab52-24b537c39514','fc97dc8f-b4da-46b1-a179-ab206d8b7efd','321269d6-bdee-437f-ac56-ce4a5a6576ee','Assigned_Documents_Archive_Document',''),(1233,'239035d5-cd44-475f-bbc5-9ef51768d389','fc97dc8f-b4da-46b1-a179-ab206d8b7efd','321269d6-bdee-437f-ac56-ce4a5a6576ee','Assigned_Documents_Create_Document',''),(1234,'2ea6ba08-eb36-4e34-92d9-f1984c908b31','fc97dc8f-b4da-46b1-a179-ab206d8b7efd','321269d6-bdee-437f-ac56-ce4a5a6576ee','Assigned_Documents_Share_Document',''),(1235,'a8dd972d-e758-4571-8d39-c6fec74b361b','fc97dc8f-b4da-46b1-a179-ab206d8b7efd','321269d6-bdee-437f-ac56-ce4a5a6576ee','Assigned_Documents_Edit_Document',''),(1236,'18a5a8f6-7cb6-4178-857d-b6a981ea3d4f','090ea443-01c7-4638-a194-ad3416a5ea7a','56f3b630-0ee7-4683-9150-e8bc6b3a0a71','Role_Delete_Role',''),(1237,'57216dcd-1a1c-4f94-a33d-83a5af2d7a46','090ea443-01c7-4638-a194-ad3416a5ea7a','56f3b630-0ee7-4683-9150-e8bc6b3a0a71','Role_View_Roles',''),(1238,'c288b5d3-419d-4dc0-9e5a-083194016d2c','090ea443-01c7-4638-a194-ad3416a5ea7a','56f3b630-0ee7-4683-9150-e8bc6b3a0a71','Role_Edit_Role',''),(1239,'db8825b1-ee4e-49f6-9a08-b0210ed53fd4','090ea443-01c7-4638-a194-ad3416a5ea7a','56f3b630-0ee7-4683-9150-e8bc6b3a0a71','Role_Create_Role',''),(1240,'18a5a8f6-7cb6-4178-857d-b6a981ea3d4f','090ea443-01c7-4638-a194-ad3416a5ea7a','56f3b630-0ee7-4683-9150-e8bc6b3a0a71','Role_Delete_Role',''),(1241,'57216dcd-1a1c-4f94-a33d-83a5af2d7a46','090ea443-01c7-4638-a194-ad3416a5ea7a','56f3b630-0ee7-4683-9150-e8bc6b3a0a71','Role_View_Roles',''),(1242,'c288b5d3-419d-4dc0-9e5a-083194016d2c','090ea443-01c7-4638-a194-ad3416a5ea7a','56f3b630-0ee7-4683-9150-e8bc6b3a0a71','Role_Edit_Role',''),(1243,'db8825b1-ee4e-49f6-9a08-b0210ed53fd4','090ea443-01c7-4638-a194-ad3416a5ea7a','56f3b630-0ee7-4683-9150-e8bc6b3a0a71','Role_Create_Role',''),(1244,'1c7d3e31-08ad-43cf-9cf7-4ffafdda9029','2396f81c-f8b5-49ac-88d1-94ed57333f49','56f3b630-0ee7-4683-9150-e8bc6b3a0a71','Document_Audit_Trail_View_Document_Audit_Trail',''),(1245,'abeb7422-e049-4e13-a7fe-b0c3f120e9af','2aaedf5f-9f22-4788-8e2b-ed8bf45dbbf8','56f3b630-0ee7-4683-9150-e8bc6b3a0a71','CONEX_DOCUMENT_MANAGE_CONEX_DOCUMENT',''),(1246,'41f65d07-9023-4cfb-9c7c-0e3247a012e0','2e3c07a4-fcac-4303-ae47-0d0f796403c9','56f3b630-0ee7-4683-9150-e8bc6b3a0a71','Email_View_SMTP_Settings',''),(1247,'4f19045b-e9a8-403b-b730-8453ee72830e','2e3c07a4-fcac-4303-ae47-0d0f796403c9','56f3b630-0ee7-4683-9150-e8bc6b3a0a71','Email_Delete_SMTP_Setting',''),(1248,'752ae5b8-e34f-4b32-81f2-2cf709881663','2e3c07a4-fcac-4303-ae47-0d0f796403c9','56f3b630-0ee7-4683-9150-e8bc6b3a0a71','Email_Edit_SMTP_Setting',''),(1249,'ab0544d7-2276-4f3b-b450-7f0fa11c3dd9','2e3c07a4-fcac-4303-ae47-0d0f796403c9','56f3b630-0ee7-4683-9150-e8bc6b3a0a71','Email_Create_SMTP_Setting',''),(1250,'0a2e19fc-d9f2-446c-8ca3-e6b8b73b5f9b','324bdc51-d71f-4f80-9f28-a30e8aae4009','56f3b630-0ee7-4683-9150-e8bc6b3a0a71','User_Edit_User',''),(1251,'31cb6438-7d4a-4385-8a34-b4e8f6096a48','324bdc51-d71f-4f80-9f28-a30e8aae4009','56f3b630-0ee7-4683-9150-e8bc6b3a0a71','User_View_Users',''),(1252,'374d74aa-a580-4928-848d-f7553db39914','324bdc51-d71f-4f80-9f28-a30e8aae4009','56f3b630-0ee7-4683-9150-e8bc6b3a0a71','User_Delete_User',''),(1253,'86ce1382-a2b1-48ed-ae81-c9908d00cf3b','324bdc51-d71f-4f80-9f28-a30e8aae4009','56f3b630-0ee7-4683-9150-e8bc6b3a0a71','User_Create_User',''),(1254,'d4d724fc-fd38-49c4-85bc-73937b219e20','324bdc51-d71f-4f80-9f28-a30e8aae4009','56f3b630-0ee7-4683-9150-e8bc6b3a0a71','User_Reset_Password',''),(1255,'e506ec48-b99a-45b4-9ec9-6451bc67477b','324bdc51-d71f-4f80-9f28-a30e8aae4009','56f3b630-0ee7-4683-9150-e8bc6b3a0a71','User_Assign_Permission',''),(1256,'fbe77c07-3058-4dbe-9d56-8c75dc879460','324bdc51-d71f-4f80-9f28-a30e8aae4009','56f3b630-0ee7-4683-9150-e8bc6b3a0a71','User_Assign_User_Role',''),(1257,'7ba630ca-a9d3-42ee-99c8-766e2231fec1','42e44f15-8e33-423a-ad7f-17edc23d6dd3','56f3b630-0ee7-4683-9150-e8bc6b3a0a71','Dashboard_View_Dashboard',''),(1258,'a4f82a2b-53f2-44f7-9541-7c5195aac38f','52b52bc7-d29c-4bab-90f1-968175c6b523','56f3b630-0ee7-4683-9150-e8bc6b3a0a71','CANCELED_DOCUMENTS_View_Canceled_Documents',''),(1259,'67ae2b97-b24e-41d5-bf39-56b2834548d0','5a5f7cf8-21a6-434a-9330-db91b17d867c','56f3b630-0ee7-4683-9150-e8bc6b3a0a71','Document_Category_Create_Category',''),(1260,'9c0e2186-06a4-4207-acbc-f6d8efa430b3','5a5f7cf8-21a6-434a-9330-db91b17d867c','56f3b630-0ee7-4683-9150-e8bc6b3a0a71','Document_Category_Delete_Category',''),(1261,'ab45ef6a-a8e6-47ef-a182-6b88e2a6f9aa','5a5f7cf8-21a6-434a-9330-db91b17d867c','56f3b630-0ee7-4683-9150-e8bc6b3a0a71','Document_Category_View_Categories',''),(1262,'cd46a3a4-ede5-4941-a49b-3df7eaa46428','5a5f7cf8-21a6-434a-9330-db91b17d867c','56f3b630-0ee7-4683-9150-e8bc6b3a0a71','Document_Category_Edit_Category',''),(1263,'3ccaf408-8864-4815-a3e0-50632d90bcb6','97ff6eb0-39b3-4ddd-acf1-43205d5a9bb3','56f3b630-0ee7-4683-9150-e8bc6b3a0a71','Reminder_Edit_Reminder',''),(1264,'5ea48d56-2ed3-4239-bb90-dd4d70a1b0b2','97ff6eb0-39b3-4ddd-acf1-43205d5a9bb3','56f3b630-0ee7-4683-9150-e8bc6b3a0a71','Reminder_Delete_Reminder',''),(1265,'6bc0458e-22f5-4975-b387-4d6a4fb35201','97ff6eb0-39b3-4ddd-acf1-43205d5a9bb3','56f3b630-0ee7-4683-9150-e8bc6b3a0a71','Reminder_Create_Reminder',''),(1266,'6f2717fc-edef-4537-916d-2d527251a5c1','97ff6eb0-39b3-4ddd-acf1-43205d5a9bb3','56f3b630-0ee7-4683-9150-e8bc6b3a0a71','Reminder_View_Reminders',''),(1267,'7d024ff2-59ea-4e47-9da5-c1525bd9a84d','a6df043b-8c8f-41d5-9696-d20c9ca14616','56f3b630-0ee7-4683-9150-e8bc6b3a0a71','DOCUMENT_REGISTER_View_All_Document_Register',''),(1268,'a864a065-1323-413c-ae67-bebd54219cda','a6df043b-8c8f-41d5-9696-d20c9ca14616','56f3b630-0ee7-4683-9150-e8bc6b3a0a71','DOCUMENT_REGISTER_View_Document_Register',''),(1269,'647368b9-e959-42e3-88b4-e82c4af46728','b68f2544-1cf8-4d8b-a9c7-eee64ecc3408','56f3b630-0ee7-4683-9150-e8bc6b3a0a71','Page_Helper_Manage_Page_Helper',''),(1270,'01484c7b-122b-4b0d-a3b8-300ac4186021','d8ebdcab-522c-4a97-91f1-540e21b93533','56f3b630-0ee7-4683-9150-e8bc6b3a0a71','Sender_Manage_Sender',''),(1271,'05572ea5-1ce6-11ee-b7f8-d85ed3312c1f','ed7e14c5-1ce5-11ee-b7f8-d85ed3312c1f','56f3b630-0ee7-4683-9150-e8bc6b3a0a71','Logs_View_Error_Logs',''),(1272,'0a470eac-47a9-4d59-8292-3218f9226ba5','eddf9e8e-0c70-4cde-b5f9-117a879747d6','56f3b630-0ee7-4683-9150-e8bc6b3a0a71','All_Documents_Cancel_Document',''),(1273,'229ad778-c7d3-4f5f-ab52-24b537c39514','eddf9e8e-0c70-4cde-b5f9-117a879747d6','56f3b630-0ee7-4683-9150-e8bc6b3a0a71','All_Documents_Archive_Document',''),(1274,'239035d5-cd44-475f-bbc5-9ef51768d389','eddf9e8e-0c70-4cde-b5f9-117a879747d6','56f3b630-0ee7-4683-9150-e8bc6b3a0a71','All_Documents_Create_Document',''),(1275,'2ea6ba08-eb36-4e34-92d9-f1984c908b31','eddf9e8e-0c70-4cde-b5f9-117a879747d6','56f3b630-0ee7-4683-9150-e8bc6b3a0a71','All_Documents_Share_Document',''),(1276,'3da78b4d-d263-4b13-8e81-7aa164a3688c','eddf9e8e-0c70-4cde-b5f9-117a879747d6','56f3b630-0ee7-4683-9150-e8bc6b3a0a71','All_Documents_Add_Reminder',''),(1277,'595a769d-f7ef-45f3-9f9e-60c58c5e1542','eddf9e8e-0c70-4cde-b5f9-117a879747d6','56f3b630-0ee7-4683-9150-e8bc6b3a0a71','All_Documents_Send_Email',''),(1278,'63ed1277-1db5-4cf7-8404-3e3426cb4bc5','eddf9e8e-0c70-4cde-b5f9-117a879747d6','56f3b630-0ee7-4683-9150-e8bc6b3a0a71','All_Documents_View_Documents',''),(1279,'6719a065-8a4a-4350-8582-bfc41ce283fb','eddf9e8e-0c70-4cde-b5f9-117a879747d6','56f3b630-0ee7-4683-9150-e8bc6b3a0a71','All_Documents_Download_Document',''),(1280,'a8dd972d-e758-4571-8d39-c6fec74b361b','eddf9e8e-0c70-4cde-b5f9-117a879747d6','56f3b630-0ee7-4683-9150-e8bc6b3a0a71','All_Documents_Edit_Document',''),(1281,'ff4b3b73-c29f-462a-afa4-94a40e6b2c4a','f042bbee-d15f-40fb-b79a-8368f2c2e287','56f3b630-0ee7-4683-9150-e8bc6b3a0a71','Login_Audit_View_Login_Audit_Logs',''),(1282,'6d222929-abfb-42a8-82f6-d9e3bc8dca55','fa4e3fa9-16e9-4028-a06a-3178c424dbb3','56f3b630-0ee7-4683-9150-e8bc6b3a0a71','RECIPIENT_Manage_Recipient',''),(1283,'30e9f0dd-2cd3-43bb-b7e2-c5018eabab0d','fb8e14e4-d824-4fa1-932d-88f9cef81598','56f3b630-0ee7-4683-9150-e8bc6b3a0a71','ARCHIVE_DOCUMENT_RESTORE_DOCUMENT',''),(1284,'ca0e0309-5c84-4290-b60a-175f64b5edfd','fb8e14e4-d824-4fa1-932d-88f9cef81598','56f3b630-0ee7-4683-9150-e8bc6b3a0a71','ARCHIVE_DOCUMENT_View_Archive_Documents',''),(1285,'0a470eac-47a9-4d59-8292-3218f9226ba5','fc97dc8f-b4da-46b1-a179-ab206d8b7efd','56f3b630-0ee7-4683-9150-e8bc6b3a0a71','Assigned_Documents_Cancel_Document',''),(1286,'229ad778-c7d3-4f5f-ab52-24b537c39514','fc97dc8f-b4da-46b1-a179-ab206d8b7efd','56f3b630-0ee7-4683-9150-e8bc6b3a0a71','Assigned_Documents_Archive_Document',''),(1287,'239035d5-cd44-475f-bbc5-9ef51768d389','fc97dc8f-b4da-46b1-a179-ab206d8b7efd','56f3b630-0ee7-4683-9150-e8bc6b3a0a71','Assigned_Documents_Create_Document',''),(1288,'2ea6ba08-eb36-4e34-92d9-f1984c908b31','fc97dc8f-b4da-46b1-a179-ab206d8b7efd','56f3b630-0ee7-4683-9150-e8bc6b3a0a71','Assigned_Documents_Share_Document',''),(1289,'a8dd972d-e758-4571-8d39-c6fec74b361b','fc97dc8f-b4da-46b1-a179-ab206d8b7efd','56f3b630-0ee7-4683-9150-e8bc6b3a0a71','Assigned_Documents_Edit_Document',''),(1290,'1c7d3e31-08ad-43cf-9cf7-4ffafdda9029','2396f81c-f8b5-49ac-88d1-94ed57333f49','56f3b630-0ee7-4683-9150-e8bc6b3a0a71','Document_Audit_Trail_View_Document_Audit_Trail',''),(1291,'abeb7422-e049-4e13-a7fe-b0c3f120e9af','2aaedf5f-9f22-4788-8e2b-ed8bf45dbbf8','56f3b630-0ee7-4683-9150-e8bc6b3a0a71','CONEX_DOCUMENT_MANAGE_CONEX_DOCUMENT',''),(1292,'41f65d07-9023-4cfb-9c7c-0e3247a012e0','2e3c07a4-fcac-4303-ae47-0d0f796403c9','56f3b630-0ee7-4683-9150-e8bc6b3a0a71','Email_View_SMTP_Settings',''),(1293,'4f19045b-e9a8-403b-b730-8453ee72830e','2e3c07a4-fcac-4303-ae47-0d0f796403c9','56f3b630-0ee7-4683-9150-e8bc6b3a0a71','Email_Delete_SMTP_Setting',''),(1294,'752ae5b8-e34f-4b32-81f2-2cf709881663','2e3c07a4-fcac-4303-ae47-0d0f796403c9','56f3b630-0ee7-4683-9150-e8bc6b3a0a71','Email_Edit_SMTP_Setting',''),(1295,'ab0544d7-2276-4f3b-b450-7f0fa11c3dd9','2e3c07a4-fcac-4303-ae47-0d0f796403c9','56f3b630-0ee7-4683-9150-e8bc6b3a0a71','Email_Create_SMTP_Setting',''),(1296,'0a2e19fc-d9f2-446c-8ca3-e6b8b73b5f9b','324bdc51-d71f-4f80-9f28-a30e8aae4009','56f3b630-0ee7-4683-9150-e8bc6b3a0a71','User_Edit_User',''),(1297,'31cb6438-7d4a-4385-8a34-b4e8f6096a48','324bdc51-d71f-4f80-9f28-a30e8aae4009','56f3b630-0ee7-4683-9150-e8bc6b3a0a71','User_View_Users',''),(1298,'374d74aa-a580-4928-848d-f7553db39914','324bdc51-d71f-4f80-9f28-a30e8aae4009','56f3b630-0ee7-4683-9150-e8bc6b3a0a71','User_Delete_User',''),(1299,'86ce1382-a2b1-48ed-ae81-c9908d00cf3b','324bdc51-d71f-4f80-9f28-a30e8aae4009','56f3b630-0ee7-4683-9150-e8bc6b3a0a71','User_Create_User',''),(1300,'d4d724fc-fd38-49c4-85bc-73937b219e20','324bdc51-d71f-4f80-9f28-a30e8aae4009','56f3b630-0ee7-4683-9150-e8bc6b3a0a71','User_Reset_Password',''),(1301,'e506ec48-b99a-45b4-9ec9-6451bc67477b','324bdc51-d71f-4f80-9f28-a30e8aae4009','56f3b630-0ee7-4683-9150-e8bc6b3a0a71','User_Assign_Permission',''),(1302,'fbe77c07-3058-4dbe-9d56-8c75dc879460','324bdc51-d71f-4f80-9f28-a30e8aae4009','56f3b630-0ee7-4683-9150-e8bc6b3a0a71','User_Assign_User_Role',''),(1303,'7ba630ca-a9d3-42ee-99c8-766e2231fec1','42e44f15-8e33-423a-ad7f-17edc23d6dd3','56f3b630-0ee7-4683-9150-e8bc6b3a0a71','Dashboard_View_Dashboard',''),(1304,'a4f82a2b-53f2-44f7-9541-7c5195aac38f','52b52bc7-d29c-4bab-90f1-968175c6b523','56f3b630-0ee7-4683-9150-e8bc6b3a0a71','CANCELED_DOCUMENTS_View_Canceled_Documents',''),(1305,'67ae2b97-b24e-41d5-bf39-56b2834548d0','5a5f7cf8-21a6-434a-9330-db91b17d867c','56f3b630-0ee7-4683-9150-e8bc6b3a0a71','Document_Category_Create_Category',''),(1306,'9c0e2186-06a4-4207-acbc-f6d8efa430b3','5a5f7cf8-21a6-434a-9330-db91b17d867c','56f3b630-0ee7-4683-9150-e8bc6b3a0a71','Document_Category_Delete_Category',''),(1307,'ab45ef6a-a8e6-47ef-a182-6b88e2a6f9aa','5a5f7cf8-21a6-434a-9330-db91b17d867c','56f3b630-0ee7-4683-9150-e8bc6b3a0a71','Document_Category_View_Categories',''),(1308,'cd46a3a4-ede5-4941-a49b-3df7eaa46428','5a5f7cf8-21a6-434a-9330-db91b17d867c','56f3b630-0ee7-4683-9150-e8bc6b3a0a71','Document_Category_Edit_Category',''),(1309,'3ccaf408-8864-4815-a3e0-50632d90bcb6','97ff6eb0-39b3-4ddd-acf1-43205d5a9bb3','56f3b630-0ee7-4683-9150-e8bc6b3a0a71','Reminder_Edit_Reminder',''),(1310,'5ea48d56-2ed3-4239-bb90-dd4d70a1b0b2','97ff6eb0-39b3-4ddd-acf1-43205d5a9bb3','56f3b630-0ee7-4683-9150-e8bc6b3a0a71','Reminder_Delete_Reminder',''),(1311,'6bc0458e-22f5-4975-b387-4d6a4fb35201','97ff6eb0-39b3-4ddd-acf1-43205d5a9bb3','56f3b630-0ee7-4683-9150-e8bc6b3a0a71','Reminder_Create_Reminder',''),(1312,'6f2717fc-edef-4537-916d-2d527251a5c1','97ff6eb0-39b3-4ddd-acf1-43205d5a9bb3','56f3b630-0ee7-4683-9150-e8bc6b3a0a71','Reminder_View_Reminders',''),(1313,'7d024ff2-59ea-4e47-9da5-c1525bd9a84d','a6df043b-8c8f-41d5-9696-d20c9ca14616','56f3b630-0ee7-4683-9150-e8bc6b3a0a71','DOCUMENT_REGISTER_View_All_Document_Register',''),(1314,'a864a065-1323-413c-ae67-bebd54219cda','a6df043b-8c8f-41d5-9696-d20c9ca14616','56f3b630-0ee7-4683-9150-e8bc6b3a0a71','DOCUMENT_REGISTER_View_Document_Register',''),(1315,'647368b9-e959-42e3-88b4-e82c4af46728','b68f2544-1cf8-4d8b-a9c7-eee64ecc3408','56f3b630-0ee7-4683-9150-e8bc6b3a0a71','Page_Helper_Manage_Page_Helper',''),(1316,'01484c7b-122b-4b0d-a3b8-300ac4186021','d8ebdcab-522c-4a97-91f1-540e21b93533','56f3b630-0ee7-4683-9150-e8bc6b3a0a71','Sender_Manage_Sender',''),(1317,'05572ea5-1ce6-11ee-b7f8-d85ed3312c1f','ed7e14c5-1ce5-11ee-b7f8-d85ed3312c1f','56f3b630-0ee7-4683-9150-e8bc6b3a0a71','Logs_View_Error_Logs',''),(1318,'0a470eac-47a9-4d59-8292-3218f9226ba5','eddf9e8e-0c70-4cde-b5f9-117a879747d6','56f3b630-0ee7-4683-9150-e8bc6b3a0a71','All_Documents_Cancel_Document',''),(1319,'229ad778-c7d3-4f5f-ab52-24b537c39514','eddf9e8e-0c70-4cde-b5f9-117a879747d6','56f3b630-0ee7-4683-9150-e8bc6b3a0a71','All_Documents_Archive_Document',''),(1320,'239035d5-cd44-475f-bbc5-9ef51768d389','eddf9e8e-0c70-4cde-b5f9-117a879747d6','56f3b630-0ee7-4683-9150-e8bc6b3a0a71','All_Documents_Create_Document',''),(1321,'2ea6ba08-eb36-4e34-92d9-f1984c908b31','eddf9e8e-0c70-4cde-b5f9-117a879747d6','56f3b630-0ee7-4683-9150-e8bc6b3a0a71','All_Documents_Share_Document',''),(1322,'3da78b4d-d263-4b13-8e81-7aa164a3688c','eddf9e8e-0c70-4cde-b5f9-117a879747d6','56f3b630-0ee7-4683-9150-e8bc6b3a0a71','All_Documents_Add_Reminder',''),(1323,'595a769d-f7ef-45f3-9f9e-60c58c5e1542','eddf9e8e-0c70-4cde-b5f9-117a879747d6','56f3b630-0ee7-4683-9150-e8bc6b3a0a71','All_Documents_Send_Email',''),(1324,'63ed1277-1db5-4cf7-8404-3e3426cb4bc5','eddf9e8e-0c70-4cde-b5f9-117a879747d6','56f3b630-0ee7-4683-9150-e8bc6b3a0a71','All_Documents_View_Documents',''),(1325,'6719a065-8a4a-4350-8582-bfc41ce283fb','eddf9e8e-0c70-4cde-b5f9-117a879747d6','56f3b630-0ee7-4683-9150-e8bc6b3a0a71','All_Documents_Download_Document',''),(1326,'a8dd972d-e758-4571-8d39-c6fec74b361b','eddf9e8e-0c70-4cde-b5f9-117a879747d6','56f3b630-0ee7-4683-9150-e8bc6b3a0a71','All_Documents_Edit_Document',''),(1327,'ff4b3b73-c29f-462a-afa4-94a40e6b2c4a','f042bbee-d15f-40fb-b79a-8368f2c2e287','56f3b630-0ee7-4683-9150-e8bc6b3a0a71','Login_Audit_View_Login_Audit_Logs',''),(1328,'6d222929-abfb-42a8-82f6-d9e3bc8dca55','fa4e3fa9-16e9-4028-a06a-3178c424dbb3','56f3b630-0ee7-4683-9150-e8bc6b3a0a71','RECIPIENT_Manage_Recipient',''),(1329,'30e9f0dd-2cd3-43bb-b7e2-c5018eabab0d','fb8e14e4-d824-4fa1-932d-88f9cef81598','56f3b630-0ee7-4683-9150-e8bc6b3a0a71','ARCHIVE_DOCUMENT_RESTORE_DOCUMENT',''),(1330,'ca0e0309-5c84-4290-b60a-175f64b5edfd','fb8e14e4-d824-4fa1-932d-88f9cef81598','56f3b630-0ee7-4683-9150-e8bc6b3a0a71','ARCHIVE_DOCUMENT_View_Archive_Documents',''),(1331,'0a470eac-47a9-4d59-8292-3218f9226ba5','fc97dc8f-b4da-46b1-a179-ab206d8b7efd','56f3b630-0ee7-4683-9150-e8bc6b3a0a71','Assigned_Documents_Cancel_Document',''),(1332,'229ad778-c7d3-4f5f-ab52-24b537c39514','fc97dc8f-b4da-46b1-a179-ab206d8b7efd','56f3b630-0ee7-4683-9150-e8bc6b3a0a71','Assigned_Documents_Archive_Document',''),(1333,'239035d5-cd44-475f-bbc5-9ef51768d389','fc97dc8f-b4da-46b1-a179-ab206d8b7efd','56f3b630-0ee7-4683-9150-e8bc6b3a0a71','Assigned_Documents_Create_Document',''),(1334,'2ea6ba08-eb36-4e34-92d9-f1984c908b31','fc97dc8f-b4da-46b1-a179-ab206d8b7efd','56f3b630-0ee7-4683-9150-e8bc6b3a0a71','Assigned_Documents_Share_Document',''),(1335,'a8dd972d-e758-4571-8d39-c6fec74b361b','fc97dc8f-b4da-46b1-a179-ab206d8b7efd','56f3b630-0ee7-4683-9150-e8bc6b3a0a71','Assigned_Documents_Edit_Document',''),(1336,'18a5a8f6-7cb6-4178-857d-b6a981ea3d4f','090ea443-01c7-4638-a194-ad3416a5ea7a','fedeac7a-a665-40a4-af02-f47ec4b7aff5','Role_Delete_Role',''),(1337,'57216dcd-1a1c-4f94-a33d-83a5af2d7a46','090ea443-01c7-4638-a194-ad3416a5ea7a','fedeac7a-a665-40a4-af02-f47ec4b7aff5','Role_View_Roles',''),(1338,'c288b5d3-419d-4dc0-9e5a-083194016d2c','090ea443-01c7-4638-a194-ad3416a5ea7a','fedeac7a-a665-40a4-af02-f47ec4b7aff5','Role_Edit_Role',''),(1339,'db8825b1-ee4e-49f6-9a08-b0210ed53fd4','090ea443-01c7-4638-a194-ad3416a5ea7a','fedeac7a-a665-40a4-af02-f47ec4b7aff5','Role_Create_Role',''),(1340,'1c7d3e31-08ad-43cf-9cf7-4ffafdda9029','2396f81c-f8b5-49ac-88d1-94ed57333f49','fedeac7a-a665-40a4-af02-f47ec4b7aff5','Document_Audit_Trail_View_Document_Audit_Trail',''),(1341,'abeb7422-e049-4e13-a7fe-b0c3f120e9af','2aaedf5f-9f22-4788-8e2b-ed8bf45dbbf8','fedeac7a-a665-40a4-af02-f47ec4b7aff5','CONEX_DOCUMENT_MANAGE_CONEX_DOCUMENT',''),(1342,'41f65d07-9023-4cfb-9c7c-0e3247a012e0','2e3c07a4-fcac-4303-ae47-0d0f796403c9','fedeac7a-a665-40a4-af02-f47ec4b7aff5','Email_View_SMTP_Settings',''),(1343,'4f19045b-e9a8-403b-b730-8453ee72830e','2e3c07a4-fcac-4303-ae47-0d0f796403c9','fedeac7a-a665-40a4-af02-f47ec4b7aff5','Email_Delete_SMTP_Setting',''),(1344,'752ae5b8-e34f-4b32-81f2-2cf709881663','2e3c07a4-fcac-4303-ae47-0d0f796403c9','fedeac7a-a665-40a4-af02-f47ec4b7aff5','Email_Edit_SMTP_Setting',''),(1345,'ab0544d7-2276-4f3b-b450-7f0fa11c3dd9','2e3c07a4-fcac-4303-ae47-0d0f796403c9','fedeac7a-a665-40a4-af02-f47ec4b7aff5','Email_Create_SMTP_Setting',''),(1346,'0a2e19fc-d9f2-446c-8ca3-e6b8b73b5f9b','324bdc51-d71f-4f80-9f28-a30e8aae4009','fedeac7a-a665-40a4-af02-f47ec4b7aff5','User_Edit_User',''),(1347,'31cb6438-7d4a-4385-8a34-b4e8f6096a48','324bdc51-d71f-4f80-9f28-a30e8aae4009','fedeac7a-a665-40a4-af02-f47ec4b7aff5','User_View_Users',''),(1348,'374d74aa-a580-4928-848d-f7553db39914','324bdc51-d71f-4f80-9f28-a30e8aae4009','fedeac7a-a665-40a4-af02-f47ec4b7aff5','User_Delete_User',''),(1349,'86ce1382-a2b1-48ed-ae81-c9908d00cf3b','324bdc51-d71f-4f80-9f28-a30e8aae4009','fedeac7a-a665-40a4-af02-f47ec4b7aff5','User_Create_User',''),(1350,'d4d724fc-fd38-49c4-85bc-73937b219e20','324bdc51-d71f-4f80-9f28-a30e8aae4009','fedeac7a-a665-40a4-af02-f47ec4b7aff5','User_Reset_Password',''),(1351,'e506ec48-b99a-45b4-9ec9-6451bc67477b','324bdc51-d71f-4f80-9f28-a30e8aae4009','fedeac7a-a665-40a4-af02-f47ec4b7aff5','User_Assign_Permission',''),(1352,'fbe77c07-3058-4dbe-9d56-8c75dc879460','324bdc51-d71f-4f80-9f28-a30e8aae4009','fedeac7a-a665-40a4-af02-f47ec4b7aff5','User_Assign_User_Role',''),(1353,'7ba630ca-a9d3-42ee-99c8-766e2231fec1','42e44f15-8e33-423a-ad7f-17edc23d6dd3','fedeac7a-a665-40a4-af02-f47ec4b7aff5','Dashboard_View_Dashboard',''),(1354,'a4f82a2b-53f2-44f7-9541-7c5195aac38f','52b52bc7-d29c-4bab-90f1-968175c6b523','fedeac7a-a665-40a4-af02-f47ec4b7aff5','CANCELED_DOCUMENTS_View_Canceled_Documents',''),(1355,'67ae2b97-b24e-41d5-bf39-56b2834548d0','5a5f7cf8-21a6-434a-9330-db91b17d867c','fedeac7a-a665-40a4-af02-f47ec4b7aff5','Document_Category_Create_Category',''),(1356,'9c0e2186-06a4-4207-acbc-f6d8efa430b3','5a5f7cf8-21a6-434a-9330-db91b17d867c','fedeac7a-a665-40a4-af02-f47ec4b7aff5','Document_Category_Delete_Category',''),(1357,'ab45ef6a-a8e6-47ef-a182-6b88e2a6f9aa','5a5f7cf8-21a6-434a-9330-db91b17d867c','fedeac7a-a665-40a4-af02-f47ec4b7aff5','Document_Category_View_Categories',''),(1358,'cd46a3a4-ede5-4941-a49b-3df7eaa46428','5a5f7cf8-21a6-434a-9330-db91b17d867c','fedeac7a-a665-40a4-af02-f47ec4b7aff5','Document_Category_Edit_Category',''),(1359,'3ccaf408-8864-4815-a3e0-50632d90bcb6','97ff6eb0-39b3-4ddd-acf1-43205d5a9bb3','fedeac7a-a665-40a4-af02-f47ec4b7aff5','Reminder_Edit_Reminder',''),(1360,'5ea48d56-2ed3-4239-bb90-dd4d70a1b0b2','97ff6eb0-39b3-4ddd-acf1-43205d5a9bb3','fedeac7a-a665-40a4-af02-f47ec4b7aff5','Reminder_Delete_Reminder',''),(1361,'6bc0458e-22f5-4975-b387-4d6a4fb35201','97ff6eb0-39b3-4ddd-acf1-43205d5a9bb3','fedeac7a-a665-40a4-af02-f47ec4b7aff5','Reminder_Create_Reminder',''),(1362,'6f2717fc-edef-4537-916d-2d527251a5c1','97ff6eb0-39b3-4ddd-acf1-43205d5a9bb3','fedeac7a-a665-40a4-af02-f47ec4b7aff5','Reminder_View_Reminders',''),(1363,'7d024ff2-59ea-4e47-9da5-c1525bd9a84d','a6df043b-8c8f-41d5-9696-d20c9ca14616','fedeac7a-a665-40a4-af02-f47ec4b7aff5','DOCUMENT_REGISTER_View_All_Document_Register',''),(1364,'a864a065-1323-413c-ae67-bebd54219cda','a6df043b-8c8f-41d5-9696-d20c9ca14616','fedeac7a-a665-40a4-af02-f47ec4b7aff5','DOCUMENT_REGISTER_View_Document_Register',''),(1365,'647368b9-e959-42e3-88b4-e82c4af46728','b68f2544-1cf8-4d8b-a9c7-eee64ecc3408','fedeac7a-a665-40a4-af02-f47ec4b7aff5','Page_Helper_Manage_Page_Helper',''),(1366,'01484c7b-122b-4b0d-a3b8-300ac4186021','d8ebdcab-522c-4a97-91f1-540e21b93533','fedeac7a-a665-40a4-af02-f47ec4b7aff5','Sender_Manage_Sender',''),(1367,'05572ea5-1ce6-11ee-b7f8-d85ed3312c1f','ed7e14c5-1ce5-11ee-b7f8-d85ed3312c1f','fedeac7a-a665-40a4-af02-f47ec4b7aff5','Logs_View_Error_Logs',''),(1368,'0a470eac-47a9-4d59-8292-3218f9226ba5','eddf9e8e-0c70-4cde-b5f9-117a879747d6','fedeac7a-a665-40a4-af02-f47ec4b7aff5','All_Documents_Cancel_Document',''),(1369,'229ad778-c7d3-4f5f-ab52-24b537c39514','eddf9e8e-0c70-4cde-b5f9-117a879747d6','fedeac7a-a665-40a4-af02-f47ec4b7aff5','All_Documents_Archive_Document',''),(1370,'239035d5-cd44-475f-bbc5-9ef51768d389','eddf9e8e-0c70-4cde-b5f9-117a879747d6','fedeac7a-a665-40a4-af02-f47ec4b7aff5','All_Documents_Create_Document',''),(1371,'2ea6ba08-eb36-4e34-92d9-f1984c908b31','eddf9e8e-0c70-4cde-b5f9-117a879747d6','fedeac7a-a665-40a4-af02-f47ec4b7aff5','All_Documents_Share_Document',''),(1372,'3da78b4d-d263-4b13-8e81-7aa164a3688c','eddf9e8e-0c70-4cde-b5f9-117a879747d6','fedeac7a-a665-40a4-af02-f47ec4b7aff5','All_Documents_Add_Reminder',''),(1373,'595a769d-f7ef-45f3-9f9e-60c58c5e1542','eddf9e8e-0c70-4cde-b5f9-117a879747d6','fedeac7a-a665-40a4-af02-f47ec4b7aff5','All_Documents_Send_Email',''),(1374,'63ed1277-1db5-4cf7-8404-3e3426cb4bc5','eddf9e8e-0c70-4cde-b5f9-117a879747d6','fedeac7a-a665-40a4-af02-f47ec4b7aff5','All_Documents_View_Documents',''),(1375,'6719a065-8a4a-4350-8582-bfc41ce283fb','eddf9e8e-0c70-4cde-b5f9-117a879747d6','fedeac7a-a665-40a4-af02-f47ec4b7aff5','All_Documents_Download_Document',''),(1376,'a8dd972d-e758-4571-8d39-c6fec74b361b','eddf9e8e-0c70-4cde-b5f9-117a879747d6','fedeac7a-a665-40a4-af02-f47ec4b7aff5','All_Documents_Edit_Document',''),(1377,'ff4b3b73-c29f-462a-afa4-94a40e6b2c4a','f042bbee-d15f-40fb-b79a-8368f2c2e287','fedeac7a-a665-40a4-af02-f47ec4b7aff5','Login_Audit_View_Login_Audit_Logs',''),(1378,'6d222929-abfb-42a8-82f6-d9e3bc8dca55','fa4e3fa9-16e9-4028-a06a-3178c424dbb3','fedeac7a-a665-40a4-af02-f47ec4b7aff5','RECIPIENT_Manage_Recipient',''),(1379,'30e9f0dd-2cd3-43bb-b7e2-c5018eabab0d','fb8e14e4-d824-4fa1-932d-88f9cef81598','fedeac7a-a665-40a4-af02-f47ec4b7aff5','ARCHIVE_DOCUMENT_RESTORE_DOCUMENT',''),(1380,'ca0e0309-5c84-4290-b60a-175f64b5edfd','fb8e14e4-d824-4fa1-932d-88f9cef81598','fedeac7a-a665-40a4-af02-f47ec4b7aff5','ARCHIVE_DOCUMENT_View_Archive_Documents',''),(1381,'0a470eac-47a9-4d59-8292-3218f9226ba5','fc97dc8f-b4da-46b1-a179-ab206d8b7efd','fedeac7a-a665-40a4-af02-f47ec4b7aff5','Assigned_Documents_Cancel_Document',''),(1382,'229ad778-c7d3-4f5f-ab52-24b537c39514','fc97dc8f-b4da-46b1-a179-ab206d8b7efd','fedeac7a-a665-40a4-af02-f47ec4b7aff5','Assigned_Documents_Archive_Document',''),(1383,'239035d5-cd44-475f-bbc5-9ef51768d389','fc97dc8f-b4da-46b1-a179-ab206d8b7efd','fedeac7a-a665-40a4-af02-f47ec4b7aff5','Assigned_Documents_Create_Document',''),(1384,'2ea6ba08-eb36-4e34-92d9-f1984c908b31','fc97dc8f-b4da-46b1-a179-ab206d8b7efd','fedeac7a-a665-40a4-af02-f47ec4b7aff5','Assigned_Documents_Share_Document',''),(1385,'a8dd972d-e758-4571-8d39-c6fec74b361b','fc97dc8f-b4da-46b1-a179-ab206d8b7efd','fedeac7a-a665-40a4-af02-f47ec4b7aff5','Assigned_Documents_Edit_Document','');

--
-- Table structure for table `Roles`
--

CREATE TABLE `Roles` (
  `Id` char(36) CHARACTER SET ascii COLLATE ascii_general_ci NOT NULL,
  `IsDeleted` tinyint(1) NOT NULL,
  `Name` varchar(256) CHARACTER SET utf8mb4 COLLATE utf8mb4_0900_ai_ci DEFAULT NULL,
  `NormalizedName` varchar(256) CHARACTER SET utf8mb4 COLLATE utf8mb4_0900_ai_ci DEFAULT NULL,
  `ConcurrencyStamp` longtext CHARACTER SET utf8mb4 COLLATE utf8mb4_0900_ai_ci,
  PRIMARY KEY (`Id`),
  UNIQUE KEY `RoleNameIndex` (`NormalizedName`)
) ENGINE=InnoDB DEFAULT CHARSET=utf8mb4 COLLATE=utf8mb4_0900_ai_ci;

--
-- Dumping data for table `Roles`
--

INSERT INTO `Roles` VALUES ('1422bc8e-c747-445a-9521-abd7fd6f65fd',0,'SA (Serviciul administrativ)','SA (Serviciul administrativ)',NULL),('321269d6-bdee-437f-ac56-ce4a5a6576ee',0,'DPO','DPO',NULL),('50f1d9d0-e5c2-497d-8df2-d79d20160a57',0,'DIRIE (Departamentul de imagine, relații interne și externe)','DIRIE (Departamentul de imagine, relații interne și externe)',NULL),('53c7f76a-505f-4eb3-95f5-666fd5993127',0,'SG (Secretariatul general)','SG (Secretariatul general)',NULL),('56f3b630-0ee7-4683-9150-e8bc6b3a0a71',0,'IT','IT',NULL),('763f016a-b416-447e-b434-4c2b8d13a749',0,'DES (Departamentul economico-social și de asigurări de sănătate)','DES (Departamentul economico-social și de asigurări de sănătate)',NULL),('81c888c1-4d9c-471d-a3e1-27c0ec4c4582',0,'Consilier medic (DPSI)','Consilier medic (DPSI)',NULL),('990660de-f95f-4912-b3f9-d028f2678a27',0,'DJP (Departamentul de jurisdicție profesională)','DJP (Departamentul de jurisdicție profesională)',NULL),('a08f5655-63bb-4de5-b275-aebfae57ce06',0,'Consilier medic  (DJP)','Consilier medic  (DJP)',NULL),('a794c379-5c04-4612-b7b5-4bf7849c0264',0,'DA (Departamentul de avizări)','DA (Departamentul de avizări)',NULL),('ae2eb30e-c8ae-467d-b494-2a86fec0a11e',0,'Președinte (BEX)','Președinte (BEX)',NULL),('b25dbb76-b0dd-4cce-a7d9-ba975a312d92',0,'CSD (Comisia superioară de disciplină)','CSD (Comisia superioară de disciplină)',NULL),('c5d235ea-81b4-4c36-9205-2077da227c0a',1,'Employee','EMPLOYEE','d28f865d-da10-48ca-9065-bafc6ec3cab2'),('c8c7e221-ffe5-4b65-9f2b-29663c560449',0,'FC (Departamentul financiar-contabil)','FC (Departamentul financiar-contabil)',NULL),('dce317ab-6e40-4e3c-843b-260a6ff8ad50',0,'DPSI (Departamentul profesional-științific și de învățământ)','DPSI (Departamentul profesional-științific și de învățământ)',NULL),('e422aae4-a15d-4332-b8e3-fd21b0c40ac2',0,'SJ (Serviciul juridic)','SJ (Serviciul juridic)',NULL),('f25c6b1f-99d5-4e89-b3a7-3fd772b188f9',0,'Director General','Director General',NULL),('fedeac7a-a665-40a4-af02-f47ec4b7aff5',0,'Super Admin','Super Admin','870b5668-b97a-4406-bead-09022612568c');

--
-- Table structure for table `ScreenOperations`
--

CREATE TABLE `ScreenOperations` (
  `Id` char(36) CHARACTER SET ascii COLLATE ascii_general_ci NOT NULL,
  `OperationId` char(36) CHARACTER SET ascii COLLATE ascii_general_ci NOT NULL,
  `ScreenId` char(36) CHARACTER SET ascii COLLATE ascii_general_ci NOT NULL,
  `CreatedDate` datetime NOT NULL,
  `CreatedBy` char(36) CHARACTER SET ascii COLLATE ascii_general_ci NOT NULL,
  `ModifiedDate` datetime NOT NULL DEFAULT CURRENT_TIMESTAMP,
  `ModifiedBy` char(36) CHARACTER SET ascii COLLATE ascii_general_ci NOT NULL,
  `DeletedDate` datetime DEFAULT NULL,
  `DeletedBy` char(36) CHARACTER SET ascii COLLATE ascii_general_ci DEFAULT NULL,
  `IsDeleted` tinyint(1) NOT NULL,
  PRIMARY KEY (`Id`),
  KEY `IX_ScreenOperations_OperationId` (`OperationId`),
  KEY `IX_ScreenOperations_ScreenId` (`ScreenId`),
  CONSTRAINT `FK_ScreenOperations_Operations_OperationId` FOREIGN KEY (`OperationId`) REFERENCES `Operations` (`Id`) ON DELETE CASCADE,
  CONSTRAINT `FK_ScreenOperations_Screens_ScreenId` FOREIGN KEY (`ScreenId`) REFERENCES `Screens` (`Id`) ON DELETE CASCADE
) ENGINE=InnoDB DEFAULT CHARSET=utf8mb4 COLLATE=utf8mb4_0900_ai_ci;

--
-- Dumping data for table `ScreenOperations`
--

INSERT INTO `ScreenOperations` VALUES ('044ceb92-87fc-41a5-93a7-ffaf096db766','c288b5d3-419d-4dc0-9e5a-083194016d2c','090ea443-01c7-4638-a194-ad3416a5ea7a','2021-12-22 16:21:22','4b352b37-332a-40c6-ab05-e38fcf109719','2021-12-22 16:21:22','00000000-0000-0000-0000-000000000000',NULL,'00000000-0000-0000-0000-000000000000',0),('12423414-E9E9-4334-BDB4-55067B6B1C13','01484C7B-122B-4B0D-A3B8-300AC4186021','D8EBDCAB-522C-4A97-91F1-540E21B93533','2021-12-22 16:21:22','4b352b37-332a-40c6-ab05-e38fcf109719','2021-12-22 16:21:22','00000000-0000-0000-0000-000000000000',NULL,'00000000-0000-0000-0000-000000000000',0),('17b2d9d9-d587-4cdc-9877-69ac5a645796','abeb7422-e049-4e13-a7fe-b0c3f120e9af','2aaedf5f-9f22-4788-8e2b-ed8bf45dbbf8','2021-12-24 10:15:31','4b352b37-332a-40c6-ab05-e38fcf109719','2021-12-24 10:15:31','00000000-0000-0000-0000-000000000000',NULL,'00000000-0000-0000-0000-000000000000',0),('1a0a3737-ee82-46dc-a1b1-8bbc3aee23f6','ab0544d7-2276-4f3b-b450-7f0fa11c3dd9','2e3c07a4-fcac-4303-ae47-0d0f796403c9','2021-12-22 16:22:00','4b352b37-332a-40c6-ab05-e38fcf109719','2021-12-22 16:22:00','00000000-0000-0000-0000-000000000000',NULL,'00000000-0000-0000-0000-000000000000',0),('1a3346d9-3c8d-4ae0-9416-db9a157d20f2','18a5a8f6-7cb6-4178-857d-b6a981ea3d4f','090ea443-01c7-4638-a194-ad3416a5ea7a','2021-12-22 16:21:23','4b352b37-332a-40c6-ab05-e38fcf109719','2021-12-22 16:21:23','00000000-0000-0000-0000-000000000000',NULL,'00000000-0000-0000-0000-000000000000',0),('1c9e6f5a-1ce6-11ee-b7f8-d85ed3312c1f','05572ea5-1ce6-11ee-b7f8-d85ed3312c1f','ed7e14c5-1ce5-11ee-b7f8-d85ed3312c1f','2021-12-24 10:15:31','4b352b37-332a-40c6-ab05-e38fcf109719','2021-12-24 10:15:31','00000000-0000-0000-0000-000000000000',NULL,'00000000-0000-0000-0000-000000000000',0),('23b8b484-a1cc-414b-a77b-8c574f95c8f4','7d024ff2-59ea-4e47-9da5-c1525bd9a84d','a6df043b-8c8f-41d5-9696-d20c9ca14616','2021-12-24 10:15:31','4b352b37-332a-40c6-ab05-e38fcf109719','2021-12-24 10:15:31','00000000-0000-0000-0000-000000000000',NULL,'00000000-0000-0000-0000-000000000000',0),('23ddf867-056f-425b-99ed-d298bbd2d80f','0a2e19fc-d9f2-446c-8ca3-e6b8b73b5f9b','324bdc51-d71f-4f80-9f28-a30e8aae4009','2021-12-22 16:21:33','4b352b37-332a-40c6-ab05-e38fcf109719','2021-12-22 16:21:33','00000000-0000-0000-0000-000000000000',NULL,'00000000-0000-0000-0000-000000000000',0),('282de712-f446-4a14-9833-660be76856a1','6d222929-abfb-42a8-82f6-d9e3bc8dca55','fa4e3fa9-16e9-4028-a06a-3178c424dbb3','2021-12-24 10:15:31','4b352b37-332a-40c6-ab05-e38fcf109719','2021-12-24 10:15:31','00000000-0000-0000-0000-000000000000',NULL,'00000000-0000-0000-0000-000000000000',0),('4de6055c-5f81-44d8-aee2-b966fc442263','4f19045b-e9a8-403b-b730-8453ee72830e','2e3c07a4-fcac-4303-ae47-0d0f796403c9','2021-12-22 16:22:01','4b352b37-332a-40c6-ab05-e38fcf109719','2021-12-22 16:22:01','00000000-0000-0000-0000-000000000000',NULL,'00000000-0000-0000-0000-000000000000',0),('51c88956-ea5a-4934-96ba-fd09905a1b0a','7ba630ca-a9d3-42ee-99c8-766e2231fec1','42e44f15-8e33-423a-ad7f-17edc23d6dd3','2021-12-22 16:20:34','4b352b37-332a-40c6-ab05-e38fcf109719','2021-12-22 16:20:34','00000000-0000-0000-0000-000000000000',NULL,'00000000-0000-0000-0000-000000000000',0),('5d5e0edc-e14f-48ad-bf1d-3dfbd9ac55aa','db8825b1-ee4e-49f6-9a08-b0210ed53fd4','090ea443-01c7-4638-a194-ad3416a5ea7a','2021-12-22 16:21:21','4b352b37-332a-40c6-ab05-e38fcf109719','2021-12-22 16:21:21','00000000-0000-0000-0000-000000000000',NULL,'00000000-0000-0000-0000-000000000000',0),('60d8ee64-8713-4402-92ac-f609f6b73f71','2ea6ba08-eb36-4e34-92d9-f1984c908b31','fc97dc8f-b4da-46b1-a179-ab206d8b7efd','2021-12-24 10:15:31','4b352b37-332a-40c6-ab05-e38fcf109719','2021-12-24 10:15:31','00000000-0000-0000-0000-000000000000',NULL,'00000000-0000-0000-0000-000000000000',0),('6147D233-C64F-4F5A-82C1-689F260F4644','647368B9-E959-42E3-88B4-E82C4AF46728','B68F2544-1CF8-4D8B-A9C7-EEE64ECC3408','2021-12-22 16:21:22','4b352b37-332a-40c6-ab05-e38fcf109719','2021-12-22 16:21:22','00000000-0000-0000-0000-000000000000',NULL,'00000000-0000-0000-0000-000000000000',0),('65dfed53-7855-46f5-ab93-3629fc68ea71','1c7d3e31-08ad-43cf-9cf7-4ffafdda9029','2396f81c-f8b5-49ac-88d1-94ed57333f49','2021-12-22 16:21:14','4b352b37-332a-40c6-ab05-e38fcf109719','2021-12-22 16:21:14','00000000-0000-0000-0000-000000000000',NULL,'00000000-0000-0000-0000-000000000000',0),('6a048b38-5b3a-42b0-83fd-2c4d588d0b2f','6bc0458e-22f5-4975-b387-4d6a4fb35201','97ff6eb0-39b3-4ddd-acf1-43205d5a9bb3','2021-12-22 16:21:45','4b352b37-332a-40c6-ab05-e38fcf109719','2021-12-22 16:21:45','00000000-0000-0000-0000-000000000000',NULL,'00000000-0000-0000-0000-000000000000',0),('6adf6012-0101-48b2-ad54-078d2f7fe96d','31cb6438-7d4a-4385-8a34-b4e8f6096a48','324bdc51-d71f-4f80-9f28-a30e8aae4009','2021-12-22 17:10:16','4b352b37-332a-40c6-ab05-e38fcf109719','2021-12-22 17:10:16','00000000-0000-0000-0000-000000000000',NULL,'00000000-0000-0000-0000-000000000000',0),('761032d2-822a-4274-ab85-3b389f5ec252','2ea6ba08-eb36-4e34-92d9-f1984c908b31','eddf9e8e-0c70-4cde-b5f9-117a879747d6','2021-12-22 16:20:42','4b352b37-332a-40c6-ab05-e38fcf109719','2021-12-22 16:20:42','00000000-0000-0000-0000-000000000000',NULL,'00000000-0000-0000-0000-000000000000',0),('778949ca-0d85-45c4-95c5-96e1600a8797','0a470eac-47a9-4d59-8292-3218f9226ba5','fc97dc8f-b4da-46b1-a179-ab206d8b7efd','2021-12-24 10:15:31','4b352b37-332a-40c6-ab05-e38fcf109719','2021-12-24 10:15:31','00000000-0000-0000-0000-000000000000',NULL,'00000000-0000-0000-0000-000000000000',0),('7b3c6cc3-6eab-460e-a24a-a4cf9ebd5a8f','a8dd972d-e758-4571-8d39-c6fec74b361b','fc97dc8f-b4da-46b1-a179-ab206d8b7efd','2021-12-24 10:15:31','4b352b37-332a-40c6-ab05-e38fcf109719','2021-12-24 10:15:31','00000000-0000-0000-0000-000000000000',NULL,'00000000-0000-0000-0000-000000000000',0),('7df88485-9516-4995-9bc2-99dd7edd6bf9','229ad778-c7d3-4f5f-ab52-24b537c39514','eddf9e8e-0c70-4cde-b5f9-117a879747d6','2021-12-22 16:20:40','4b352b37-332a-40c6-ab05-e38fcf109719','2021-12-22 16:20:40','00000000-0000-0000-0000-000000000000',NULL,'00000000-0000-0000-0000-000000000000',0),('87089dd2-149a-49c4-931c-18b47e08561c','d4d724fc-fd38-49c4-85bc-73937b219e20','324bdc51-d71f-4f80-9f28-a30e8aae4009','2021-12-22 16:21:36','4b352b37-332a-40c6-ab05-e38fcf109719','2021-12-22 16:21:36','00000000-0000-0000-0000-000000000000',NULL,'00000000-0000-0000-0000-000000000000',0),('8a90c207-7752-4277-83f6-5345ed277d7a','57216dcd-1a1c-4f94-a33d-83a5af2d7a46','090ea443-01c7-4638-a194-ad3416a5ea7a','2021-12-22 17:09:53','4b352b37-332a-40c6-ab05-e38fcf109719','2021-12-22 17:09:53','00000000-0000-0000-0000-000000000000',NULL,'00000000-0000-0000-0000-000000000000',0),('8e82fe1f-8ccd-4cc2-b1ca-1a84dd17a5ab','67ae2b97-b24e-41d5-bf39-56b2834548d0','5a5f7cf8-21a6-434a-9330-db91b17d867c','2021-12-22 16:21:05','4b352b37-332a-40c6-ab05-e38fcf109719','2021-12-22 16:21:05','00000000-0000-0000-0000-000000000000',NULL,'00000000-0000-0000-0000-000000000000',0),('8f065fb5-01c7-4dea-ab19-650392338688','752ae5b8-e34f-4b32-81f2-2cf709881663','2e3c07a4-fcac-4303-ae47-0d0f796403c9','2021-12-22 16:22:01','4b352b37-332a-40c6-ab05-e38fcf109719','2021-12-22 16:22:01','00000000-0000-0000-0000-000000000000',NULL,'00000000-0000-0000-0000-000000000000',0),('ac85a6c2-dfdb-466a-bd45-9c685de8885e','a864a065-1323-413c-ae67-bebd54219cda','a6df043b-8c8f-41d5-9696-d20c9ca14616','2021-12-24 10:15:31','4b352b37-332a-40c6-ab05-e38fcf109719','2021-12-24 10:15:31','00000000-0000-0000-0000-000000000000',NULL,'00000000-0000-0000-0000-000000000000',0),('af051121-12ae-4ac5-9554-4a3b1c2bce7a','0a470eac-47a9-4d59-8292-3218f9226ba5','eddf9e8e-0c70-4cde-b5f9-117a879747d6','2021-12-24 10:15:31','4b352b37-332a-40c6-ab05-e38fcf109719','2021-12-24 10:15:31','00000000-0000-0000-0000-000000000000',NULL,'00000000-0000-0000-0000-000000000000',0),('b13dc77a-32b9-4f48-96de-90539ba688fa','41f65d07-9023-4cfb-9c7c-0e3247a012e0','2e3c07a4-fcac-4303-ae47-0d0f796403c9','2021-12-22 17:11:05','4b352b37-332a-40c6-ab05-e38fcf109719','2021-12-22 17:11:05','00000000-0000-0000-0000-000000000000',NULL,'00000000-0000-0000-0000-000000000000',0),('b4fc0f33-0e9b-4b22-b357-d85125ba8d49','a8dd972d-e758-4571-8d39-c6fec74b361b','eddf9e8e-0c70-4cde-b5f9-117a879747d6','2021-12-22 16:20:39','4b352b37-332a-40c6-ab05-e38fcf109719','2021-12-22 16:20:39','00000000-0000-0000-0000-000000000000',NULL,'00000000-0000-0000-0000-000000000000',0),('b7d48f9a-c54c-4394-81ce-ea10aba9df87','239035d5-cd44-475f-bbc5-9ef51768d389','fc97dc8f-b4da-46b1-a179-ab206d8b7efd','2021-12-24 10:15:31','4b352b37-332a-40c6-ab05-e38fcf109719','2021-12-24 10:15:31','00000000-0000-0000-0000-000000000000',NULL,'00000000-0000-0000-0000-000000000000',0),('bb8057d8-67fb-46ac-b5ae-6473236bc7b9','a4f82a2b-53f2-44f7-9541-7c5195aac38f','52b52bc7-d29c-4bab-90f1-968175c6b523','2021-12-24 10:15:31','4b352b37-332a-40c6-ab05-e38fcf109719','2021-12-24 10:15:31','00000000-0000-0000-0000-000000000000',NULL,'00000000-0000-0000-0000-000000000000',0),('c9928f1f-0702-4e37-97a7-431e5c9f819c','374d74aa-a580-4928-848d-f7553db39914','324bdc51-d71f-4f80-9f28-a30e8aae4009','2021-12-22 16:21:33','4b352b37-332a-40c6-ab05-e38fcf109719','2021-12-22 16:21:33','00000000-0000-0000-0000-000000000000',NULL,'00000000-0000-0000-0000-000000000000',0),('cb980805-4de9-45b6-a12d-bb0f91d549cb','e506ec48-b99a-45b4-9ec9-6451bc67477b','324bdc51-d71f-4f80-9f28-a30e8aae4009','2021-12-22 16:21:35','4b352b37-332a-40c6-ab05-e38fcf109719','2021-12-22 16:21:35','00000000-0000-0000-0000-000000000000',NULL,'00000000-0000-0000-0000-000000000000',0),('cc5d7643-e418-492f-bbbd-409a336dbce5','9c0e2186-06a4-4207-acbc-f6d8efa430b3','5a5f7cf8-21a6-434a-9330-db91b17d867c','2021-12-22 16:21:07','4b352b37-332a-40c6-ab05-e38fcf109719','2021-12-22 16:21:07','00000000-0000-0000-0000-000000000000',NULL,'00000000-0000-0000-0000-000000000000',0),('cf559621-281c-4aca-9b70-7d2f4f6f7646','229ad778-c7d3-4f5f-ab52-24b537c39514','fc97dc8f-b4da-46b1-a179-ab206d8b7efd','2021-12-24 10:15:31','4b352b37-332a-40c6-ab05-e38fcf109719','2021-12-24 10:15:31','00000000-0000-0000-0000-000000000000',NULL,'00000000-0000-0000-0000-000000000000',0),('d3849fed-c1f6-412d-9605-4d9f4c577137','30e9f0dd-2cd3-43bb-b7e2-c5018eabab0d','fb8e14e4-d824-4fa1-932d-88f9cef81598','2021-12-24 10:15:31','4b352b37-332a-40c6-ab05-e38fcf109719','2021-12-24 10:15:31','00000000-0000-0000-0000-000000000000',NULL,'00000000-0000-0000-0000-000000000000',0),('d53f507b-c73c-435f-a4d0-69fe616b8d80','6f2717fc-edef-4537-916d-2d527251a5c1','97ff6eb0-39b3-4ddd-acf1-43205d5a9bb3','2021-12-22 17:10:42','4b352b37-332a-40c6-ab05-e38fcf109719','2021-12-22 17:10:42','00000000-0000-0000-0000-000000000000',NULL,'00000000-0000-0000-0000-000000000000',0),('d886ffaa-e26f-4e27-b4e5-c3636f6422cf','ff4b3b73-c29f-462a-afa4-94a40e6b2c4a','f042bbee-d15f-40fb-b79a-8368f2c2e287','2021-12-22 16:21:54','4b352b37-332a-40c6-ab05-e38fcf109719','2021-12-22 16:21:54','00000000-0000-0000-0000-000000000000',NULL,'00000000-0000-0000-0000-000000000000',0),('dcba14ed-cb99-44d4-8b4f-53d8f249ed20','3da78b4d-d263-4b13-8e81-7aa164a3688c','eddf9e8e-0c70-4cde-b5f9-117a879747d6','2021-12-22 16:20:47','4b352b37-332a-40c6-ab05-e38fcf109719','2021-12-22 16:20:47','00000000-0000-0000-0000-000000000000',NULL,'00000000-0000-0000-0000-000000000000',0),('ded2da54-9077-46b4-8d2e-db69890bed25','63ed1277-1db5-4cf7-8404-3e3426cb4bc5','eddf9e8e-0c70-4cde-b5f9-117a879747d6','2021-12-22 17:08:45','4b352b37-332a-40c6-ab05-e38fcf109719','2021-12-22 17:08:45','00000000-0000-0000-0000-000000000000',NULL,'00000000-0000-0000-0000-000000000000',0),('e1278d04-1e53-4885-b7f3-8dd9786ee8ba','fbe77c07-3058-4dbe-9d56-8c75dc879460','324bdc51-d71f-4f80-9f28-a30e8aae4009','2021-12-22 16:21:37','4b352b37-332a-40c6-ab05-e38fcf109719','2021-12-22 16:21:37','00000000-0000-0000-0000-000000000000',NULL,'00000000-0000-0000-0000-000000000000',0),('e67675a7-cd03-4b28-bd2f-437a813686b0','cd46a3a4-ede5-4941-a49b-3df7eaa46428','5a5f7cf8-21a6-434a-9330-db91b17d867c','2021-12-22 16:21:06','4b352b37-332a-40c6-ab05-e38fcf109719','2021-12-22 16:21:06','00000000-0000-0000-0000-000000000000',NULL,'00000000-0000-0000-0000-000000000000',0),('e99d8d8b-961c-47ad-85d8-a7b57c6a2f65','239035d5-cd44-475f-bbc5-9ef51768d389','eddf9e8e-0c70-4cde-b5f9-117a879747d6','2021-12-22 16:20:38','4b352b37-332a-40c6-ab05-e38fcf109719','2021-12-22 16:20:38','00000000-0000-0000-0000-000000000000',NULL,'00000000-0000-0000-0000-000000000000',0),('ecf7dc42-fc44-4d1a-b314-d1ff71878d94','5ea48d56-2ed3-4239-bb90-dd4d70a1b0b2','97ff6eb0-39b3-4ddd-acf1-43205d5a9bb3','2021-12-22 16:21:47','4b352b37-332a-40c6-ab05-e38fcf109719','2021-12-22 16:21:47','00000000-0000-0000-0000-000000000000',NULL,'00000000-0000-0000-0000-000000000000',0),('f2d4c2a6-935c-438d-b9f5-9805e1195ae3','ca0e0309-5c84-4290-b60a-175f64b5edfd','fb8e14e4-d824-4fa1-932d-88f9cef81598','2021-12-24 10:15:31','4b352b37-332a-40c6-ab05-e38fcf109719','2021-12-24 10:15:31','00000000-0000-0000-0000-000000000000',NULL,'00000000-0000-0000-0000-000000000000',0),('f54926e2-3ad3-40be-8f7e-14cab77e87bd','3ccaf408-8864-4815-a3e0-50632d90bcb6','97ff6eb0-39b3-4ddd-acf1-43205d5a9bb3','2021-12-22 16:21:46','4b352b37-332a-40c6-ab05-e38fcf109719','2021-12-22 16:21:46','00000000-0000-0000-0000-000000000000',NULL,'00000000-0000-0000-0000-000000000000',0),('f591c7be-4913-44f8-a74c-d2fc44dd5a3e','ab45ef6a-a8e6-47ef-a182-6b88e2a6f9aa','5a5f7cf8-21a6-434a-9330-db91b17d867c','2021-12-22 17:09:28','4b352b37-332a-40c6-ab05-e38fcf109719','2021-12-22 17:09:28','00000000-0000-0000-0000-000000000000',NULL,'00000000-0000-0000-0000-000000000000',0),('f8863c5a-4344-41cb-b1fa-83e223d6a7df','6719a065-8a4a-4350-8582-bfc41ce283fb','eddf9e8e-0c70-4cde-b5f9-117a879747d6','2021-12-22 16:20:49','4b352b37-332a-40c6-ab05-e38fcf109719','2021-12-22 16:20:49','00000000-0000-0000-0000-000000000000',NULL,'00000000-0000-0000-0000-000000000000',0),('faf1cb6f-9c20-4ca3-8222-32028b44e484','595a769d-f7ef-45f3-9f9e-60c58c5e1542','eddf9e8e-0c70-4cde-b5f9-117a879747d6','2021-12-22 16:20:43','4b352b37-332a-40c6-ab05-e38fcf109719','2021-12-22 16:20:43','00000000-0000-0000-0000-000000000000',NULL,'00000000-0000-0000-0000-000000000000',0),('ff092131-a214-48c0-a8e3-68a8723840e1','86ce1382-a2b1-48ed-ae81-c9908d00cf3b','324bdc51-d71f-4f80-9f28-a30e8aae4009','2021-12-22 16:21:32','4b352b37-332a-40c6-ab05-e38fcf109719','2021-12-22 16:21:32','00000000-0000-0000-0000-000000000000',NULL,'00000000-0000-0000-0000-000000000000',0);

--
-- Table structure for table `Screens`
--

CREATE TABLE `Screens` (
  `Id` char(36) CHARACTER SET ascii COLLATE ascii_general_ci NOT NULL,
  `Name` longtext CHARACTER SET utf8mb4 COLLATE utf8mb4_0900_ai_ci,
  `CreatedDate` datetime NOT NULL,
  `CreatedBy` char(36) CHARACTER SET ascii COLLATE ascii_general_ci NOT NULL,
  `ModifiedDate` datetime NOT NULL DEFAULT CURRENT_TIMESTAMP,
  `ModifiedBy` char(36) CHARACTER SET ascii COLLATE ascii_general_ci NOT NULL,
  `DeletedDate` datetime DEFAULT NULL,
  `DeletedBy` char(36) CHARACTER SET ascii COLLATE ascii_general_ci DEFAULT NULL,
  `IsDeleted` tinyint(1) NOT NULL,
  PRIMARY KEY (`Id`)
) ENGINE=InnoDB DEFAULT CHARSET=utf8mb4 COLLATE=utf8mb4_0900_ai_ci;

--
-- Dumping data for table `Screens`
--

INSERT INTO `Screens` VALUES ('090ea443-01c7-4638-a194-ad3416a5ea7a','Role','2021-12-22 16:17:44','4b352b37-332a-40c6-ab05-e38fcf109719','2021-12-22 16:17:44','00000000-0000-0000-0000-000000000000',NULL,'00000000-0000-0000-0000-000000000000',0),('2396f81c-f8b5-49ac-88d1-94ed57333f49','Document Audit Trail','2021-12-22 16:17:39','4b352b37-332a-40c6-ab05-e38fcf109719','2021-12-22 16:17:39','00000000-0000-0000-0000-000000000000',NULL,'00000000-0000-0000-0000-000000000000',0),('2aaedf5f-9f22-4788-8e2b-ed8bf45dbbf8','CONEX_DOCUMENT','2021-12-22 16:17:33','4b352b37-332a-40c6-ab05-e38fcf109719','2021-12-22 16:17:33','00000000-0000-0000-0000-000000000000',NULL,'00000000-0000-0000-0000-000000000000',0),('2e3c07a4-fcac-4303-ae47-0d0f796403c9','Email','2021-12-22 16:18:01','4b352b37-332a-40c6-ab05-e38fcf109719','2021-12-22 16:18:01','00000000-0000-0000-0000-000000000000',NULL,'00000000-0000-0000-0000-000000000000',0),('324bdc51-d71f-4f80-9f28-a30e8aae4009','User','2021-12-22 16:17:49','4b352b37-332a-40c6-ab05-e38fcf109719','2021-12-22 16:17:49','00000000-0000-0000-0000-000000000000',NULL,'00000000-0000-0000-0000-000000000000',0),('42e44f15-8e33-423a-ad7f-17edc23d6dd3','Dashboard','2021-12-22 16:17:16','4b352b37-332a-40c6-ab05-e38fcf109719','2021-12-22 16:17:16','00000000-0000-0000-0000-000000000000',NULL,'00000000-0000-0000-0000-000000000000',0),('52b52bc7-d29c-4bab-90f1-968175c6b523','CANCELED_DOCUMENTS','2021-12-22 16:17:33','4b352b37-332a-40c6-ab05-e38fcf109719','2021-12-22 16:17:33','00000000-0000-0000-0000-000000000000',NULL,'00000000-0000-0000-0000-000000000000',0),('5a5f7cf8-21a6-434a-9330-db91b17d867c','Document Category','2021-12-22 16:17:33','4b352b37-332a-40c6-ab05-e38fcf109719','2021-12-22 16:17:33','00000000-0000-0000-0000-000000000000',NULL,'00000000-0000-0000-0000-000000000000',0),('97ff6eb0-39b3-4ddd-acf1-43205d5a9bb3','Reminder','2021-12-22 16:17:53','4b352b37-332a-40c6-ab05-e38fcf109719','2021-12-22 16:17:53','00000000-0000-0000-0000-000000000000',NULL,'00000000-0000-0000-0000-000000000000',0),('a6df043b-8c8f-41d5-9696-d20c9ca14616','DOCUMENT_REGISTER','2021-12-22 16:17:33','4b352b37-332a-40c6-ab05-e38fcf109719','2021-12-22 16:17:33','00000000-0000-0000-0000-000000000000',NULL,'00000000-0000-0000-0000-000000000000',0),('B68F2544-1CF8-4D8B-A9C7-EEE64ECC3408','Page Helper','2021-12-22 16:17:33','4b352b37-332a-40c6-ab05-e38fcf109719','2021-12-22 16:17:33','00000000-0000-0000-0000-000000000000',NULL,'00000000-0000-0000-0000-000000000000',0),('D8EBDCAB-522C-4A97-91F1-540E21B93533','Sender','2021-12-22 16:17:33','4b352b37-332a-40c6-ab05-e38fcf109719','2021-12-22 16:17:33','00000000-0000-0000-0000-000000000000',NULL,'00000000-0000-0000-0000-000000000000',0),('ed7e14c5-1ce5-11ee-b7f8-d85ed3312c1f','Logs','2021-12-22 16:17:33','4b352b37-332a-40c6-ab05-e38fcf109719','2021-12-22 16:17:33','00000000-0000-0000-0000-000000000000',NULL,'00000000-0000-0000-0000-000000000000',0),('eddf9e8e-0c70-4cde-b5f9-117a879747d6','All Documents','2021-12-22 16:17:24','4b352b37-332a-40c6-ab05-e38fcf109719','2021-12-22 16:17:24','00000000-0000-0000-0000-000000000000',NULL,'00000000-0000-0000-0000-000000000000',0),('f042bbee-d15f-40fb-b79a-8368f2c2e287','Login Audit','2021-12-22 16:17:57','4b352b37-332a-40c6-ab05-e38fcf109719','2021-12-22 16:17:57','00000000-0000-0000-0000-000000000000',NULL,'00000000-0000-0000-0000-000000000000',0),('fa4e3fa9-16e9-4028-a06a-3178c424dbb3','RECIPIENT','2021-12-22 16:17:33','4b352b37-332a-40c6-ab05-e38fcf109719','2021-12-22 16:17:33','00000000-0000-0000-0000-000000000000',NULL,'00000000-0000-0000-0000-000000000000',0),('fb8e14e4-d824-4fa1-932d-88f9cef81598','ARCHIVE_DOCUMENT','2021-12-22 16:17:33','4b352b37-332a-40c6-ab05-e38fcf109719','2021-12-22 16:17:33','00000000-0000-0000-0000-000000000000',NULL,'00000000-0000-0000-0000-000000000000',0),('fc97dc8f-b4da-46b1-a179-ab206d8b7efd','Assigned Documents','2021-12-24 10:15:02','4b352b37-332a-40c6-ab05-e38fcf109719','2021-12-24 10:15:02','00000000-0000-0000-0000-000000000000',NULL,'00000000-0000-0000-0000-000000000000',0);

--
-- Table structure for table `SendEmails`
--

CREATE TABLE `SendEmails` (
  `Id` char(36) CHARACTER SET ascii COLLATE ascii_general_ci NOT NULL,
  `Subject` longtext CHARACTER SET utf8mb4 COLLATE utf8mb4_0900_ai_ci,
  `Message` longtext CHARACTER SET utf8mb4 COLLATE utf8mb4_0900_ai_ci,
  `FromEmail` longtext CHARACTER SET utf8mb4 COLLATE utf8mb4_0900_ai_ci,
  `DocumentId` char(36) CHARACTER SET ascii COLLATE ascii_general_ci DEFAULT NULL,
  `IsSend` tinyint(1) NOT NULL,
  `Email` longtext CHARACTER SET utf8mb4 COLLATE utf8mb4_0900_ai_ci,
  `CreatedDate` datetime NOT NULL,
  `CreatedBy` char(36) CHARACTER SET ascii COLLATE ascii_general_ci NOT NULL,
  `ModifiedDate` datetime NOT NULL,
  `ModifiedBy` char(36) CHARACTER SET ascii COLLATE ascii_general_ci NOT NULL,
  `DeletedDate` datetime DEFAULT NULL,
  `DeletedBy` char(36) CHARACTER SET ascii COLLATE ascii_general_ci DEFAULT NULL,
  `IsDeleted` tinyint(1) NOT NULL,
  PRIMARY KEY (`Id`),
  KEY `IX_SendEmails_DocumentId` (`DocumentId`),
  CONSTRAINT `FK_SendEmails_Documents_DocumentId` FOREIGN KEY (`DocumentId`) REFERENCES `Documents` (`Id`) ON DELETE RESTRICT
) ENGINE=InnoDB DEFAULT CHARSET=utf8mb4 COLLATE=utf8mb4_0900_ai_ci;

--
-- Dumping data for table `SendEmails`
--

INSERT INTO `SendEmails` VALUES ('08dc0c67-693f-47da-827d-36ad56de9dee','test','<p>dan.gurghian@gmail.com</p>','dms@cmr.ro','08dc0c40-0edf-4c28-8a46-85359509305a',1,'dan.gurghian@gmail.com','2024-01-03 14:22:27','4b352b37-332a-40c6-ab05-e38fcf109719','2024-01-03 14:30:37','00000000-0000-0000-0000-000000000000',NULL,NULL,0),('08dc0c68-0385-4326-8b38-0e9949abfb38','2. Confidențialitatea în sistemul medical românesc (aspecte practice ','<p>5. Orientări pentru acordurile de confidențialitate și contractele de servicii<br>încheiate de medici (ex. PFI / PFA – semnarea de contracte cu clinici / spitale)</p>','dms@cmr.ro','08dc0c40-0edf-4c28-8a46-85359509305a',1,'dan.gurghian@gmail.com','2024-01-03 14:26:45','4b352b37-332a-40c6-ab05-e38fcf109719','2024-01-03 14:30:37','00000000-0000-0000-0000-000000000000',NULL,NULL,0),('08dc0d04-c8e8-4c6c-8b66-62f2d6f7b280','Test Email.','<p>This is Test Email.</p>','dms@cmr.ro','08dc0d03-3072-4c18-806d-aa75be801189',1,'dan.gurghian@gmail.com','2024-01-04 09:08:58','4b352b37-332a-40c6-ab05-e38fcf109719','2024-01-04 09:10:03','00000000-0000-0000-0000-000000000000',NULL,NULL,0);

--
-- Table structure for table `Senders`
--

CREATE TABLE `Senders` (
  `Id` char(36) CHARACTER SET ascii COLLATE ascii_general_ci NOT NULL,
  `Name` longtext CHARACTER SET utf8mb4 COLLATE utf8mb4_0900_ai_ci,
  `CreatedDate` datetime NOT NULL,
  `CreatedBy` char(36) CHARACTER SET ascii COLLATE ascii_general_ci NOT NULL,
  `ModifiedDate` datetime NOT NULL DEFAULT CURRENT_TIMESTAMP,
  `ModifiedBy` char(36) CHARACTER SET ascii COLLATE ascii_general_ci NOT NULL,
  `DeletedDate` datetime DEFAULT NULL,
  `DeletedBy` char(36) CHARACTER SET ascii COLLATE ascii_general_ci DEFAULT NULL,
  `IsDeleted` tinyint(1) NOT NULL,
  PRIMARY KEY (`Id`)
) ENGINE=InnoDB DEFAULT CHARSET=utf8mb4 COLLATE=utf8mb4_0900_ai_ci;

--
-- Dumping data for table `Senders`
--

INSERT INTO `Senders` VALUES ('00b439b9-f248-4081-9a84-7616890ccde0','Asociația \"Societatea Română de Epidemiologie\"','2024-07-04 12:05:35','1ab3bfb8-ee56-4922-b546-c8b3eef992b5','2024-07-04 12:05:34','00000000-0000-0000-0000-000000000000',NULL,NULL,0),('020d6467-6d23-4ad8-9165-c3a9db7a5a9b','Medical Ultrasonography','2024-01-25 14:07:00','1ab3bfb8-ee56-4922-b546-c8b3eef992b5','2024-01-25 14:06:59','00000000-0000-0000-0000-000000000000',NULL,NULL,0),('06bed81b-14d2-48b8-83b8-2e4439dacceb','Societatea Română de Rinologie','2024-02-28 11:20:12','1ab3bfb8-ee56-4922-b546-c8b3eef992b5','2024-02-28 11:20:11','00000000-0000-0000-0000-000000000000',NULL,NULL,0),('089dba00-7d85-4512-8c81-43fbf098077f','Asociația Română de Balneologie','2024-02-12 13:26:03','1ab3bfb8-ee56-4922-b546-c8b3eef992b5','2024-02-12 13:26:03','00000000-0000-0000-0000-000000000000',NULL,NULL,0),('08dc1599-0a95-4933-8713-8d9658edd975','Asociația Societatea Națională de Medicina Familiei / Medicină Generală (SNMF)','2024-01-15 07:10:24','29545750-1407-49d8-bcee-81fc70bfec86','2024-01-15 07:10:23','00000000-0000-0000-0000-000000000000',NULL,NULL,0),('08dc1599-0a9b-43c7-88d2-c1a2fa698e75','Facultatea de Medicină a Universității de Medicină şi Farmacie \"Victor Babeș\" Timișoara','2024-01-15 07:10:24','29545750-1407-49d8-bcee-81fc70bfec86','2024-01-15 07:10:23','00000000-0000-0000-0000-000000000000',NULL,NULL,0),('08dc1599-0a9b-483c-8db7-ee9d34696efc','Facultatea de Medicină a Universității de Medicină şi Farmacie \"Grigore T. Popa\" Iași','2024-01-15 07:10:24','29545750-1407-49d8-bcee-81fc70bfec86','2024-01-15 07:10:23','00000000-0000-0000-0000-000000000000',NULL,NULL,0),('08dc1599-0a9b-4cd9-8828-7ec6f7c57c2c','Facultatea de Medicină - Universitatea de Medicină, Farmacie, Științe și Tehnologie \"George Emil Palade\" din Târgu Mureş','2024-01-15 07:10:24','29545750-1407-49d8-bcee-81fc70bfec86','2024-01-15 07:10:23','00000000-0000-0000-0000-000000000000',NULL,NULL,0),('08dc1599-0a9c-40fd-8ddd-d62d1cac391b','Facultatea de Medicină a Universității de Medicină și Farmacie \"Iuliu Hațieganu\" Cluj-Napoca','2024-01-15 07:10:24','29545750-1407-49d8-bcee-81fc70bfec86','2024-01-15 07:10:23','00000000-0000-0000-0000-000000000000',NULL,NULL,0),('08dc1599-0a9c-45da-894f-652f4b0ac6c7','Facultatea de Medicină a Universității de Medicină și Farmacie \"Carol Davila\" București','2024-01-15 07:10:24','29545750-1407-49d8-bcee-81fc70bfec86','2024-01-15 07:10:23','00000000-0000-0000-0000-000000000000',NULL,NULL,0),('08dc1599-0a9c-4c77-8cf9-de89da814988','Asociația Medicilor de Familie București-Ilfov (AMFB)','2024-01-15 07:10:24','29545750-1407-49d8-bcee-81fc70bfec86','2024-01-15 07:10:23','00000000-0000-0000-0000-000000000000',NULL,NULL,0),('08dc1599-0a9d-4144-8644-38a479b70856','Societatea Română de Cardiologie','2024-01-15 07:10:24','29545750-1407-49d8-bcee-81fc70bfec86','2024-01-15 07:10:23','00000000-0000-0000-0000-000000000000',NULL,NULL,0),('08dc1599-0a9d-4622-870d-ce0a87439d1b','Societatea de Imagistica Sânului din România','2024-01-15 07:10:24','29545750-1407-49d8-bcee-81fc70bfec86','2024-01-15 07:10:23','00000000-0000-0000-0000-000000000000',NULL,NULL,0),('08dc1599-0a9d-4abd-82b4-5d6894d313d7','Asociația Română pentru Studiul Ultrasonografiei Clinice și Aplicative (ARSUS)','2024-01-15 07:10:24','29545750-1407-49d8-bcee-81fc70bfec86','2024-01-15 07:10:23','00000000-0000-0000-0000-000000000000',NULL,NULL,0),('08dc1599-0a9d-4fbf-83d0-0eb5d2abe0d3','Asociația Română pentru Chirurgie Endoscopică și Alte Tehnici Intervenționale (ARCE)','2024-01-15 07:10:24','29545750-1407-49d8-bcee-81fc70bfec86','2024-01-15 07:10:23','00000000-0000-0000-0000-000000000000',NULL,NULL,0),('08dc1599-0a9e-4479-8373-cc3381431aa0','Asociația Medicilor de Familie Sibiu','2024-01-15 07:10:24','29545750-1407-49d8-bcee-81fc70bfec86','2024-01-15 07:10:23','00000000-0000-0000-0000-000000000000',NULL,NULL,0),('08dc1599-0a9e-494f-803d-57a10f4306a0','Institutul Național pentru Sănătatea Mamei și Copilului \"Alessandrescu - Rusescu\" (INSMC)','2024-01-15 07:10:24','29545750-1407-49d8-bcee-81fc70bfec86','2024-01-15 07:10:23','00000000-0000-0000-0000-000000000000',NULL,NULL,0),('08dc1599-0a9e-4de2-865f-ece1ac2baad2','Societatea de Boli Infecțioase și HIV/SIDA','2024-01-15 07:10:24','29545750-1407-49d8-bcee-81fc70bfec86','2024-01-15 07:10:23','00000000-0000-0000-0000-000000000000',NULL,NULL,0),('08dc1599-0a9f-42ea-8873-84f0769287bf','Secția Națională Română a Uniunii Medicale Balcanice','2024-01-15 07:10:24','29545750-1407-49d8-bcee-81fc70bfec86','2024-01-15 07:10:23','00000000-0000-0000-0000-000000000000',NULL,NULL,0),('08dc1599-0a9f-481c-8758-f8942761c6a8','Facultatea de Medicină a Universității \"Transilvania\" din Brașov','2024-01-15 07:10:24','29545750-1407-49d8-bcee-81fc70bfec86','2024-01-15 07:10:23','00000000-0000-0000-0000-000000000000',NULL,NULL,0),('08dc1599-0a9f-4cfe-849a-4fe9592baa2b','Centrul Național Clinic de Recuperare Neuropsihomotorie Copii \"Dr. Nicolae Robănescu\"','2024-01-15 07:10:24','29545750-1407-49d8-bcee-81fc70bfec86','2024-01-15 07:10:23','00000000-0000-0000-0000-000000000000',NULL,NULL,0),('08dc1599-0aa0-4265-8b99-6bdfc678d8d5','Asociația Medicilor Medicină Generală - Medici de Familie Mureș','2024-01-15 07:10:24','29545750-1407-49d8-bcee-81fc70bfec86','2024-01-15 07:10:23','00000000-0000-0000-0000-000000000000',NULL,NULL,0),('08dc1599-0aa0-4779-87f7-e01d3188e956','Institutul Oncologic \"Prof. dr. Ion Chiricuță\" Cluj-Napoca','2024-01-15 07:10:24','29545750-1407-49d8-bcee-81fc70bfec86','2024-01-15 07:10:23','00000000-0000-0000-0000-000000000000',NULL,NULL,0),('08dc1599-0aa0-4cc5-89c3-803cc65bf032','Institutul Național de Endocrinologie \"C. I. Parhon\"','2024-01-15 07:10:24','29545750-1407-49d8-bcee-81fc70bfec86','2024-01-15 07:10:23','00000000-0000-0000-0000-000000000000',NULL,NULL,0),('08dc1599-0aa1-41d6-81c6-4f9b75802878','Institutul Național de Boli Infecțioase \"Prof. Dr. Matei Balș\"','2024-01-15 07:10:24','29545750-1407-49d8-bcee-81fc70bfec86','2024-01-15 07:10:23','00000000-0000-0000-0000-000000000000',NULL,NULL,0),('08dc1599-0aa1-4735-899e-fce2e7fd5b31','Asociația Profesioniștilor în Explorări Paraclinice Oftalmologice (A.P.E.P.O.)','2024-01-15 07:10:24','29545750-1407-49d8-bcee-81fc70bfec86','2024-01-15 07:10:23','00000000-0000-0000-0000-000000000000',NULL,NULL,0),('08dc1599-0aa1-4be6-8507-6633c76740ad','Societatea Română de Pneumologie ','2024-01-15 07:10:24','29545750-1407-49d8-bcee-81fc70bfec86','2024-01-15 07:10:23','00000000-0000-0000-0000-000000000000',NULL,NULL,0),('08dc1599-0aa2-404c-85d8-58d55e104872','Societatea Muzeului Ardelean, Secția de Științe Medicale și Farmaceutice','2024-01-15 07:10:24','29545750-1407-49d8-bcee-81fc70bfec86','2024-01-15 07:10:23','00000000-0000-0000-0000-000000000000',NULL,NULL,0),('08dc1599-0aa2-44a2-8db6-0ebabc8b59a8','Institutul de Fonoaudiologie și Chirurgie Funcțională O.R.L. \"Prof. Dr. D. Hociotă\"','2024-01-15 07:10:24','29545750-1407-49d8-bcee-81fc70bfec86','2024-01-15 07:10:23','00000000-0000-0000-0000-000000000000',NULL,NULL,0),('08dc1599-0aa2-4917-8f03-70c56576f9bb','Asociația Română pentru Educație Pediatrică în Medicină de Familie (AREPMF)','2024-01-15 07:10:24','29545750-1407-49d8-bcee-81fc70bfec86','2024-01-15 07:10:23','00000000-0000-0000-0000-000000000000',NULL,NULL,0),('08dc1599-0aa2-4de9-874e-43ac2d99c33d','Asociația Medicilor de Medicina Familiei / Medicină Generală Dâmbovița','2024-01-15 07:10:24','29545750-1407-49d8-bcee-81fc70bfec86','2024-01-15 07:10:23','00000000-0000-0000-0000-000000000000',NULL,NULL,0),('08dc1599-0aa3-42f6-81ca-8e9125dc2cad','Institutul Naţional de Management al Serviciilor de Sănătate','2024-01-15 07:10:24','29545750-1407-49d8-bcee-81fc70bfec86','2024-01-15 07:10:23','00000000-0000-0000-0000-000000000000',NULL,NULL,0),('08dc1599-0aa3-47d9-87ae-3ec63708c2d6','Asociația MEDICARD','2024-01-15 07:10:24','29545750-1407-49d8-bcee-81fc70bfec86','2024-01-15 07:10:23','00000000-0000-0000-0000-000000000000',NULL,NULL,0),('08dc1599-0aa3-4c17-8ed5-d190d1f8da55','Societatea Română de Medicină Internă','2024-01-15 07:10:24','29545750-1407-49d8-bcee-81fc70bfec86','2024-01-15 07:10:23','00000000-0000-0000-0000-000000000000',NULL,NULL,0),('08dc1599-0aa4-4010-8c2a-8ae101eac4b2','Societatea Română de Otorinolaringologie și Chirurgie Cervico-Faciala','2024-01-15 07:10:24','29545750-1407-49d8-bcee-81fc70bfec86','2024-01-15 07:10:23','00000000-0000-0000-0000-000000000000',NULL,NULL,0),('08dc1599-0aa4-4437-820c-2be1c0cab8b2','Societatea Română de Chirurgie și Ginecologie Oncologică','2024-01-15 07:10:24','29545750-1407-49d8-bcee-81fc70bfec86','2024-01-15 07:10:23','00000000-0000-0000-0000-000000000000',NULL,NULL,0),('08dc1599-0aa4-4823-8227-a9669dccf628','Societatea Română de Hematologie','2024-01-15 07:10:24','29545750-1407-49d8-bcee-81fc70bfec86','2024-01-15 07:10:23','00000000-0000-0000-0000-000000000000',NULL,NULL,0),('08dc1599-0aa4-4c23-81b5-218c208baa5e','Asociația Imunopedia','2024-01-15 07:10:24','29545750-1407-49d8-bcee-81fc70bfec86','2024-01-15 07:10:23','00000000-0000-0000-0000-000000000000',NULL,NULL,0),('08dc1599-0aa5-401c-86a4-db431860843d','Asociaţia pentru Tulburările de Somn la Copii şi Adolescenţi','2024-01-15 07:10:24','29545750-1407-49d8-bcee-81fc70bfec86','2024-01-15 07:10:23','00000000-0000-0000-0000-000000000000',NULL,NULL,0),('08dc1599-0aa5-4406-8e58-92a5423c818a','Asociația Uniunea Dermatologică Ieșeană','2024-01-15 07:10:24','29545750-1407-49d8-bcee-81fc70bfec86','2024-01-15 07:10:23','00000000-0000-0000-0000-000000000000',NULL,NULL,0),('08dc1599-0aa5-4817-807a-e92090ab14d8','Societatea Română de Neurogastroenterologie','2024-01-15 07:10:24','29545750-1407-49d8-bcee-81fc70bfec86','2024-01-15 07:10:23','00000000-0000-0000-0000-000000000000',NULL,NULL,0),('08dc1599-0aa5-4c1f-8104-2a4fb75d30b4','Facultatea de Medicină - Universitatea „Titu Maiorescu” București','2024-01-15 07:10:24','29545750-1407-49d8-bcee-81fc70bfec86','2024-01-15 07:10:23','00000000-0000-0000-0000-000000000000',NULL,NULL,0),('08dc1599-0aa6-4026-81ad-977e0a11de9e','Asociaţia Profesională a Medicilor de Familie / Medici Generaliști –  Vâlcea','2024-01-15 07:10:24','29545750-1407-49d8-bcee-81fc70bfec86','2024-01-15 07:10:23','00000000-0000-0000-0000-000000000000',NULL,NULL,0),('08dc1599-0aa6-440c-8b9a-e4377b03a25e','Asociația pentru Neurochirurgie \"Constantin Arseni\" (ANCA)','2024-01-15 07:10:24','29545750-1407-49d8-bcee-81fc70bfec86','2024-01-15 07:10:23','00000000-0000-0000-0000-000000000000','2024-01-22 11:23:07','4ff9f18c-a322-40b6-a7bb-e4414ab3ec2d',1),('08dc1599-0aa6-47fa-83e5-304d83483086','Asociația Română de Urologie','2024-01-15 07:10:24','29545750-1407-49d8-bcee-81fc70bfec86','2024-01-15 07:10:23','00000000-0000-0000-0000-000000000000',NULL,NULL,0),('08dc1599-0aa6-4bf4-8e50-62736eb18d0d','Asociația \"Societatea pentru Studiul Neuroprotecţiei şi Neuroplasticităţii\"','2024-01-15 07:10:24','29545750-1407-49d8-bcee-81fc70bfec86','2024-01-15 07:10:23','00000000-0000-0000-0000-000000000000',NULL,NULL,0),('08dc1599-0aa6-4fdc-8a17-d16bfacf3777','Societatea Națională de Transfuzie Sanguină din România','2024-01-15 07:10:24','29545750-1407-49d8-bcee-81fc70bfec86','2024-01-15 07:10:23','00000000-0000-0000-0000-000000000000',NULL,NULL,0),('08dc1599-0aa7-43f5-8089-0981b1296d26','Societatea Română de Endocrinologie','2024-01-15 07:10:24','29545750-1407-49d8-bcee-81fc70bfec86','2024-01-15 07:10:23','00000000-0000-0000-0000-000000000000',NULL,NULL,0),('08dc1599-0aa7-47d7-8e5f-4f5e249293ca','Societatea Națională Română de Boli Infecțioase','2024-01-15 07:10:24','29545750-1407-49d8-bcee-81fc70bfec86','2024-01-15 07:10:23','00000000-0000-0000-0000-000000000000',NULL,NULL,0),('08dc1599-0aa7-4bd2-82c8-c45897ddef4e','Asociația Societatea Română de Boli Tropicale și Medicina Călătoriei','2024-01-15 07:10:24','29545750-1407-49d8-bcee-81fc70bfec86','2024-01-15 07:10:23','00000000-0000-0000-0000-000000000000',NULL,NULL,0),('08dc1599-0aa7-4fbc-8391-7cc605f186cf','Asociația Societatea Română de Nutriție Enterală și Parenterală (SRNEP) - ROSPEN','2024-01-15 07:10:24','29545750-1407-49d8-bcee-81fc70bfec86','2024-01-15 07:10:23','00000000-0000-0000-0000-000000000000',NULL,NULL,0),('08dc1599-0aa8-43a0-8c00-7238411e001d','Institutul Naţional de Recuperare, Medicină Fizică şi Balneoclimatologie (INRMFB)','2024-01-15 07:10:24','29545750-1407-49d8-bcee-81fc70bfec86','2024-01-15 07:10:23','00000000-0000-0000-0000-000000000000',NULL,NULL,0),('08dc1599-0aa8-47a2-8fd7-c4325c3dec40','Asociația Organizația Tinerilor Medici Cluj','2024-01-15 07:10:24','29545750-1407-49d8-bcee-81fc70bfec86','2024-01-15 07:10:23','00000000-0000-0000-0000-000000000000',NULL,NULL,0),('08dc1599-0aa8-4ba2-8dcf-84e85aee876e','Asociația Societatea Română de Chirurgie Estetică (SRCE)','2024-01-15 07:10:24','29545750-1407-49d8-bcee-81fc70bfec86','2024-01-15 07:10:23','00000000-0000-0000-0000-000000000000',NULL,NULL,0),('08dc1599-0aa8-4fc6-878b-effaff53088d','Asociația Română de Psihiatrie și Psihiatrie Pediatrică','2024-01-15 07:10:24','29545750-1407-49d8-bcee-81fc70bfec86','2024-01-15 07:10:23','00000000-0000-0000-0000-000000000000',NULL,NULL,0),('08dc1599-0aa9-43ac-8d31-47571a28805f','Asociaţia Societatea Medicilor de Medicina Familiei - Medicină Generală a Județului Arad','2024-01-15 07:10:24','29545750-1407-49d8-bcee-81fc70bfec86','2024-01-15 07:10:23','00000000-0000-0000-0000-000000000000',NULL,NULL,0),('08dc1599-0aa9-478f-84cb-20d8fe6d0583','Asociația pentru Neurochirurgie \"Constantin Arseni\" (ANCA)','2024-01-15 07:10:24','29545750-1407-49d8-bcee-81fc70bfec86','2024-01-15 07:10:23','00000000-0000-0000-0000-000000000000',NULL,NULL,0),('08dc1599-0aa9-4bc2-8744-40e14a6f010e','Asociația Societatea Română de Audiologie și Patologie a Comunicării','2024-01-15 07:10:24','29545750-1407-49d8-bcee-81fc70bfec86','2024-01-15 07:10:23','00000000-0000-0000-0000-000000000000',NULL,NULL,0),('08dc1599-0aa9-4fab-8ff1-253a48bf83e8','Asociația pentru Afecțiuni Hepatice (RoALD)','2024-01-15 07:10:24','29545750-1407-49d8-bcee-81fc70bfec86','2024-01-15 07:10:23','00000000-0000-0000-0000-000000000000',NULL,NULL,0),('08dc1599-0aaa-43ac-8681-ac09a8a87965','Asociația Medicilor Oncologi (AMECRO)','2024-01-15 07:10:24','29545750-1407-49d8-bcee-81fc70bfec86','2024-01-15 07:10:23','00000000-0000-0000-0000-000000000000',NULL,NULL,0),('08dc1599-0aaa-47ec-8c79-701dc59b36af','Federaţia Română de Diabet, Nutriţie şi Boli Metabolice (FRDNBM)','2024-01-15 07:10:24','29545750-1407-49d8-bcee-81fc70bfec86','2024-01-15 07:10:23','00000000-0000-0000-0000-000000000000',NULL,NULL,0),('08dc1599-0aaa-4bf2-8c8b-43d5fac9febc','Societatea de Medicină de Urgență și Catastrofă din România - Filiala Cluj (SMUCR CLUJ)','2024-01-15 07:10:24','29545750-1407-49d8-bcee-81fc70bfec86','2024-01-15 07:10:23','00000000-0000-0000-0000-000000000000',NULL,NULL,0),('08dc1599-0aaa-4ffe-837a-7714c540afe8','Asociaţia de Neonatologie din România','2024-01-15 07:10:24','29545750-1407-49d8-bcee-81fc70bfec86','2024-01-15 07:10:23','00000000-0000-0000-0000-000000000000',NULL,NULL,0),('08dc1599-0aab-43e2-8b25-941448d16473','Societatea Națională de Medicină Generală din România – Filiala Dolj','2024-01-15 07:10:24','29545750-1407-49d8-bcee-81fc70bfec86','2024-01-15 07:10:23','00000000-0000-0000-0000-000000000000',NULL,NULL,0),('08dc1599-0aab-4ace-8b3a-773d287f309a','Facultatea de Medicină din cadrul Universității \"Lucian Blaga\" din Sibiu','2024-01-15 07:10:24','29545750-1407-49d8-bcee-81fc70bfec86','2024-01-15 07:10:23','00000000-0000-0000-0000-000000000000',NULL,NULL,0),('08dc1599-0aad-4744-83b6-3b1f4618a6d5','Asociația Societatea de Neurologie din România','2024-01-15 07:10:24','29545750-1407-49d8-bcee-81fc70bfec86','2024-01-15 07:10:23','00000000-0000-0000-0000-000000000000',NULL,NULL,0),('08dc1599-0aae-4ea8-81f5-d0cbcb821f7f','Asociația pentru Studii Reno-Metabolice și Nutriționale (ASRMN)','2024-01-15 07:10:24','29545750-1407-49d8-bcee-81fc70bfec86','2024-01-15 07:10:23','00000000-0000-0000-0000-000000000000',NULL,NULL,0),('08dc1599-0aaf-433c-8cd9-7e1abec524be','Facultatea de Medicină din cadrul Universității Dunărea de Jos din Galați','2024-01-15 07:10:24','29545750-1407-49d8-bcee-81fc70bfec86','2024-01-15 07:10:23','00000000-0000-0000-0000-000000000000',NULL,NULL,0),('08dc1599-0aaf-47bb-8cd7-76ca42e6611f','Societatea Română de Chirurgie Pediatrică','2024-01-15 07:10:24','29545750-1407-49d8-bcee-81fc70bfec86','2024-01-15 07:10:23','00000000-0000-0000-0000-000000000000','2024-01-22 11:23:15','4ff9f18c-a322-40b6-a7bb-e4414ab3ec2d',1),('08dc1599-0aaf-4c6d-8c41-84caa5c90325','Societatea Română de Artroscopie şi Traumatologie Sportivă','2024-01-15 07:10:24','29545750-1407-49d8-bcee-81fc70bfec86','2024-01-15 07:10:23','00000000-0000-0000-0000-000000000000',NULL,NULL,0),('08dc1599-0ab0-4223-8f33-9a03b72b36b4','Societatea Română de Diabet, Nutriţie şi Endocrinologie Pediatrică (ENDOPED)','2024-01-15 07:10:24','29545750-1407-49d8-bcee-81fc70bfec86','2024-01-15 07:10:23','00000000-0000-0000-0000-000000000000',NULL,NULL,0),('08dc1599-0ab0-47d5-8126-37af079b6ba8','Asociația Română de Psihiatrie a Copilului și Adolescentului și Profesii Asociate (ARPCAPA)','2024-01-15 07:10:24','29545750-1407-49d8-bcee-81fc70bfec86','2024-01-15 07:10:23','00000000-0000-0000-0000-000000000000',NULL,NULL,0),('08dc1599-0ab0-4d0c-8fae-4246de792571','Institutul Național de Cercetare - Dezvoltare în Domeniul Patologiei și Științelor Biomedicale \"Victor Babeș\" ','2024-01-15 07:10:24','29545750-1407-49d8-bcee-81fc70bfec86','2024-01-15 07:10:23','00000000-0000-0000-0000-000000000000',NULL,NULL,0),('08dc1599-0ab1-4256-815f-dca1113067fc','Asociația UROGYN','2024-01-15 07:10:24','29545750-1407-49d8-bcee-81fc70bfec86','2024-01-15 07:10:23','00000000-0000-0000-0000-000000000000',NULL,NULL,0),('08dc1599-0ab1-4734-893e-3c0e6d09f515','Asociația Societatea Română de Estetică Ginecologică (SREG)','2024-01-15 07:10:24','29545750-1407-49d8-bcee-81fc70bfec86','2024-01-15 07:10:23','00000000-0000-0000-0000-000000000000',NULL,NULL,0),('08dc1599-0ab1-4cb4-8b00-ee1e26c8673d','Alianța Română de Prevenție a Suicidului','2024-01-15 07:10:24','29545750-1407-49d8-bcee-81fc70bfec86','2024-01-15 07:10:23','00000000-0000-0000-0000-000000000000',NULL,NULL,0),('08dc1599-0ab2-4233-88bb-ced0ab807894','Institutul de Medicină Legală Iași','2024-01-15 07:10:24','29545750-1407-49d8-bcee-81fc70bfec86','2024-01-15 07:10:23','00000000-0000-0000-0000-000000000000',NULL,NULL,0),('08dc1599-0ab2-4883-8860-46eda35939ed','Asociaţia Română pentru Studiul Obezităţii (ARSO)','2024-01-15 07:10:24','29545750-1407-49d8-bcee-81fc70bfec86','2024-01-15 07:10:23','00000000-0000-0000-0000-000000000000',NULL,NULL,0),('08dc1599-0ab2-4d81-8b53-1c5fa9970670','Societatea Română de Foniatrie','2024-01-15 07:10:24','29545750-1407-49d8-bcee-81fc70bfec86','2024-01-15 07:10:23','00000000-0000-0000-0000-000000000000',NULL,NULL,0),('08dc1599-0ab3-431e-825e-bfc19bc913e8','Asociaţia Serviciul pentru Asistenţă în Situaţii Speciale - SARTISS','2024-01-15 07:10:24','29545750-1407-49d8-bcee-81fc70bfec86','2024-01-15 07:10:23','00000000-0000-0000-0000-000000000000',NULL,NULL,0),('08dc1599-0ab3-4859-84db-354377c8a6ff','Asociația Centrul de Training și Cercetare \"Prof. Dr. Sergiu Duca\"','2024-01-15 07:10:24','29545750-1407-49d8-bcee-81fc70bfec86','2024-01-15 07:10:23','00000000-0000-0000-0000-000000000000',NULL,NULL,0),('08dc1599-0ab3-4dbd-825c-9e8b86db600c','Facultatea de Medicină a Universității de Medicină și Farmacie din Craiova','2024-01-15 07:10:24','29545750-1407-49d8-bcee-81fc70bfec86','2024-01-15 07:10:23','00000000-0000-0000-0000-000000000000',NULL,NULL,0),('08dc1599-0ab4-4252-8fc5-4b23f33b9898','Asociația \"Sănătate și Educație\"','2024-01-15 07:10:24','29545750-1407-49d8-bcee-81fc70bfec86','2024-01-15 07:10:23','00000000-0000-0000-0000-000000000000',NULL,NULL,0),('08dc1599-0ab4-465b-8c1f-1c175b5909fb','Institutul Național de Sănătate Publică','2024-01-15 07:10:24','29545750-1407-49d8-bcee-81fc70bfec86','2024-01-15 07:10:23','00000000-0000-0000-0000-000000000000',NULL,NULL,0),('08dc1599-0ab4-4a72-8276-52f2b4eee03c','Institutul de Pneumoftiziologie \"Marius Nasta\"','2024-01-15 07:10:24','29545750-1407-49d8-bcee-81fc70bfec86','2024-01-15 07:10:23','00000000-0000-0000-0000-000000000000',NULL,NULL,0),('08dc1599-0ab4-4e70-8e42-64f31d966d6f','Societatea Română de Microbiologie','2024-01-15 07:10:24','29545750-1407-49d8-bcee-81fc70bfec86','2024-01-15 07:10:23','00000000-0000-0000-0000-000000000000',NULL,NULL,0),('08dc1599-0ab5-427e-8199-f30bf52a3632','Asociatia Romana de Dermatologie si Venerologie (ARDV)','2024-01-15 07:10:24','29545750-1407-49d8-bcee-81fc70bfec86','2024-01-15 07:10:23','00000000-0000-0000-0000-000000000000',NULL,NULL,0),('08dc1599-0ab5-46b0-8dc4-f4d9e2bcd0b2','Societatea Română de Medicină Preventivă','2024-01-15 07:10:24','29545750-1407-49d8-bcee-81fc70bfec86','2024-01-15 07:10:23','00000000-0000-0000-0000-000000000000',NULL,NULL,0),('08dc1599-0ab5-4ac4-8630-a2e42b7a83ea','Facultatea de Medicină din cadrul Universității „Ovidius” din Constanța','2024-01-15 07:10:24','29545750-1407-49d8-bcee-81fc70bfec86','2024-01-15 07:10:23','00000000-0000-0000-0000-000000000000',NULL,NULL,0),('08dc1599-0ab5-4ee2-848b-0bbf9258e7dc','Asociația Română de Dermatologie Pediatrică','2024-01-15 07:10:24','29545750-1407-49d8-bcee-81fc70bfec86','2024-01-15 07:10:23','00000000-0000-0000-0000-000000000000',NULL,NULL,0),('08dc1599-0ab6-42de-8532-9358e2c08934','Societatea Română de Strabologie și Oftalmopediatrie (SRSOP)','2024-01-15 07:10:24','29545750-1407-49d8-bcee-81fc70bfec86','2024-01-15 07:10:23','00000000-0000-0000-0000-000000000000',NULL,NULL,0),('08dc1599-0ab6-4701-87a2-2a0097a4ced0','Societatea Română de Chirurgie','2024-01-15 07:10:24','29545750-1407-49d8-bcee-81fc70bfec86','2024-01-15 07:10:23','00000000-0000-0000-0000-000000000000',NULL,NULL,0),('08dc1599-0ab6-4c16-8cac-86b656de3908','Asociația ARTERRA EDU','2024-01-15 07:10:24','29545750-1407-49d8-bcee-81fc70bfec86','2024-01-15 07:10:23','00000000-0000-0000-0000-000000000000',NULL,NULL,0),('08dc1599-0ab7-420c-8333-c3bb7dddbf36','Societatea Română de Medicină Preventivă','2024-01-15 07:10:24','29545750-1407-49d8-bcee-81fc70bfec86','2024-01-15 07:10:23','00000000-0000-0000-0000-000000000000',NULL,NULL,0),('08dc1599-0ab7-4774-80c0-06cc04a846af','Asociația Societatea Română de Medicină Hiperbară','2024-01-15 07:10:24','29545750-1407-49d8-bcee-81fc70bfec86','2024-07-25 07:48:27','1ab3bfb8-ee56-4922-b546-c8b3eef992b5',NULL,NULL,0),('08dc1599-0ab7-4cab-8a60-e4c5916f0997','PANGEEA - Asociația de Medicină Materno-Fetală','2024-01-15 07:10:24','29545750-1407-49d8-bcee-81fc70bfec86','2024-01-15 07:10:23','00000000-0000-0000-0000-000000000000',NULL,NULL,0),('08dc1599-0ab8-420c-84a2-c892ee526de2','Societatea Română de Reumatologie','2024-01-15 07:10:24','29545750-1407-49d8-bcee-81fc70bfec86','2024-01-15 07:10:23','00000000-0000-0000-0000-000000000000',NULL,NULL,0),('08dc1599-0ab8-47b7-8ded-fd282f27ce56','Asociația Balcanică pentru Acces Vascular (BAVA)','2024-01-15 07:10:24','29545750-1407-49d8-bcee-81fc70bfec86','2024-01-15 07:10:23','00000000-0000-0000-0000-000000000000',NULL,NULL,0),('08dc1599-0ab8-4c8b-8b70-270aa5e5a2f3','Societatea Română de Gerontologie și Geriatrie','2024-01-15 07:10:24','29545750-1407-49d8-bcee-81fc70bfec86','2024-01-15 07:10:23','00000000-0000-0000-0000-000000000000',NULL,NULL,0),('08dc1599-0ab9-4201-850f-bd96dfcdc702','Societatea de Medicină Aeronautică din România (SMAR)','2024-01-15 07:10:24','29545750-1407-49d8-bcee-81fc70bfec86','2024-01-15 07:10:23','00000000-0000-0000-0000-000000000000',NULL,NULL,0),('08dc1599-0ab9-472d-86e1-4d880c49bba7','Societatea Academică de Medicina Familiei (SAMF)','2024-01-15 07:10:24','29545750-1407-49d8-bcee-81fc70bfec86','2024-01-15 07:10:23','00000000-0000-0000-0000-000000000000',NULL,NULL,0),('08dc1599-0ab9-4c35-8ad4-9f43d1bf8c24','Asociația Societatea Română de Cataractă și Chirurgie Refractivă','2024-01-15 07:10:24','29545750-1407-49d8-bcee-81fc70bfec86','2024-01-15 07:10:23','00000000-0000-0000-0000-000000000000',NULL,NULL,0),('08dc1599-0aba-4133-8a4e-a81d1e726672','Asociația Societatea Română Retina','2024-01-15 07:10:24','29545750-1407-49d8-bcee-81fc70bfec86','2024-01-15 07:10:23','00000000-0000-0000-0000-000000000000',NULL,NULL,0),('08dc1599-0aba-4a8e-823e-2a45a65675fb','Societatea Română de Expertiză Medicală și Reabilitare a Capacității de Muncă','2024-01-15 07:10:24','29545750-1407-49d8-bcee-81fc70bfec86','2024-01-15 07:10:23','00000000-0000-0000-0000-000000000000',NULL,NULL,0),('08dc1599-0abb-4023-8612-202f8256a4bc','Asociația Societatea Transdisciplinară de Oncologie Personalizată pentru Combaterea Cancerului','2024-01-15 07:10:24','29545750-1407-49d8-bcee-81fc70bfec86','2024-01-15 07:10:23','00000000-0000-0000-0000-000000000000',NULL,NULL,0),('08dc1599-0abb-45f3-8737-7102ddf26891','Societatea Română Împotriva Epilepsiei','2024-01-15 07:10:24','29545750-1407-49d8-bcee-81fc70bfec86','2024-01-15 07:10:23','00000000-0000-0000-0000-000000000000',NULL,NULL,0),('08dc1599-0abb-49fa-83d4-3d682a0c9b31','Asociaţia Medicilor de Familie \"Tomis\" Constanţa','2024-01-15 07:10:24','29545750-1407-49d8-bcee-81fc70bfec86','2024-01-15 07:10:23','00000000-0000-0000-0000-000000000000',NULL,NULL,0),('08dc1599-0abb-4e09-8a96-6caa6cd0b6d9','Asociația de Citometrie din România','2024-01-15 07:10:24','29545750-1407-49d8-bcee-81fc70bfec86','2024-01-15 07:10:23','00000000-0000-0000-0000-000000000000',NULL,NULL,0),('08dc1599-0abc-41f7-8def-e6e23dec1d82','Societatea Română de Medicina Muncii','2024-01-15 07:10:24','29545750-1407-49d8-bcee-81fc70bfec86','2024-01-15 07:10:23','00000000-0000-0000-0000-000000000000',NULL,NULL,0),('08dc1599-0abc-48c7-8a04-8d5d0fb64127','Societatea Română de Chirurgie Vasculară','2024-01-15 07:10:24','29545750-1407-49d8-bcee-81fc70bfec86','2024-01-15 07:10:23','00000000-0000-0000-0000-000000000000',NULL,NULL,0),('08dc1599-0abc-4cb2-8372-15e4d6a25e37','Academia de Științe Medicale','2024-01-15 07:10:24','29545750-1407-49d8-bcee-81fc70bfec86','2024-01-15 07:10:23','00000000-0000-0000-0000-000000000000',NULL,NULL,0),('08dc1599-0abd-40b2-8afa-1b58f26f547d','Asociația Medicilor Rezidenți','2024-01-15 07:10:24','29545750-1407-49d8-bcee-81fc70bfec86','2024-01-15 07:10:23','00000000-0000-0000-0000-000000000000',NULL,NULL,0),('08dc1599-0abd-44b9-87e9-0bf36200a6a8','Societatea Română pentru Studiul și Tratamentul Limfedemului','2024-01-15 07:10:24','29545750-1407-49d8-bcee-81fc70bfec86','2024-01-15 07:10:23','00000000-0000-0000-0000-000000000000',NULL,NULL,0),('08dc1599-0abd-4899-8154-8d5249014683','Centrul Național de Sănătate Mintală și Luptă Antidrog (CNSMLA)','2024-01-15 07:10:24','29545750-1407-49d8-bcee-81fc70bfec86','2024-01-15 07:10:23','00000000-0000-0000-0000-000000000000',NULL,NULL,0),('08dc1599-0abd-4cc9-8b41-61c0ff107569','Societatea Academică de Ultrasonografie Clinică (SAUC)','2024-01-15 07:10:24','29545750-1407-49d8-bcee-81fc70bfec86','2024-01-15 07:10:23','00000000-0000-0000-0000-000000000000',NULL,NULL,0),('08dc1599-0abe-40a6-8091-cad0181925ce','Asociația Societatea Română Retina','2024-01-15 07:10:24','29545750-1407-49d8-bcee-81fc70bfec86','2024-01-15 07:10:23','00000000-0000-0000-0000-000000000000',NULL,NULL,0),('08dc1599-0abe-44d4-8b6f-e1f73fdf3f01','Asociația Medicală Română (AMR)','2024-01-15 07:10:24','29545750-1407-49d8-bcee-81fc70bfec86','2024-01-15 07:10:23','00000000-0000-0000-0000-000000000000',NULL,NULL,0),('08dc1599-0abe-48c1-816d-eb6266528bdf','Asociația Dermatologilor din Oltenia','2024-01-15 07:10:24','29545750-1407-49d8-bcee-81fc70bfec86','2024-01-15 07:10:23','00000000-0000-0000-0000-000000000000',NULL,NULL,0),('08dc1599-0abe-4cc2-8565-e2752161afc8','Asociația Timpath','2024-01-15 07:10:24','29545750-1407-49d8-bcee-81fc70bfec86','2024-01-15 07:10:23','00000000-0000-0000-0000-000000000000',NULL,NULL,0),('08dc1599-0abf-44a2-84bd-e856a025af04','Institutul Oncologic \"Prof Dr. Alexandru Trestioreanu\" București','2024-01-15 07:10:24','29545750-1407-49d8-bcee-81fc70bfec86','2024-01-15 07:10:23','00000000-0000-0000-0000-000000000000',NULL,NULL,0),('08dc1599-0abf-4941-8fcd-2b82f04b578b','Societatea Română de Medicină Sportivă','2024-01-15 07:10:24','29545750-1407-49d8-bcee-81fc70bfec86','2024-01-15 07:10:23','00000000-0000-0000-0000-000000000000',NULL,NULL,0),('08dc1599-0abf-4d43-806d-b46febd4f14d','Societatea Română de Nefrologie','2024-01-15 07:10:24','29545750-1407-49d8-bcee-81fc70bfec86','2024-01-15 07:10:23','00000000-0000-0000-0000-000000000000',NULL,NULL,0),('08dc1599-0ac0-4139-8f55-ac4c3ca39883','Societatea Română de Flebologie','2024-01-15 07:10:24','29545750-1407-49d8-bcee-81fc70bfec86','2024-01-15 07:10:23','00000000-0000-0000-0000-000000000000',NULL,NULL,0),('08dc1599-0ac0-4557-89e6-8b6b58eea908','Asociația Profesională a Medicilor de Familie Brăila','2024-01-15 07:10:24','29545750-1407-49d8-bcee-81fc70bfec86','2024-01-15 07:10:23','00000000-0000-0000-0000-000000000000',NULL,NULL,0),('08dc1599-0ac0-4961-866c-dc3a6a40050d','Asociația Societatea Română de Colposcopie și Patologie Cervicală','2024-01-15 07:10:24','29545750-1407-49d8-bcee-81fc70bfec86','2024-01-15 07:10:23','00000000-0000-0000-0000-000000000000',NULL,NULL,0),('08dc1599-0ac0-4d5d-8186-d6cfabf9dc38','Societatea Națională de Oncologie Medicală din România','2024-01-15 07:10:24','29545750-1407-49d8-bcee-81fc70bfec86','2024-01-15 07:10:23','00000000-0000-0000-0000-000000000000',NULL,NULL,0),('08dc1599-0ac1-4151-8bfe-17e50784a0d1','Centrul Naţional de Studii pentru Medicina Familiei (CNSMF)','2024-01-15 07:10:24','29545750-1407-49d8-bcee-81fc70bfec86','2024-01-15 07:10:23','00000000-0000-0000-0000-000000000000',NULL,NULL,0),('08dc1599-0ac1-4533-859a-c663aedb6f82','Societatea Română de Diabet, Nutriţie şi Boli Metabolice','2024-01-15 07:10:24','29545750-1407-49d8-bcee-81fc70bfec86','2024-01-15 07:10:23','00000000-0000-0000-0000-000000000000',NULL,NULL,0),('08dc1599-0ac1-492c-8446-33904d2214c9','Societatea Română de Gastroenterologie și Hepatologie (SRGH)','2024-01-15 07:10:24','29545750-1407-49d8-bcee-81fc70bfec86','2024-01-15 07:10:23','00000000-0000-0000-0000-000000000000',NULL,NULL,0),('08dc1599-0ac1-4de1-8347-3daae9c71016','Asociația Română de Psihiatrie și Psihoterapie (ARPP)','2024-01-15 07:10:24','29545750-1407-49d8-bcee-81fc70bfec86','2024-01-15 07:10:23','00000000-0000-0000-0000-000000000000',NULL,NULL,0),('08dc1599-0ac2-4246-8d41-2c9acb50c0c6','Asociația ”Societatea Română de Flebologie”','2024-01-15 07:10:24','29545750-1407-49d8-bcee-81fc70bfec86','2024-01-15 07:10:23','00000000-0000-0000-0000-000000000000',NULL,NULL,0),('08dc1599-0ac2-4662-82c6-167d800efe51','Asociația Română de Studiu a Personalității','2024-01-15 07:10:24','29545750-1407-49d8-bcee-81fc70bfec86','2024-01-15 07:10:23','00000000-0000-0000-0000-000000000000',NULL,NULL,0),('08dc1599-0ac2-4aa8-8d88-1ccf05f0893f','Societatea Română de Hipertensiune ','2024-01-15 07:10:24','29545750-1407-49d8-bcee-81fc70bfec86','2024-01-15 07:10:23','00000000-0000-0000-0000-000000000000',NULL,NULL,0),('08dc1599-0ac2-4ee4-8760-4fd69014dc5d','Asociația de Medicină de Laborator din România (AMLR)','2024-01-15 07:10:24','29545750-1407-49d8-bcee-81fc70bfec86','2024-01-15 07:10:23','00000000-0000-0000-0000-000000000000',NULL,NULL,0),('08dc1599-0ac3-42ee-86a2-06e2076fe8e9','Societatea Română de Ultrasonografie în Obstetrică şi Ginecologie (SRUOG)','2024-01-15 07:10:24','29545750-1407-49d8-bcee-81fc70bfec86','2024-01-15 07:10:23','00000000-0000-0000-0000-000000000000',NULL,NULL,0),('08dc1599-0ac3-472f-8c83-1e6fdcff40e6','Asociația Română pentru Educație Medicală (AREM)','2024-01-15 07:10:24','29545750-1407-49d8-bcee-81fc70bfec86','2024-01-15 07:10:23','00000000-0000-0000-0000-000000000000',NULL,NULL,0),('08dc1599-0ac3-4b8e-820f-85d37126c1bd','Asociația Societatea de Neurofiziologie și Electrodiagnostic din România (ASNER)','2024-01-15 07:10:24','29545750-1407-49d8-bcee-81fc70bfec86','2024-01-15 07:10:23','00000000-0000-0000-0000-000000000000',NULL,NULL,0),('08dc1599-0ac3-4fcc-897e-3fc4ef625fc3','Asociația pentru Studiul Tumorilor Neuroendocrine din România','2024-01-15 07:10:24','29545750-1407-49d8-bcee-81fc70bfec86','2024-01-15 07:10:23','00000000-0000-0000-0000-000000000000',NULL,NULL,0),('08dc1599-0ac4-43fc-8cae-2b2dfcaef391','Facultatea de Medicină a Universității de Medicină și Farmacie din Oradea','2024-01-15 07:10:24','29545750-1407-49d8-bcee-81fc70bfec86','2024-01-15 07:10:23','00000000-0000-0000-0000-000000000000',NULL,NULL,0),('08dc1599-0ac4-4890-894d-74a224d5b048','Societatea de Medicină Legală din România (SMLR)','2024-01-15 07:10:24','29545750-1407-49d8-bcee-81fc70bfec86','2024-01-15 07:10:23','00000000-0000-0000-0000-000000000000',NULL,NULL,0),('08dc1599-0ac4-4dd8-8510-5e66eaf3b20f','Asociația Medicilor Infecționiști Mureș','2024-01-15 07:10:24','29545750-1407-49d8-bcee-81fc70bfec86','2024-01-15 07:10:23','00000000-0000-0000-0000-000000000000',NULL,NULL,0),('08dc1599-0ac5-43ad-8262-8bfb80ffef4a','Consiliul Național Român de Resuscitare (CNRR)','2024-01-15 07:10:24','29545750-1407-49d8-bcee-81fc70bfec86','2024-01-15 07:10:23','00000000-0000-0000-0000-000000000000',NULL,NULL,0),('08dc1599-0ac5-499b-85b5-83a67d4378eb','Institutul de Urgență pentru Boli Cardiovasculare \"Prof. Dr. C.C. Iliescu\"','2024-01-15 07:10:24','29545750-1407-49d8-bcee-81fc70bfec86','2024-01-15 07:10:23','00000000-0000-0000-0000-000000000000',NULL,NULL,0),('08dc1599-0ac5-4e66-8ec1-5a132e0a58cf','Societatea Română de Dermato-Oncologie','2024-01-15 07:10:24','29545750-1407-49d8-bcee-81fc70bfec86','2024-01-15 07:10:23','00000000-0000-0000-0000-000000000000',NULL,NULL,0),('08dc1599-0ac6-42f7-857f-f3a9e4821feb','Asociația de Studiu Interdisciplinar în Domeniul Medicinei de Urgență - ASIDU','2024-01-15 07:10:24','29545750-1407-49d8-bcee-81fc70bfec86','2024-01-15 07:10:23','00000000-0000-0000-0000-000000000000',NULL,NULL,0),('08dc1599-0ac6-4871-81de-9b01cc70aa0d','Societatea Română de Radioterapie (SRR)','2024-01-15 07:10:24','29545750-1407-49d8-bcee-81fc70bfec86','2024-01-15 07:10:23','00000000-0000-0000-0000-000000000000',NULL,NULL,0),('08dc1599-0ac6-4d2b-88ca-a0bf984727fb','Societatea Română de Neurologie Pediatrică (SRNP)','2024-01-15 07:10:24','29545750-1407-49d8-bcee-81fc70bfec86','2024-01-15 07:10:23','00000000-0000-0000-0000-000000000000',NULL,NULL,0),('08dc1599-0ac7-4148-8781-08e6b4b0465e','Asociatia pentru Cercetare în Anestezie și Terapie Intensivă','2024-01-15 07:10:24','29545750-1407-49d8-bcee-81fc70bfec86','2024-01-15 07:10:23','00000000-0000-0000-0000-000000000000',NULL,NULL,0),('08dc1599-0ac7-4554-891c-7ca7211cd0bc','Asociația Societatea de Uroginecologie din România','2024-01-15 07:10:24','29545750-1407-49d8-bcee-81fc70bfec86','2024-01-15 07:10:23','00000000-0000-0000-0000-000000000000',NULL,NULL,0),('08dc1599-0ac7-4963-8dfa-674ef9983860','Societatea de Radiologie și Imagistică Medicală din România (SRIM)','2024-01-15 07:10:24','29545750-1407-49d8-bcee-81fc70bfec86','2024-01-15 07:10:23','00000000-0000-0000-0000-000000000000',NULL,NULL,0),('08dc1599-0ac7-4d74-8f50-5b97f58c2bf4','Asociația Română de Chirurgie Hepato-Bilio-Pancreatică și Transplant Hepatic','2024-01-15 07:10:24','29545750-1407-49d8-bcee-81fc70bfec86','2024-01-15 07:10:23','00000000-0000-0000-0000-000000000000',NULL,NULL,0),('08dc1599-0ac8-4192-866e-d0a2e2f942bd','Asociația Societatea Română de Chirurgie a Sânului și Oncologie','2024-01-15 07:10:24','29545750-1407-49d8-bcee-81fc70bfec86','2024-01-15 07:10:23','00000000-0000-0000-0000-000000000000',NULL,NULL,0),('08dc1599-0ac8-45cb-83a7-1da4bbbdf372','Societatea Română de Endoscopie Digestivă','2024-01-15 07:10:24','29545750-1407-49d8-bcee-81fc70bfec86','2024-01-15 07:10:23','00000000-0000-0000-0000-000000000000',NULL,NULL,0),('08dc1599-0ac8-49f5-8ab4-732e1ac6e6cc','Asociația pentru Ecografie Mureș','2024-01-15 07:10:24','29545750-1407-49d8-bcee-81fc70bfec86','2024-01-18 11:13:48','4ff9f18c-a322-40b6-a7bb-e4414ab3ec2d',NULL,NULL,0),('08dc1599-0ac8-4e27-889f-b0aa554ab081','Asociația de Medicină de Urgență și Dezastre (AMUD)','2024-01-15 07:10:24','29545750-1407-49d8-bcee-81fc70bfec86','2024-01-15 07:10:23','00000000-0000-0000-0000-000000000000',NULL,NULL,0),('08dc1599-0ac9-4225-87cc-6c9a0bd7e44e','Asociația Medicilor din Rădăuți','2024-01-15 07:10:24','29545750-1407-49d8-bcee-81fc70bfec86','2024-01-15 07:10:23','00000000-0000-0000-0000-000000000000',NULL,NULL,0),('08dc1599-0ac9-4668-88d2-ba5bf8d43f0c','Asociația Societatea de Medicină de Voiaj','2024-01-15 07:10:24','29545750-1407-49d8-bcee-81fc70bfec86','2024-01-15 07:10:23','00000000-0000-0000-0000-000000000000',NULL,NULL,0),('08dc1599-0ac9-4a4e-8b3b-5b5e0c917ec6','Asociația Societatea de  Imagistică ORL din România','2024-01-15 07:10:24','29545750-1407-49d8-bcee-81fc70bfec86','2024-01-15 07:10:23','00000000-0000-0000-0000-000000000000',NULL,NULL,0),('08dc1599-0ac9-4fa4-8e3c-b3e6daaa5c86','Asociaţia  Psihiatrică \"Mircea Lăzărescu\" Timişoara','2024-01-15 07:10:24','29545750-1407-49d8-bcee-81fc70bfec86','2024-01-15 07:10:23','00000000-0000-0000-0000-000000000000',NULL,NULL,0),('08dc1599-0aca-43cb-8bb7-991c6cb17a06','Asociația Societatea Română de Alergologie și Imunologie Clinică ','2024-01-15 07:10:24','29545750-1407-49d8-bcee-81fc70bfec86','2024-01-15 07:10:23','00000000-0000-0000-0000-000000000000',NULL,NULL,0),('08dc1599-0aca-4870-806d-391f9e06fa23','Asociația Neurocare','2024-01-15 07:10:24','29545750-1407-49d8-bcee-81fc70bfec86','2024-01-15 07:10:23','00000000-0000-0000-0000-000000000000',NULL,NULL,0),('08dc1599-0acc-4b73-8259-f3bd3695dfb8','Societatea Română de Informatică Medicală (SRIM)','2024-01-15 07:10:24','29545750-1407-49d8-bcee-81fc70bfec86','2024-01-15 07:10:23','00000000-0000-0000-0000-000000000000',NULL,NULL,0),('08dc1599-0acd-403c-8269-8d4a9c24bf44','Asociația Societatea Română de Sindrom Lynch','2024-01-15 07:10:24','29545750-1407-49d8-bcee-81fc70bfec86','2024-01-15 07:10:23','00000000-0000-0000-0000-000000000000',NULL,NULL,0),('08dc1599-0acd-4460-8d00-9717155d7248','Societatea Română de Gastroenterologie, Hepatologie și Nutriție Pediatrică','2024-01-15 07:10:24','29545750-1407-49d8-bcee-81fc70bfec86','2024-01-15 07:10:23','00000000-0000-0000-0000-000000000000',NULL,NULL,0),('08dc1599-0acd-48b1-8ef0-3f751c6bbe05','Asociația de Chirurgie Endoscopică și Reconstructivă în Urologie (ACERU)','2024-01-15 07:10:24','29545750-1407-49d8-bcee-81fc70bfec86','2024-01-15 07:10:23','00000000-0000-0000-0000-000000000000',NULL,NULL,0),('08dc1599-0acd-4d48-81c2-59e87c2ec4a1','Institutul Clinic Fundeni','2024-01-15 07:10:24','29545750-1407-49d8-bcee-81fc70bfec86','2024-01-15 07:10:23','00000000-0000-0000-0000-000000000000',NULL,NULL,0),('08dc1599-0ace-4152-8312-13bb71ef79df','Asociația Societatea de Salvare București','2024-01-15 07:10:24','29545750-1407-49d8-bcee-81fc70bfec86','2024-01-15 07:10:23','00000000-0000-0000-0000-000000000000',NULL,NULL,0),('08dc1599-0ace-4612-895a-50b26b700629','Societatea Medicilor din Colectivităţile de Copii şi Tineri','2024-01-15 07:10:24','29545750-1407-49d8-bcee-81fc70bfec86','2024-01-15 07:10:23','00000000-0000-0000-0000-000000000000',NULL,NULL,0),('08dc1599-0ace-4a46-88f5-76270fc51c9c','Societatea de Obstetrică și Ginecologie din România','2024-01-15 07:10:24','29545750-1407-49d8-bcee-81fc70bfec86','2024-01-15 07:10:23','00000000-0000-0000-0000-000000000000',NULL,NULL,0),('08dc1599-0ace-4eac-8a69-a32ea98a3a37','Societatea Română de Pediatrie','2024-01-15 07:10:24','29545750-1407-49d8-bcee-81fc70bfec86','2024-01-15 07:10:23','00000000-0000-0000-0000-000000000000',NULL,NULL,0),('08dc1599-0acf-42f4-8958-64f1bb007e56','Societatea Română de Micologie Medicală și Micotoxicologie','2024-01-15 07:10:24','29545750-1407-49d8-bcee-81fc70bfec86','2024-01-15 07:10:23','00000000-0000-0000-0000-000000000000',NULL,NULL,0),('08dc1599-0acf-476e-8307-a4bcd5472cfa','Asociația de Endocrinologie Clinică din România','2024-01-15 07:10:24','29545750-1407-49d8-bcee-81fc70bfec86','2024-01-15 07:10:23','00000000-0000-0000-0000-000000000000',NULL,NULL,0),('08dc1599-0acf-4be7-8fed-85cec57316e6','Societatea Română de Radioterapie și Oncologie Medicală (SRROM)','2024-01-15 07:10:24','29545750-1407-49d8-bcee-81fc70bfec86','2024-01-15 07:10:23','00000000-0000-0000-0000-000000000000',NULL,NULL,0),('08dc1599-0acf-4ffb-8849-46d3f734753c','Asociația Societatea Română de Chirurgie Endovasculară și Terapie Valvulară Transcateter','2024-01-15 07:10:24','29545750-1407-49d8-bcee-81fc70bfec86','2024-01-15 07:10:23','00000000-0000-0000-0000-000000000000','2024-07-23 10:04:17',NULL,1),('08dc1599-0ad0-442e-84bf-d151d8eb294e','Societatea Română de Genetică Medicală - SRGM','2024-01-15 07:10:24','29545750-1407-49d8-bcee-81fc70bfec86','2024-01-15 07:10:23','00000000-0000-0000-0000-000000000000',NULL,NULL,0),('08dc1599-0ad0-489d-8e68-86e3117299bc','Asociația \"Societatea Română de Chirurgie Toracică 1994\"','2024-01-15 07:10:24','29545750-1407-49d8-bcee-81fc70bfec86','2024-01-15 07:10:23','00000000-0000-0000-0000-000000000000',NULL,NULL,0),('08dc1599-0ad0-4ced-8e3e-5b8aea0e0480','Societatea Română de Pediatrie Socială (SRPS)','2024-01-15 07:10:24','29545750-1407-49d8-bcee-81fc70bfec86','2024-01-15 07:10:23','00000000-0000-0000-0000-000000000000',NULL,NULL,0),('08dc1599-0ad1-4134-8060-c5b5540add2c','Societatea Română de Reumatologie Pediatrică','2024-01-15 07:10:24','29545750-1407-49d8-bcee-81fc70bfec86','2024-01-15 07:10:23','00000000-0000-0000-0000-000000000000',NULL,NULL,0),('08dc1599-0ad1-456f-8a04-33cc13dd3f68','Societatea de Neurologie și Psihiatrie a Copilului și Adolescentului din România (SNPCAR)','2024-01-15 07:10:24','29545750-1407-49d8-bcee-81fc70bfec86','2024-01-15 07:10:23','00000000-0000-0000-0000-000000000000',NULL,NULL,0),('08dc1599-0ad1-498f-8c8b-ad30153bd09f','Asociația Consultanților în Lactație din România','2024-01-15 07:10:24','29545750-1407-49d8-bcee-81fc70bfec86','2024-01-15 07:10:23','00000000-0000-0000-0000-000000000000',NULL,NULL,0),('08dc1599-0ad1-4d96-8589-09b90c6ec0e8','Societatea Română de Anestezie și Terapie Intensivă (SRATI)','2024-01-15 07:10:24','29545750-1407-49d8-bcee-81fc70bfec86','2024-01-15 07:10:23','00000000-0000-0000-0000-000000000000',NULL,NULL,0),('08dc1599-0ad2-4175-82e4-fbc3cfa43e68','Institutul de Medicină Legală din Cluj-Napoca','2024-01-15 07:10:24','29545750-1407-49d8-bcee-81fc70bfec86','2024-01-15 07:10:23','00000000-0000-0000-0000-000000000000',NULL,NULL,0),('08dc1599-0ad2-4550-828d-7ecc367bf0e3','Institutul Clinic de Urologie și Transplant Renal','2024-01-15 07:10:24','29545750-1407-49d8-bcee-81fc70bfec86','2024-01-15 07:10:23','00000000-0000-0000-0000-000000000000',NULL,NULL,0),('08dc1599-0ad2-4946-858c-8a08318e15d0','Societatea Română de Fiziologie','2024-01-15 07:10:24','29545750-1407-49d8-bcee-81fc70bfec86','2024-01-15 07:10:23','00000000-0000-0000-0000-000000000000',NULL,NULL,0),('08dc1599-0ad2-4d3c-88a0-12d6a384e1bc','Asociația \"Societatea Română de Transplant Medular\"','2024-01-15 07:10:24','29545750-1407-49d8-bcee-81fc70bfec86','2024-01-15 07:10:23','00000000-0000-0000-0000-000000000000',NULL,NULL,0),('08dc1599-0ad3-4134-84f5-c23272eabd98','Asociația Societatea de Endometrioză și Infertilitate Est Europeană','2024-01-15 07:10:24','29545750-1407-49d8-bcee-81fc70bfec86','2024-01-15 07:10:23','00000000-0000-0000-0000-000000000000',NULL,NULL,0),('08dc1599-0ad3-4516-84f9-bce0d21121d8','Asociației Societății Române de Chirurgie Endovasculară și Terapie Valvulară Transcateter','2024-01-15 07:10:24','29545750-1407-49d8-bcee-81fc70bfec86','2024-01-15 07:10:23','00000000-0000-0000-0000-000000000000',NULL,NULL,0),('08dc1599-0ad3-48ef-8565-449c0b2d3600','Societatea Română de Chirurgie Pediatrică','2024-01-15 07:10:24','29545750-1407-49d8-bcee-81fc70bfec86','2024-01-15 07:10:23','00000000-0000-0000-0000-000000000000',NULL,NULL,0),('08dc1599-0ad3-4ce6-89ab-151d28c4e627','Societatea Română de Medicină Fetală și Neonatală','2024-01-15 07:10:24','29545750-1407-49d8-bcee-81fc70bfec86','2024-01-15 07:10:23','00000000-0000-0000-0000-000000000000',NULL,NULL,0),('08dc1599-0ad4-413f-8828-dba9d6cab458','Asociația Medicilor Infecționiști, Epidemiologi și Microbiologi din Județul Constanța (AMIEM)','2024-01-15 07:10:24','29545750-1407-49d8-bcee-81fc70bfec86','2024-02-15 07:26:19','1ab3bfb8-ee56-4922-b546-c8b3eef992b5',NULL,NULL,0),('08dc1599-0ad4-459d-8335-e227f7f9fb67','Asociația Dermatologilor Transilvani','2024-01-15 07:10:24','29545750-1407-49d8-bcee-81fc70bfec86','2024-01-15 07:10:23','00000000-0000-0000-0000-000000000000',NULL,NULL,0),('08dc1599-0ad4-49c4-8622-1c4c7850d5bb','Societatea Română de Dermatologie','2024-01-15 07:10:24','29545750-1407-49d8-bcee-81fc70bfec86','2024-01-15 07:10:23','00000000-0000-0000-0000-000000000000',NULL,NULL,0),('08dc1599-0ad4-4dd1-82d2-abf58af659eb','Asociația Română de Lentile de Contact și Suprafață Oculară (RCLSO)','2024-01-15 07:10:24','29545750-1407-49d8-bcee-81fc70bfec86','2024-01-15 07:10:23','00000000-0000-0000-0000-000000000000',NULL,NULL,0),('08dc1599-0ad5-420b-8385-9ba86ed1c12b','Fundația pentru SMURD','2024-01-15 07:10:24','29545750-1407-49d8-bcee-81fc70bfec86','2024-01-15 07:10:23','00000000-0000-0000-0000-000000000000',NULL,NULL,0),('08dc1599-0ad5-4631-814b-279114979b93','Facultatea de Medicină a Universității de Vest \"Vasile Goldiș\" din Arad','2024-01-15 07:10:24','29545750-1407-49d8-bcee-81fc70bfec86','2024-01-15 07:10:23','00000000-0000-0000-0000-000000000000',NULL,NULL,0),('08dc1599-0ad5-4aa1-85ff-710db8b81c9e','Societatea Română de Psihoneuroendocrinologie RPNES','2024-01-15 07:10:24','29545750-1407-49d8-bcee-81fc70bfec86','2024-01-15 07:10:23','00000000-0000-0000-0000-000000000000',NULL,NULL,0),('08dc1599-0ad5-4ea9-8036-379372ec6d4d','Asociația Română de Anestezie Regională și Terapia Durerii (ARAR)','2024-01-15 07:10:24','29545750-1407-49d8-bcee-81fc70bfec86','2024-01-15 07:10:23','00000000-0000-0000-0000-000000000000',NULL,NULL,0),('08dc1599-0ad6-42ef-87a1-152afceb2b83','Societatea Română de Medicină Nucleară și Imagistică Moleculară','2024-01-15 07:10:24','29545750-1407-49d8-bcee-81fc70bfec86','2024-01-15 07:10:23','00000000-0000-0000-0000-000000000000',NULL,NULL,0),('08dc1599-0ad6-471c-8998-afd4cedf1d31','Societatea de Medicină Biopsihosocială','2024-01-15 07:10:24','29545750-1407-49d8-bcee-81fc70bfec86','2024-01-15 07:10:23','00000000-0000-0000-0000-000000000000',NULL,NULL,0),('08dc1599-0ad6-4b57-8587-abaf2b1677a6','Institutul Regional de Gastroenterologie Hepatologie \"Prof. Dr. Octavian Fodor\" Cluj-Napoca','2024-01-15 07:10:24','29545750-1407-49d8-bcee-81fc70bfec86','2024-01-15 07:10:23','00000000-0000-0000-0000-000000000000',NULL,NULL,0),('08dc1599-0ad6-4f7f-81f1-db26d95db732','Asociația Institutului Regional de Oncologie Iași','2024-01-15 07:10:24','29545750-1407-49d8-bcee-81fc70bfec86','2024-01-15 07:10:23','00000000-0000-0000-0000-000000000000',NULL,NULL,0),('08dc1599-0ad7-43cf-8951-439b69782a49','Societatea de Neuroradiologie și Radiologie Intervențională din România','2024-01-15 07:10:24','29545750-1407-49d8-bcee-81fc70bfec86','2024-01-15 07:10:23','00000000-0000-0000-0000-000000000000',NULL,NULL,0),('08dc1599-0ad7-4831-8fd6-833746713f8b','Asociația Transilvană de Medicina Muncii','2024-01-15 07:10:24','29545750-1407-49d8-bcee-81fc70bfec86','2024-01-15 07:10:23','00000000-0000-0000-0000-000000000000',NULL,NULL,0),('08dc1599-0ad7-4c6e-808a-8eaa55fb6498','Asociația Societatea Română de Hemostază și Tromboză','2024-01-15 07:10:24','29545750-1407-49d8-bcee-81fc70bfec86','2024-01-15 07:10:23','00000000-0000-0000-0000-000000000000',NULL,NULL,0),('08dc1599-0ad8-40c9-8429-0534d7cb1331','Asociația de Medicină Interdisciplinară','2024-01-15 07:10:24','29545750-1407-49d8-bcee-81fc70bfec86','2024-01-15 07:10:23','00000000-0000-0000-0000-000000000000',NULL,NULL,0),('08dc1599-0ad8-4517-86d0-b1e03634fece','Institutul Regional de Oncologie Iași','2024-01-15 07:10:24','29545750-1407-49d8-bcee-81fc70bfec86','2024-01-15 07:10:23','00000000-0000-0000-0000-000000000000',NULL,NULL,0),('08dc1599-0ad8-49a6-83aa-c63ecd19adf6','Asociația Societatea Română de Glaucom','2024-01-15 07:10:24','29545750-1407-49d8-bcee-81fc70bfec86','2024-01-15 07:10:23','00000000-0000-0000-0000-000000000000',NULL,NULL,0),('08dc159d-457a-44c4-8963-63140d2145ad','Colegiul Medicilor Alba','2024-01-15 07:40:40','29545750-1407-49d8-bcee-81fc70bfec86','2024-01-15 07:40:40','00000000-0000-0000-0000-000000000000',NULL,NULL,0),('08dc159d-457a-4b55-88bf-3f021aee8a85','Colegiul Medicilor Arad','2024-01-15 07:40:40','29545750-1407-49d8-bcee-81fc70bfec86','2024-01-15 07:40:40','00000000-0000-0000-0000-000000000000',NULL,NULL,0),('08dc159d-457b-41ff-8784-07ef46a4215d','Colegiul Medicilor Argeș','2024-01-15 07:40:40','29545750-1407-49d8-bcee-81fc70bfec86','2024-01-15 07:40:40','00000000-0000-0000-0000-000000000000',NULL,NULL,0),('08dc159d-457b-4760-86dc-e3603d110491','Colegiul Medicilor Bacău','2024-01-15 07:40:40','29545750-1407-49d8-bcee-81fc70bfec86','2024-01-15 07:40:40','00000000-0000-0000-0000-000000000000',NULL,NULL,0),('08dc159d-457b-4cce-8693-2321ba085916','Colegiul Medicilor Bihor','2024-01-15 07:40:40','29545750-1407-49d8-bcee-81fc70bfec86','2024-01-15 07:40:40','00000000-0000-0000-0000-000000000000',NULL,NULL,0),('08dc159d-457c-4215-83d2-9392c6ac202f','Colegiul Medicilor Bistrița-Năsăud','2024-01-15 07:40:40','29545750-1407-49d8-bcee-81fc70bfec86','2024-01-15 11:02:36','29545750-1407-49d8-bcee-81fc70bfec86',NULL,NULL,0),('08dc159d-457c-4782-82f9-7c8b05f516c4','Colegiul Medicilor Botoșani','2024-01-15 07:40:40','29545750-1407-49d8-bcee-81fc70bfec86','2024-01-15 07:40:40','00000000-0000-0000-0000-000000000000',NULL,NULL,0),('08dc159d-457c-4d7f-8aea-339e86942d2c','Colegiul Medicilor Brăila','2024-01-15 07:40:40','29545750-1407-49d8-bcee-81fc70bfec86','2024-01-15 07:40:40','00000000-0000-0000-0000-000000000000',NULL,NULL,0),('08dc159d-457d-42e7-8650-ed25a68aa220','Colegiul Medicilor Brașov','2024-01-15 07:40:40','29545750-1407-49d8-bcee-81fc70bfec86','2024-01-15 07:40:40','00000000-0000-0000-0000-000000000000',NULL,NULL,0),('08dc159d-457d-4868-8a77-01fa078a068c','Colegiul Medicilor din Municipiul București','2024-01-15 07:40:40','29545750-1407-49d8-bcee-81fc70bfec86','2024-01-15 07:40:40','00000000-0000-0000-0000-000000000000',NULL,NULL,0),('08dc159d-457d-4d9c-8b59-fefc472c189f','Colegiul Medicilor Buzău','2024-01-15 07:40:40','29545750-1407-49d8-bcee-81fc70bfec86','2024-01-15 07:40:40','00000000-0000-0000-0000-000000000000',NULL,NULL,0),('08dc159d-457e-435e-81cf-1176a389a05a','Colegiul Medicilor Călărași','2024-01-15 07:40:40','29545750-1407-49d8-bcee-81fc70bfec86','2024-01-15 07:40:40','00000000-0000-0000-0000-000000000000',NULL,NULL,0),('08dc159d-457e-48fd-87e1-142dac1c357d','Colegiul Medicilor Caraș-Severin','2024-01-15 07:40:40','29545750-1407-49d8-bcee-81fc70bfec86','2024-01-15 07:40:40','00000000-0000-0000-0000-000000000000',NULL,NULL,0),('08dc159d-457e-4e76-81be-d8b8be3545d0','Colegiul Medicilor Cluj','2024-01-15 07:40:40','29545750-1407-49d8-bcee-81fc70bfec86','2024-01-15 07:40:40','00000000-0000-0000-0000-000000000000',NULL,NULL,0),('08dc159d-457f-4403-8d90-1498330558f9','Colegiul Medicilor Constanța','2024-01-15 07:40:40','29545750-1407-49d8-bcee-81fc70bfec86','2024-01-15 07:40:40','00000000-0000-0000-0000-000000000000',NULL,NULL,0),('08dc159d-457f-49fe-8934-ba79c55bbc8f','Colegiul Medicilor Covasna','2024-01-15 07:40:40','29545750-1407-49d8-bcee-81fc70bfec86','2024-01-15 07:40:40','00000000-0000-0000-0000-000000000000',NULL,NULL,0),('08dc159d-4580-4011-8659-f8f038d81fa5','Colegiul Medicilor Dâmbovița','2024-01-15 07:40:40','29545750-1407-49d8-bcee-81fc70bfec86','2024-01-15 07:40:40','00000000-0000-0000-0000-000000000000',NULL,NULL,0),('08dc159d-4580-45f7-8b86-2f914bcd5ed5','Colegiul Medicilor Dolj','2024-01-15 07:40:40','29545750-1407-49d8-bcee-81fc70bfec86','2024-01-15 07:40:40','00000000-0000-0000-0000-000000000000',NULL,NULL,0),('08dc159d-4580-4b8c-8ba2-caf2ab642b94','Colegiul Medicilor Galați','2024-01-15 07:40:40','29545750-1407-49d8-bcee-81fc70bfec86','2024-01-15 07:40:40','00000000-0000-0000-0000-000000000000',NULL,NULL,0),('08dc159d-4581-4134-81ac-14b46187d992','Colegiul Medicilor Giurgiu','2024-01-15 07:40:40','29545750-1407-49d8-bcee-81fc70bfec86','2024-01-15 07:40:40','00000000-0000-0000-0000-000000000000',NULL,NULL,0),('08dc159d-4581-46df-8469-2f2d13e2e784','Colegiul Medicilor Gorj','2024-01-15 07:40:40','29545750-1407-49d8-bcee-81fc70bfec86','2024-01-15 07:40:40','00000000-0000-0000-0000-000000000000',NULL,NULL,0),('08dc159d-4581-4ccc-8940-9b7c726c3475','Colegiul Teritorial al Medicilor Harghita','2024-01-15 07:40:40','29545750-1407-49d8-bcee-81fc70bfec86','2024-01-15 07:40:40','00000000-0000-0000-0000-000000000000',NULL,NULL,0),('08dc159d-4582-428b-8e29-31705004634f','Colegiul Medicilor Hunedoara','2024-01-15 07:40:40','29545750-1407-49d8-bcee-81fc70bfec86','2024-01-15 07:40:40','00000000-0000-0000-0000-000000000000',NULL,NULL,0),('08dc159d-4582-481e-8b58-83794259fc28','Colegiul Medicilor Ialomița','2024-01-15 07:40:40','29545750-1407-49d8-bcee-81fc70bfec86','2024-01-15 07:40:40','00000000-0000-0000-0000-000000000000',NULL,NULL,0),('08dc159d-4582-4e1e-83c5-62980386620b','Colegiul Medicilor Iași','2024-01-15 07:40:40','29545750-1407-49d8-bcee-81fc70bfec86','2024-01-15 07:40:40','00000000-0000-0000-0000-000000000000',NULL,NULL,0),('08dc159d-4583-4408-895f-7ecbb98dbdc7','Colegiul Medicilor Ilfov','2024-01-15 07:40:40','29545750-1407-49d8-bcee-81fc70bfec86','2024-01-15 07:40:40','00000000-0000-0000-0000-000000000000',NULL,NULL,0),('08dc159d-4583-49ec-87a2-5c87651ae070','Colegiul Medicilor Maramureș','2024-01-15 07:40:40','29545750-1407-49d8-bcee-81fc70bfec86','2024-01-15 07:40:40','00000000-0000-0000-0000-000000000000',NULL,NULL,0),('08dc159d-4583-4fd8-8bf6-21c5fd3bd473','Colegiul Medicilor Mehedinți','2024-01-15 07:40:40','29545750-1407-49d8-bcee-81fc70bfec86','2024-01-15 07:40:40','00000000-0000-0000-0000-000000000000',NULL,NULL,0),('08dc159d-4584-45b3-8ccc-932e6bc2abf0','Colegiul Medicilor Mureș','2024-01-15 07:40:40','29545750-1407-49d8-bcee-81fc70bfec86','2024-01-15 07:40:40','00000000-0000-0000-0000-000000000000',NULL,NULL,0),('08dc159d-4584-4b96-869e-25158c96ceeb','Colegiul Medicilor Neamț','2024-01-15 07:40:40','29545750-1407-49d8-bcee-81fc70bfec86','2024-01-15 07:40:40','00000000-0000-0000-0000-000000000000',NULL,NULL,0),('08dc159d-4585-4154-85fb-8eaeb4980ddc','Colegiul Medicilor Olt','2024-01-15 07:40:40','29545750-1407-49d8-bcee-81fc70bfec86','2024-01-15 07:40:40','00000000-0000-0000-0000-000000000000',NULL,NULL,0),('08dc159d-4585-46fb-8e29-00593748bf1d','Colegiul Medicilor Prahova','2024-01-15 07:40:40','29545750-1407-49d8-bcee-81fc70bfec86','2024-01-15 07:40:40','00000000-0000-0000-0000-000000000000',NULL,NULL,0),('08dc159d-4585-4c9e-89af-294afb9cc0fa','Colegiul Medicilor Sălaj','2024-01-15 07:40:40','29545750-1407-49d8-bcee-81fc70bfec86','2024-01-15 07:40:40','00000000-0000-0000-0000-000000000000',NULL,NULL,0),('08dc159d-4586-4325-8ca9-b98b7ef12979','Colegiul Medicilor Satu Mare','2024-01-15 07:40:40','29545750-1407-49d8-bcee-81fc70bfec86','2024-01-15 07:40:40','00000000-0000-0000-0000-000000000000',NULL,NULL,0),('08dc159d-4586-48f6-8298-94bd8e79bff5','Colegiul Medicilor Sibiu','2024-01-15 07:40:40','29545750-1407-49d8-bcee-81fc70bfec86','2024-01-15 07:40:40','00000000-0000-0000-0000-000000000000',NULL,NULL,0),('08dc159d-4586-4e79-8982-d773d94b364a','Colegiul Medicilor Suceava','2024-01-15 07:40:40','29545750-1407-49d8-bcee-81fc70bfec86','2024-01-15 07:40:40','00000000-0000-0000-0000-000000000000',NULL,NULL,0),('08dc159d-4587-443f-8cc9-88c01aadf851','Colegiul Medicilor Teleorman','2024-01-15 07:40:40','29545750-1407-49d8-bcee-81fc70bfec86','2024-01-15 07:40:40','00000000-0000-0000-0000-000000000000',NULL,NULL,0),('08dc159d-4587-4a32-83ea-a948235228a6','Colegiul Medicilor Timiș','2024-01-15 07:40:40','29545750-1407-49d8-bcee-81fc70bfec86','2024-01-15 07:40:40','00000000-0000-0000-0000-000000000000',NULL,NULL,0),('08dc159d-4588-401c-8ee5-b38e34af4dbe','Colegiul Medicilor Tulcea','2024-01-15 07:40:40','29545750-1407-49d8-bcee-81fc70bfec86','2024-01-15 07:40:40','00000000-0000-0000-0000-000000000000',NULL,NULL,0),('08dc159d-4588-4564-8f29-b4edc080435f','Colegiul Medicilor Vaslui','2024-01-15 07:40:40','29545750-1407-49d8-bcee-81fc70bfec86','2024-01-15 07:40:40','00000000-0000-0000-0000-000000000000',NULL,NULL,0),('08dc159d-4588-4ad2-8497-c47f9c3d7363','Colegiul Medicilor Vâlcea','2024-01-15 07:40:40','29545750-1407-49d8-bcee-81fc70bfec86','2024-01-15 07:40:40','00000000-0000-0000-0000-000000000000',NULL,NULL,0),('08dc159d-4589-40b0-828c-ac66b007e328','Colegiul Medicilor Vrancea','2024-01-15 07:40:40','29545750-1407-49d8-bcee-81fc70bfec86','2024-01-15 07:40:40','00000000-0000-0000-0000-000000000000',NULL,NULL,0),('08dc180e-a86d-4c5d-897a-939a68ecc844','Asociația pentru Anestezie Terapie Intensivă \"Aurel Mogoșeanu\"','2024-01-18 10:17:21','29545750-1407-49d8-bcee-81fc70bfec86','2024-01-18 10:17:21','00000000-0000-0000-0000-000000000000',NULL,NULL,0),('08dc8607-f2bc-4735-8f16-70820ef2663f','Cuptorul cu Lemne SRL','2024-06-06 09:06:28','44b1569c-381a-49de-9009-e919f80b1aa8','2024-06-06 09:06:27','00000000-0000-0000-0000-000000000000',NULL,NULL,0),('0c5260e2-809a-4904-9b50-58403cd67b0f','Asociația Romtransplant','2024-08-22 09:10:14','1ab3bfb8-ee56-4922-b546-c8b3eef992b5','2024-08-22 09:10:14','00000000-0000-0000-0000-000000000000',NULL,NULL,0),('0e2349af-06b6-43fe-a8dd-89e10da69cf7','13 Travel Star Light SRL','2024-06-06 09:12:29','44b1569c-381a-49de-9009-e919f80b1aa8','2024-06-06 09:12:28','00000000-0000-0000-0000-000000000000',NULL,NULL,0),('11c543c6-b0bb-4c4e-9e90-ee295b1d5802','Fundația Vilas','2024-05-22 08:23:46','1ab3bfb8-ee56-4922-b546-c8b3eef992b5','2024-05-22 08:23:45','00000000-0000-0000-0000-000000000000',NULL,NULL,0),('1e3c24ce-626c-4b50-b85e-7a5719b3eff9','test','2024-01-03 12:51:58','4b352b37-332a-40c6-ab05-e38fcf109719','2024-01-03 12:51:58','00000000-0000-0000-0000-000000000000','2024-01-03 13:12:29','4b352b37-332a-40c6-ab05-e38fcf109719',1),('23bee083-bfdf-4b54-80b1-aa4833d0712e','Asociația pentru Anestezie Terapie Intensivă \"Aurel Mogoșeanu\"','2024-01-15 11:13:07','1ab3bfb8-ee56-4922-b546-c8b3eef992b5','2024-01-15 11:13:07','00000000-0000-0000-0000-000000000000','2024-01-18 10:13:05','29545750-1407-49d8-bcee-81fc70bfec86',1),('25de6f92-701b-4df0-836d-14425eaa1c0f','Societatea Română de Oftalmologie','2024-03-07 05:08:24','1ab3bfb8-ee56-4922-b546-c8b3eef992b5','2024-03-07 05:08:23','00000000-0000-0000-0000-000000000000',NULL,NULL,0),('261a28ea-b96f-4829-a750-75afa9ed445d','CN Posta Romana SA','2024-03-19 05:45:38','44b1569c-381a-49de-9009-e919f80b1aa8','2024-03-19 05:45:37','00000000-0000-0000-0000-000000000000',NULL,NULL,0),('28ba9f9a-68ef-4992-8857-182e614a4a0e','Societatea Română de Ultrasonografie în Medicină și Biologie (S.R.U.M.B.)','2024-01-26 08:44:06','1ab3bfb8-ee56-4922-b546-c8b3eef992b5','2024-01-26 08:44:06','00000000-0000-0000-0000-000000000000',NULL,NULL,0),('2a00d9a2-90ce-46a3-abaf-9dea07df4d36','Asociația de Anestezie și Terapie Intensivă \"HYPNOS\"','2024-04-01 09:32:16','1ab3bfb8-ee56-4922-b546-c8b3eef992b5','2024-04-01 09:32:15','00000000-0000-0000-0000-000000000000',NULL,NULL,0),('2ac60bd7-aad4-4440-99f0-aee7789c83cc','Societatea Română de Human Papillomavirus (SR-HPV)','2024-01-18 08:50:54','4ff9f18c-a322-40b6-a7bb-e4414ab3ec2d','2024-01-18 08:50:53','00000000-0000-0000-0000-000000000000',NULL,NULL,0),('2c4a1d47-e282-4cfe-a637-6595ebbacfc9','Asociația Medicală de Învățământ în Cardiologie Intervențională - AMICI','2024-02-16 10:02:36','1ab3bfb8-ee56-4922-b546-c8b3eef992b5','2024-02-16 10:02:36','00000000-0000-0000-0000-000000000000',NULL,NULL,0),('308b1de5-32ae-4ef4-b771-649e706230df','Asociația \"Societatea Rom\"','2024-07-04 12:04:10','1ab3bfb8-ee56-4922-b546-c8b3eef992b5','2024-07-04 12:04:09','00000000-0000-0000-0000-000000000000','2024-07-04 12:04:26',NULL,1),('313d2f60-1060-4ad8-8325-18fcdb64bb09','Asociația pentru Ortopedie și Traumatologie Pediatrică','2024-04-26 07:27:37','1ab3bfb8-ee56-4922-b546-c8b3eef992b5','2024-04-26 07:27:37','00000000-0000-0000-0000-000000000000',NULL,NULL,0),('343bb009-1c2f-44c4-9a41-9d4dce2815ca','Asociația Medisprof','2024-08-20 09:41:46','1ab3bfb8-ee56-4922-b546-c8b3eef992b5','2024-08-20 09:41:46','00000000-0000-0000-0000-000000000000',NULL,NULL,0),('3bbd74a5-9900-4c75-a09e-ba9288a1f242','S.C. Fin Watch SRL','2024-02-01 12:18:55','1ab3bfb8-ee56-4922-b546-c8b3eef992b5','2024-02-01 12:18:55','00000000-0000-0000-0000-000000000000',NULL,NULL,0),('45d80b5d-6149-445d-8074-7a62bbf131e5','Dante International SRL','2024-06-06 09:11:37','44b1569c-381a-49de-9009-e919f80b1aa8','2024-06-06 09:11:37','00000000-0000-0000-0000-000000000000',NULL,NULL,0),('45eb83fb-83f7-4d90-ac9b-b9461acc8dd2','Societatea Națională de ORL Pediatrie','2024-08-19 11:42:23','1ab3bfb8-ee56-4922-b546-c8b3eef992b5','2024-08-19 11:42:23','00000000-0000-0000-0000-000000000000',NULL,NULL,0),('561f71b4-52fc-4608-a613-1d4bb7e40352','Serviciul Juridic','2024-03-12 06:26:48','07e987f2-35dd-405c-ad57-7863c978b7d8','2024-03-12 06:27:37','07e987f2-35dd-405c-ad57-7863c978b7d8',NULL,NULL,0),('5ebadbce-6b42-4316-a240-1cea3483a0cf','Nei Divizia de Securitate SRL','2024-06-06 09:07:47','44b1569c-381a-49de-9009-e919f80b1aa8','2024-06-06 09:07:46','00000000-0000-0000-0000-000000000000',NULL,NULL,0),('600c8d5b-5c5b-452b-a6e9-070cde1ccb60','Cumpana 1993 SRL','2024-06-06 09:09:57','44b1569c-381a-49de-9009-e919f80b1aa8','2024-06-06 09:09:56','00000000-0000-0000-0000-000000000000',NULL,NULL,0),('615bed82-f1d2-4725-828f-9b2b960b8cbe','Fundația “Institutul Est European de Sănătate a Reproducerii” (IEESR)','2024-06-14 07:15:55','1ab3bfb8-ee56-4922-b546-c8b3eef992b5','2024-06-14 07:15:55','00000000-0000-0000-0000-000000000000',NULL,NULL,0),('6d1b3b1c-a755-485a-b184-0220128e3b33','Societatea Română de Chirurgie Orală și Maxilo-Facială','2024-05-13 11:41:06','1ab3bfb8-ee56-4922-b546-c8b3eef992b5','2024-05-13 11:41:06','00000000-0000-0000-0000-000000000000',NULL,NULL,0),('74b76f58-8f9a-46f2-a7a6-c8cf51066f62','Arhivatorul BY VTM SRL','2024-02-23 08:56:36','56e64068-b85d-4561-afe6-b08c8afa79bb','2024-02-23 08:56:35','00000000-0000-0000-0000-000000000000',NULL,NULL,0),('7824a2f1-634f-43db-91ae-bbd36456c2c7','SC Fips Prest SRL','2024-06-06 09:08:54','44b1569c-381a-49de-9009-e919f80b1aa8','2024-06-06 09:08:54','00000000-0000-0000-0000-000000000000',NULL,NULL,0),('7a1c5298-6298-4778-800e-b08586507c2a','CSD','2024-03-12 06:26:01','07e987f2-35dd-405c-ad57-7863c978b7d8','2024-03-12 06:26:01','00000000-0000-0000-0000-000000000000',NULL,NULL,0),('8267113d-f7e5-4312-aedf-7e7ed601eaca','Institutul Naţional de Cercetare-Dezvoltare pentru Microbiologie şi Imunologie Cantacuzino','2024-05-13 11:23:28','1ab3bfb8-ee56-4922-b546-c8b3eef992b5','2024-05-13 11:23:28','00000000-0000-0000-0000-000000000000',NULL,NULL,0),('8c07f4bc-2e40-4226-b787-b8fcaf8a8587','Academia de Boli Neuromusculare','2024-01-25 11:29:14','4ff9f18c-a322-40b6-a7bb-e4414ab3ec2d','2024-01-25 11:29:13','00000000-0000-0000-0000-000000000000',NULL,NULL,0),('92c05dbd-187f-4521-929d-149820d065cd','Asociația Medicilor Dermatovenerologi Militari','2024-02-07 10:12:15','1ab3bfb8-ee56-4922-b546-c8b3eef992b5','2024-02-07 10:12:15','00000000-0000-0000-0000-000000000000',NULL,NULL,0),('93fbeeea-b11b-4ebf-a6ef-86bf429aad44','MediadomExpress SRL','2024-02-21 09:46:56','1ab3bfb8-ee56-4922-b546-c8b3eef992b5','2024-02-21 09:46:56','00000000-0000-0000-0000-000000000000',NULL,NULL,0),('98cd1d99-141b-4c32-9a0e-893e549c3cc3','Colegiul Medicilor din România CMR','2024-01-17 09:15:05','5ac06dde-0112-44d1-b32c-09532cdfe9dc','2024-02-15 12:31:43','bab0c406-fb70-48c3-9510-90fff2904753',NULL,NULL,0),('9e60fe8d-7ea1-4023-aeb5-251c95f2dda5','Fundația Medis','2024-02-22 13:51:34','1ab3bfb8-ee56-4922-b546-c8b3eef992b5','2024-02-22 13:51:33','00000000-0000-0000-0000-000000000000',NULL,NULL,0),('a65bb309-c294-41c7-9a7d-a06f5e2b09a2','Societatea Română de Neurochirurgie','2024-02-06 14:19:22','1ab3bfb8-ee56-4922-b546-c8b3eef992b5','2024-02-06 14:19:21','00000000-0000-0000-0000-000000000000',NULL,NULL,0),('a6f58d0a-8be2-4a57-84cd-4f4a72acf467','Ministerul Sănătății','2024-01-16 13:51:35','1ab3bfb8-ee56-4922-b546-c8b3eef992b5','2024-01-16 13:51:34','00000000-0000-0000-0000-000000000000',NULL,NULL,0),('b1f1c68c-c9ce-4f51-93e7-7b6a326013b9','ENGIE','2024-06-06 09:06:52','44b1569c-381a-49de-9009-e919f80b1aa8','2024-06-06 09:06:52','00000000-0000-0000-0000-000000000000',NULL,NULL,0),('b26702d0-f1bf-4e02-b40e-1101ed4074d5','Societatea Română de Epidemiologie','2024-07-04 11:55:52','1ab3bfb8-ee56-4922-b546-c8b3eef992b5','2024-07-04 11:55:52','00000000-0000-0000-0000-000000000000','2024-07-04 12:03:14',NULL,1),('b38de811-893d-47ae-9fec-b627580e1c1e','Romania Hypermarche SA','2024-03-19 05:46:02','44b1569c-381a-49de-9009-e919f80b1aa8','2024-03-19 05:46:01','00000000-0000-0000-0000-000000000000',NULL,NULL,0),('bc55f53b-148b-4489-b0ec-b66f9a256f96','Societatea de Neuropatie Diabetică','2024-04-24 09:21:55','1ab3bfb8-ee56-4922-b546-c8b3eef992b5','2024-04-24 09:21:55','00000000-0000-0000-0000-000000000000',NULL,NULL,0),('bf9e6ae3-f31d-48df-a518-d781391b444a','Asociația Chirurgilor Plasticieni din România (ACPR)','2024-09-02 06:02:29','1ab3bfb8-ee56-4922-b546-c8b3eef992b5','2024-09-02 06:02:29','00000000-0000-0000-0000-000000000000',NULL,NULL,0),('c7b5aaa9-d6b4-41e8-9c65-14ffdee3d74c','Asociaţia Judeţeană a Medicilor Generalişti Suceava','2024-06-13 09:09:54','1ab3bfb8-ee56-4922-b546-c8b3eef992b5','2024-06-13 09:09:54','00000000-0000-0000-0000-000000000000','2024-06-28 09:56:16',NULL,1),('cb910108-61d8-41a6-97c6-a235942860aa','Asociația Dermatologilor din Moldova','2024-06-10 07:48:49','1ab3bfb8-ee56-4922-b546-c8b3eef992b5','2024-06-10 07:48:49','00000000-0000-0000-0000-000000000000',NULL,NULL,0),('cf29b6c9-4228-4d68-b3ee-4e11b2a45781','Nestle Romania SRL','2024-06-06 09:10:59','44b1569c-381a-49de-9009-e919f80b1aa8','2024-06-06 09:10:59','00000000-0000-0000-0000-000000000000',NULL,NULL,0),('cf34eaf9-2b58-4e5c-ac2a-f0a910613883','Editura Medicală Amaltea','2024-03-04 08:06:08','1ab3bfb8-ee56-4922-b546-c8b3eef992b5','2024-03-04 08:06:08','00000000-0000-0000-0000-000000000000',NULL,NULL,0),('d9ffe936-a9c9-4c38-bcb5-27e2641a7585','Societatea Română de Reabilitare Medicală (SRRM)','2024-05-13 11:11:46','1ab3bfb8-ee56-4922-b546-c8b3eef992b5','2024-05-13 11:11:46','00000000-0000-0000-0000-000000000000',NULL,NULL,0),('e4601b05-0e4d-4fce-92c5-0737d61543c0','Asociaţia Judeţeană a Medicilor de Familie/Medicină Generală Suceava','2024-06-28 09:57:08','1ab3bfb8-ee56-4922-b546-c8b3eef992b5','2024-06-28 09:57:08','00000000-0000-0000-0000-000000000000',NULL,NULL,0),('e76902e2-b6d6-4f46-8713-85a0b2e0873d','SC Fan Courier Express SRL','2024-03-19 05:47:33','44b1569c-381a-49de-9009-e919f80b1aa8','2024-03-19 05:47:33','00000000-0000-0000-0000-000000000000',NULL,NULL,0),('e8da9632-82c4-41e3-a555-d2ecebec5149','Editura Medicală S.A.','2024-02-28 07:58:24','1ab3bfb8-ee56-4922-b546-c8b3eef992b5','2024-02-28 07:58:24','00000000-0000-0000-0000-000000000000',NULL,NULL,0),('f4a351f8-9fda-4b38-9177-7c5461fd63f3','Asociația Profesioniștilor din Somnologie','2024-09-06 06:14:01','1ab3bfb8-ee56-4922-b546-c8b3eef992b5','2024-09-06 06:14:01','00000000-0000-0000-0000-000000000000',NULL,NULL,0),('f6dcd74b-ffc8-400e-9fce-3191c30a40fe','Societatea de Medicină de Familie Iași','2024-03-04 13:18:08','4ff9f18c-a322-40b6-a7bb-e4414ab3ec2d','2024-03-04 13:18:07','00000000-0000-0000-0000-000000000000',NULL,NULL,0),('fa285c00-fe76-4f7d-941c-d00e08f51eeb','Societatea Română de Dermato-oncologie (SRDO)','2024-01-15 11:42:00','1ab3bfb8-ee56-4922-b546-c8b3eef992b5','2024-01-15 11:42:00','00000000-0000-0000-0000-000000000000',NULL,NULL,0),('ffba91fa-23ff-4eea-a7ea-f71e5f81d00f','Persoană fizică','2024-01-17 08:08:38','5ac06dde-0112-44d1-b32c-09532cdfe9dc','2024-01-17 08:08:38','00000000-0000-0000-0000-000000000000',NULL,NULL,0);

--
